{"id":1069,"date":"2017-06-01T12:53:27","date_gmt":"2017-06-01T10:53:27","guid":{"rendered":"http:\/\/ops.radlin.pl\/ops\/?page_id=1069"},"modified":"2023-12-06T08:16:36","modified_gmt":"2023-12-06T07:16:36","slug":"rejony","status":"publish","type":"page","link":"https:\/\/ops.radlin.pl\/ops\/rejony\/","title":{"rendered":"Rejony pracownik\u00f3w socjalnych"},"content":{"rendered":"\n<p>Pracownicy socjalni przyjmuj\u0105 klient\u00f3w od poniedzia\u0142ku do pi\u0105tku w godz.\u00a0<strong>8:00<\/strong> &#8211;\u00a0<strong>10:00<\/strong> po czym rozpoczynaj\u0105 prac\u0119 w terenie. Ponadto codziennie jeden z pracownik\u00f3w socjalnych pe\u0142ni dy\u017cur w godzinach podanych w poni\u017cszej tabeli:<\/p>\n\n\n\n<div style=\"height:30px\" aria-hidden=\"true\" class=\"wp-block-spacer\"><\/div>\n\n\n\n<table id=\"tablepress-25\" class=\"tablepress tablepress-id-25\">\n<thead>\n<tr class=\"row-1\">\n\t<th class=\"column-1\">Dzie\u0144 tygodnia<\/th><th class=\"column-2\">Wszyscy pracownicy socjalni<\/th><th class=\"column-3\">Pracownik socjalny na dy\u017curze<\/th>\n<\/tr>\n<\/thead>\n<tbody class=\"row-striping row-hover\">\n<tr class=\"row-2\">\n\t<td class=\"column-1\">Poniedzia\u0142ek<\/td><td class=\"column-2\">08:00-10:00<\/td><td class=\"column-3\">08:00-15:30<\/td>\n<\/tr>\n<tr class=\"row-3\">\n\t<td class=\"column-1\">Wtorek<\/td><td class=\"column-2\">08:00-10:00<\/td><td class=\"column-3\">08:00-17:00<\/td>\n<\/tr>\n<tr class=\"row-4\">\n\t<td class=\"column-1\">\u015aroda<\/td><td class=\"column-2\">08:00-10:00<\/td><td class=\"column-3\">08:00-15:30<\/td>\n<\/tr>\n<tr class=\"row-5\">\n\t<td class=\"column-1\">Czwartek<\/td><td class=\"column-2\">08:00-10:00<\/td><td class=\"column-3\">08:00-15:30<\/td>\n<\/tr>\n<tr class=\"row-6\">\n\t<td class=\"column-1\">Pi\u0105tek<\/td><td class=\"column-2\">08:00-10:00<\/td><td class=\"column-3\">08:00-14:00<\/td>\n<\/tr>\n<\/tbody>\n<\/table>\n<!-- #tablepress-25 from cache -->\n\n\n<div style=\"height:30px\" aria-hidden=\"true\" class=\"wp-block-spacer\"><\/div>\n\n\n\n<p>Pracownicy socjalni O\u015brodka Pomocy Spo\u0142ecznej przyjmuj\u0105 klient\u00f3w wed\u0142ug miejsca zamieszkania:<\/p>\n\n\n\n<div style=\"height:30px\" aria-hidden=\"true\" class=\"wp-block-spacer\"><\/div>\n\n\n\n<table id=\"tablepress-24\" class=\"tablepress tablepress-id-24\">\n<thead>\n<tr class=\"row-1\">\n\t<th colspan=\"2\" class=\"column-1\"><p style=\"text-align: center;\">Rejony pracownik\u00f3w socjalnych<br \/>\nw O\u015brodku Pomocy Spo\u0142ecznej w Radlinie<\/p><\/th>\n<\/tr>\n<\/thead>\n<tbody class=\"row-striping row-hover\">\n<tr class=\"row-2\">\n\t<td class=\"column-1\"><h3><strong>Ewa Gajda<\/strong><\/h3><br \/>\n<strong>Stanowisko:<\/strong><br \/>\nPracownik socjalny<\/td><td class=\"column-2\">Chrobrego<br \/>\nG\u0142ogowa<br \/>\nG\u0142o\u017cy\u0144ska<br \/>\nGrabowa<br \/>\nIrysowa<br \/>\nJa\u0142owcowa<br \/>\nJa\u015bminowa<br \/>\nJaworowa<br \/>\nKasztanowa<br \/>\nKominka<br \/>\nMiarki<br \/>\nModrzewiowa<br \/>\nNa\u0142kowskiej<br \/>\nNowa<br \/>\nOrkana<br \/>\nPolna<br \/>\nReymonta<br \/>\nRymera<br \/>\nS\u0142owackiego<br \/>\nSosnowa<br \/>\n\u015awierkowa<br \/>\nWawrzy\u0144czyka<br \/>\nWierzbowa<\/td>\n<\/tr>\n<tr class=\"row-3\">\n\t<td class=\"column-1\"><h3><strong>Ewa Szymura<\/strong><\/h3><br \/>\n<strong>Stanowisko:<\/strong><br \/>\nStarszy specjalista pracy socjalnej<\/td><td class=\"column-2\">Czecha<br \/>\nDomeyki<br \/>\nHallera<br \/>\nKr\u00f3tka<br \/>\nMatejki<br \/>\nM\u0142y\u0144ska<br \/>\nNarutowicza<br \/>\nPocztowa<br \/>\nPuszkina<br \/>\nRydu\u0142towska<br \/>\nSokolska<br \/>\nSpacerowa<br \/>\nWiosenna<br \/>\nWypand\u00f3w<br \/>\nZapolskiej<\/td>\n<\/tr>\n<tr class=\"row-4\">\n\t<td class=\"column-1\"><h3><strong>Micha\u0142 Kowalik<\/strong><\/h3><br \/>\n<strong>Stanowisko:<\/strong><br \/>\nPracownik socjalny<\/td><td class=\"column-2\">Dworcowa<br \/>\nHubalczyk\u00f3w<br \/>\nHutnicza<br \/>\nMiel\u0119ckiego (13-18)<br \/>\nMiko\u0142ajczyka<br \/>\nRybnicka<br \/>\nSkaut\u00f3w<br \/>\nUjejskiego<br \/>\nWantu\u0142y<br \/>\nWieczorka<br \/>\nWiosny Lud\u00f3w<\/td>\n<\/tr>\n<tr class=\"row-5\">\n\t<td class=\"column-1\"><h3><strong>Sylwia Kuczera<\/strong><\/h3><br \/>\n<strong>Stanowisko:<\/strong><br \/>\nSpecjalista pracy socjalnej<\/td><td class=\"column-2\">Cmentarna<br \/>\nDamrota<br \/>\nKorfantego<br \/>\nKwiatowa<br \/>\nLompy<br \/>\nMakuszy\u0144skiego<br \/>\nMalinowa<br \/>\nNapierskiego<br \/>\nOdleg\u0142a<br \/>\nPrzyja\u017ani<br \/>\nRogozina<br \/>\nSienkiewicza<br \/>\nSolskiego<br \/>\nStalmacha<br \/>\n\u015aciegiennego<br \/>\nWolno\u015bci<br \/>\nWrzosowa<\/td>\n<\/tr>\n<tr class=\"row-6\">\n\t<td class=\"column-1\"><h3><strong>Beata Kurek<\/strong><\/h3><br \/>\n<strong>Stanowisko:<\/strong><br \/>\nStarszy specjalista pracy socjalnej &#8211; koordynator<\/td><td class=\"column-2\">Miel\u0119ckiego (1-12)<\/td>\n<\/tr>\n<tr class=\"row-7\">\n\t<td class=\"column-1\"><h3><strong>Pawe\u0142 Cebula<\/strong><\/h3><br \/>\n<strong>Stanowisko:<\/strong><br \/>\nStarszy pracownik socjalny<\/td><td class=\"column-2\">Mariacka<br \/>\n(za wyj\u0105tkiem 93)<\/td>\n<\/tr>\n<tr class=\"row-8\">\n\t<td class=\"column-1\"><h3><strong>Katarzyna Boruszko<\/strong><\/h3><br \/>\n<strong>Stanowisko:<\/strong><br \/>\nSpecjalista pracy socjalnej<\/td><td class=\"column-2\">Mariacka<br \/>\n(za wyj\u0105tkiem 93)<\/td>\n<\/tr>\n<\/tbody>\n<\/table>\n<!-- #tablepress-24 from cache -->","protected":false},"excerpt":{"rendered":"<p>Pracownicy socjalni przyjmuj\u0105 klient\u00f3w od poniedzia\u0142ku do pi\u0105tku w godz.\u00a08:00 &#8211;\u00a010:00 po czym rozpoczynaj\u0105 prac\u0119 w terenie. Ponadto codziennie jeden z pracownik\u00f3w socjalnych pe\u0142ni dy\u017cur w godzinach podanych w poni\u017cszej tabeli: Pracownicy socjalni O\u015brodka Pomocy Spo\u0142ecznej przyjmuj\u0105 klient\u00f3w wed\u0142ug miejsca zamieszkania:<\/p>\n","protected":false},"author":1,"featured_media":0,"parent":0,"menu_order":0,"comment_status":"closed","ping_status":"closed","template":"","meta":{"footnotes":""},"class_list":["post-1069","page","type-page","status-publish","czr-hentry"],"aioseo_notices":[],"_links":{"self":[{"href":"https:\/\/ops.radlin.pl\/ops\/wp-json\/wp\/v2\/pages\/1069","targetHints":{"allow":["GET"]}}],"collection":[{"href":"https:\/\/ops.radlin.pl\/ops\/wp-json\/wp\/v2\/pages"}],"about":[{"href":"https:\/\/ops.radlin.pl\/ops\/wp-json\/wp\/v2\/types\/page"}],"author":[{"embeddable":true,"href":"https:\/\/ops.radlin.pl\/ops\/wp-json\/wp\/v2\/users\/1"}],"replies":[{"embeddable":true,"href":"https:\/\/ops.radlin.pl\/ops\/wp-json\/wp\/v2\/comments?post=1069"}],"version-history":[{"count":9,"href":"https:\/\/ops.radlin.pl\/ops\/wp-json\/wp\/v2\/pages\/1069\/revisions"}],"predecessor-version":[{"id":6427,"href":"https:\/\/ops.radlin.pl\/ops\/wp-json\/wp\/v2\/pages\/1069\/revisions\/6427"}],"wp:attachment":[{"href":"https:\/\/ops.radlin.pl\/ops\/wp-json\/wp\/v2\/media?parent=1069"}],"curies":[{"name":"wp","href":"https:\/\/api.w.org\/{rel}","templated":true}]}}