{"id":1412,"date":"2017-06-05T15:01:00","date_gmt":"2017-06-05T13:01:00","guid":{"rendered":"http:\/\/ops.radlin.pl\/ops\/?page_id=1412"},"modified":"2025-05-16T12:36:44","modified_gmt":"2025-05-16T10:36:44","slug":"kryteria-przyznawania-swiadczen","status":"publish","type":"page","link":"https:\/\/ops.radlin.pl\/ops\/kryteria-przyznawania-swiadczen\/","title":{"rendered":"Kryteria przyznawania \u015bwiadcze\u0144"},"content":{"rendered":"<p>Pomocy spo\u0142ecznej udziela si\u0119 z powodu (art. 7 ustawy o pomocy spo\u0142ecznej):<\/p>\n<ul>\n<li>ub\u00f3stwa,<\/li>\n<li>sieroctwa,<\/li>\n<li>bezdomno\u015bci,<\/li>\n<li>bezrobocia,<\/li>\n<li>niepe\u0142nosprawno\u015bci,<\/li>\n<li>d\u0142ugotrwa\u0142ej lub ci\u0119\u017ckiej choroby,<\/li>\n<li>przemocy w rodzinie,<\/li>\n<li>potrzeby ochrony macierzy\u0144stwa lub wielodzietno\u015bci,<\/li>\n<li>bezradno\u015bci w sprawach opieku\u0144czo-wychowawczych i prowadzenia gospodarstwa domowego, zw\u0142aszcza w rodzinach niepe\u0142nych lub wielodzietnych,<\/li>\n<li>braku umiej\u0119tno\u015bci w przystosowaniu do \u017cycia m\u0142odzie\u017cy opuszczaj\u0105cej plac\u00f3wki opieku\u0144czo-wychowawcze,<\/li>\n<li>trudno\u015bci w integracji os\u00f3b, kt\u00f3re otrzyma\u0142y status uchod\u017acy,<\/li>\n<li>trudno\u015bci w przystosowaniu do \u017cycia po zwolnieniu z zak\u0142adu karnego,<\/li>\n<li>alkoholizmu lub narkomanii,<\/li>\n<li>zdarzenia losowego i sytuacji kryzysowej,<\/li>\n<li>kl\u0119ski \u017cywio\u0142owej lub ekologicznej.<\/li>\n<\/ul>\n<p>Prawo do \u015bwiadcze\u0144 przys\u0142uguje osobom i rodzinom, kt\u00f3rych posiadane dochody nie przekraczaj\u0105 kryteri\u00f3w dochodowych ustalonych w oparciu o pr\u00f3g interwencji socjalnej, przy jednoczesnym wyst\u0105pieniu co najmniej jednej z w\/ w okoliczno\u015bci.<\/p>\n<p>W systemie pomocy spo\u0142ecznej przez rodzin\u0119 rozumie si\u0119 osoby spokrewnione i niespokrewnione, pozostaj\u0105ce w faktycznym zwi\u0105zku, wsp\u00f3lnie zamieszkuj\u0105ce i gospodaruj\u0105ce.<\/p>\n<p>Kryterium dochodowym dla osoby samotnie gospodaruj\u0105cej jest doch\u00f3d nie przekraczaj\u0105cy kwoty <strong>1010 z\u0142<\/strong>, natomiast dla osoby w rodzinie \u2013 kwota <strong>823 z\u0142<\/strong> (art. 8 ustawy). Rada gminy, w drodze uchwa\u0142y, mo\u017ce podwy\u017cszy\u0107 kwoty uprawniaj\u0105ce do zasi\u0142k\u00f3w okresowego i celowego.<\/p>\n<p>Osobie odbywaj\u0105cej kar\u0119 pozbawienia wolno\u015bci nie przys\u0142uguje prawo do \u015bwiadcze\u0144 z pomocy spo\u0142ecznej. Osobie tymczasowo aresztowanej zawiesza si\u0119 prawo do \u015bwiadcze\u0144 z pomocy spo\u0142ecznej. Za okres tymczasowego aresztowania nie udziela si\u0119 \u015bwiadcze\u0144 (art. 13 ustawy o pomocy spo\u0142ecznej).<\/p>\n","protected":false},"excerpt":{"rendered":"<p>Pomocy spo\u0142ecznej udziela si\u0119 z powodu (art. 7 ustawy o pomocy spo\u0142ecznej): ub\u00f3stwa, sieroctwa, bezdomno\u015bci, bezrobocia, niepe\u0142nosprawno\u015bci, d\u0142ugotrwa\u0142ej lub ci\u0119\u017ckiej choroby, przemocy w rodzinie, potrzeby ochrony macierzy\u0144stwa lub wielodzietno\u015bci, bezradno\u015bci w sprawach opieku\u0144czo-wychowawczych i prowadzenia gospodarstwa domowego, zw\u0142aszcza w rodzinach niepe\u0142nych lub wielodzietnych, braku umiej\u0119tno\u015bci w przystosowaniu do \u017cycia m\u0142odzie\u017cy opuszczaj\u0105cej plac\u00f3wki opieku\u0144czo-wychowawcze, trudno\u015bci w&hellip; <a class=\"continue\" href=\"https:\/\/ops.radlin.pl\/ops\/kryteria-przyznawania-swiadczen\/\"><strong>Czytaj wi\u0119cej:<\/strong><span> Kryteria przyznawania \u015bwiadcze\u0144<\/span><\/a><\/p>\n","protected":false},"author":1,"featured_media":0,"parent":0,"menu_order":0,"comment_status":"closed","ping_status":"closed","template":"","meta":{"footnotes":""},"class_list":["post-1412","page","type-page","status-publish","czr-hentry"],"aioseo_notices":[],"_links":{"self":[{"href":"https:\/\/ops.radlin.pl\/ops\/wp-json\/wp\/v2\/pages\/1412","targetHints":{"allow":["GET"]}}],"collection":[{"href":"https:\/\/ops.radlin.pl\/ops\/wp-json\/wp\/v2\/pages"}],"about":[{"href":"https:\/\/ops.radlin.pl\/ops\/wp-json\/wp\/v2\/types\/page"}],"author":[{"embeddable":true,"href":"https:\/\/ops.radlin.pl\/ops\/wp-json\/wp\/v2\/users\/1"}],"replies":[{"embeddable":true,"href":"https:\/\/ops.radlin.pl\/ops\/wp-json\/wp\/v2\/comments?post=1412"}],"version-history":[{"count":5,"href":"https:\/\/ops.radlin.pl\/ops\/wp-json\/wp\/v2\/pages\/1412\/revisions"}],"predecessor-version":[{"id":7930,"href":"https:\/\/ops.radlin.pl\/ops\/wp-json\/wp\/v2\/pages\/1412\/revisions\/7930"}],"wp:attachment":[{"href":"https:\/\/ops.radlin.pl\/ops\/wp-json\/wp\/v2\/media?parent=1412"}],"curies":[{"name":"wp","href":"https:\/\/api.w.org\/{rel}","templated":true}]}}

Kryteria przyznawania świadczeń

<p>Pomocy społecznej udziela się z powodu (art. 7 ustawy o pomocy społecznej):</p>
<ul>
<li>ubóstwa,</li>
<li>sieroctwa,</li>
<li>bezdomności,</li>
<li>bezrobocia,</li>
<li>niepełnosprawności,</li>
<li>długotrwałej lub ciężkiej choroby,</li>
<li>przemocy w rodzinie,</li>
<li>potrzeby ochrony macierzyństwa lub wielodzietności,</li>
<li>bezradności w sprawach opiekuńczo-wychowawczych i prowadzenia gospodarstwa domowego, zwłaszcza w rodzinach niepełnych lub wielodzietnych,</li>
<li>braku umiejętności w przystosowaniu do życia młodzieży opuszczającej placówki opiekuńczo-wychowawcze,</li>
<li>trudności w integracji osób, które otrzymały status uchodźcy,</li>
<li>trudności w przystosowaniu do życia po zwolnieniu z zakładu karnego,</li>
<li>alkoholizmu lub narkomanii,</li>
<li>zdarzenia losowego i sytuacji kryzysowej,</li>
<li>klęski żywiołowej lub ekologicznej.</li>
</ul>
<p>Prawo do świadczeń przysługuje osobom i rodzinom, których posiadane dochody nie przekraczają kryteriów dochodowych ustalonych w oparciu o próg interwencji socjalnej, przy jednoczesnym wystąpieniu co najmniej jednej z w/ w okoliczności.</p>
<p>W systemie pomocy społecznej przez rodzinę rozumie się osoby spokrewnione i niespokrewnione, pozostające w faktycznym związku, wspólnie zamieszkujące i gospodarujące.</p>
<p>Kryterium dochodowym dla osoby samotnie gospodarującej jest dochód nie przekraczający kwoty <strong>1010 zł</strong>, natomiast dla osoby w rodzinie – kwota <strong>823 zł</strong> (art. 8 ustawy). Rada gminy, w drodze uchwały, może podwyższyć kwoty uprawniające do zasiłków okresowego i celowego.</p>
<p>Osobie odbywającej karę pozbawienia wolności nie przysługuje prawo do świadczeń z pomocy społecznej. Osobie tymczasowo aresztowanej zawiesza się prawo do świadczeń z pomocy społecznej. Za okres tymczasowego aresztowania nie udziela się świadczeń (art. 13 ustawy o pomocy społecznej).</p>

<p>Pomocy społecznej udziela się z powodu (art. 7 ustawy o pomocy społecznej): ubóstwa, sieroctwa, bezdomności, bezrobocia, niepełnosprawności, długotrwałej lub ciężkiej choroby, przemocy w rodzinie, potrzeby ochrony macierzyństwa lub wielodzietności, bezradności w sprawach opiekuńczo-wychowawczych i prowadzenia gospodarstwa domowego, zwłaszcza w rodzinach niepełnych lub wielodzietnych, braku umiejętności w przystosowaniu do życia młodzieży opuszczającej placówki opiekuńczo-wychowawcze, trudności w&hellip; <a class="continue" href="https://ops.radlin.pl/ops/kryteria-przyznawania-swiadczen/"><strong>Czytaj więcej:</strong><span> Kryteria przyznawania świadczeń</span></a></p>
