{"id":1457,"date":"2017-06-06T13:05:37","date_gmt":"2017-06-06T11:05:37","guid":{"rendered":"http:\/\/ops.radlin.pl\/ops\/?page_id=1457"},"modified":"2018-07-25T12:51:35","modified_gmt":"2018-07-25T10:51:35","slug":"jednorazowa-zapomoga-z-tytulu-urodzenia-sie-dziecka","status":"publish","type":"page","link":"https:\/\/ops.radlin.pl\/ops\/jednorazowa-zapomoga-z-tytulu-urodzenia-sie-dziecka\/","title":{"rendered":"Jednorazowa zapomoga z tyt. urodzenia si\u0119 dziecka"},"content":{"rendered":"<p style=\"text-align: left;\">Z tytu\u0142u urodzenia si\u0119 \u017cywego dziecka przys\u0142uguje jednorazowa zapomoga z tytu\u0142u urodzenia si\u0119 dziecka w wysoko\u015bci <strong>1000 z\u0142<\/strong> na jedno dziecko.<\/p>\n<p style=\"text-align: left;\"><strong>Zapomoga przys\u0142uguje:<\/strong><\/p>\n<ul>\n<li style=\"text-align: left;\">matce lub ojcu dziecka;<\/li>\n<li style=\"text-align: left;\">opiekunowi prawnemu dziecka;<\/li>\n<li style=\"text-align: left;\">opiekunowi faktycznemu dziecka (oznacza to osob\u0119 faktycznie opiekuj\u0105c\u0105 si\u0119 dzieckiem, je\u017celi wyst\u0105pi\u0142a z wnioskiem do s\u0105du rodzinnego o przysposobienie dziecka).<\/li>\n<\/ul>\n<p style=\"text-align: left;\">Jednorazowa zapomoga z tytu\u0142u urodzenia si\u0119 dziecka przys\u0142uguje je\u017celi doch\u00f3d rodziny w przeliczeniu na osob\u0119 nie przekroczy kwoty <strong>1922,00 z\u0142<\/strong> netto.<\/p>\n<p style=\"text-align: left;\">Przy ustalaniu prawa do przedmiotowego \u015bwiadczenia, w szczeg\u00f3lno\u015bci ustalenia czy spe\u0142nione jest kryterium dochodowe, maj\u0105 zastosowanie przepisy dotycz\u0105ce ustalania dochodu okre\u015blone w ustawie o \u015bwiadczeniach rodzinnych. Kwota kryterium dochodowego podlega weryfikacji co 3 lata. \u015awiadczenie to, podobnie jak wszystkie \u015bwiadczenia rodzinne jest wolne od podatku dochodowego.<\/p>\n<p style=\"text-align: left;\">Jednorazowa zapomoga z tytu\u0142u urodzenia si\u0119 dziecka przys\u0142uguje je\u017celi matka dziecka pozostawa\u0142a pod opiek\u0105 medyczn\u0105 nie p\u00f3\u017aniej ni\u017c od 10 tygodnia ci\u0105\u017cy do dnia porodu. Do wniosku o ustalenie prawa do jednorazowej zapomogi z tytu\u0142u urodzenia si\u0119 dziecka nale\u017cy do\u0142\u0105czy\u0107 za\u015bwiadczenie o pozostawaniu matki dziecka pod opiek\u0105 medyczn\u0105 nie p\u00f3\u017aniej ni\u017c od 10 tygodnia ci\u0105\u017cy do dnia porodu.<\/p>\n<p style=\"text-align: left;\">Za\u015bwiadczenie o pozostawaniu matki dziecka pod opiek\u0105 medyczn\u0105 nie p\u00f3\u017aniej ni\u017c od 10 tygodnia ci\u0105\u017cy do dnia porodu mo\u017ce wystawi\u0107 lekarz lub po\u0142o\u017cna. Warunek udokumentowania pozostawania matki dziecka pod opiek\u0105 medyczn\u0105 nie dotyczy os\u00f3b b\u0119d\u0105cych prawnymi albo faktycznymi opiekunami dziecka, a tak\u017ce os\u00f3b, kt\u00f3re przysposobi\u0142y dziecko.<\/p>\n<p style=\"text-align: left;\"><strong>Jednorazowa zapomoga nie przys\u0142uguje, je\u017celi:<\/strong><\/p>\n<ol>\n<li style=\"text-align: left;\">cz\u0142onkowi rodziny przys\u0142uguje za granic\u0105 \u015bwiadczenie z tytu\u0142u urodzenia dziecka, chyba \u017ce przepisy o koordynacji system\u00f3w zabezpieczenia spo\u0142ecznego lub dwustronne umowy o zabezpieczeniu spo\u0142ecznym stanowi\u0105 inaczej;<\/li>\n<li style=\"text-align: left;\">osobie samotnie wychowuj\u0105cej dziecko nie zosta\u0142o ustalone, na rzecz danego dziecka od jego rodzica, \u015bwiadczenie alimentacyjne na podstawi tytu\u0142u wykonawczego pochodz\u0105cego lub zatwierdzonego przez s\u0105d, chyba \u017ce:<\/li>\n<li style=\"text-align: left;\">rodzice lub jedno z rodzic\u00f3w dziecka nie \u017cyje,<\/li>\n<li style=\"text-align: left;\">ojciec dziecka jest nieznany,<\/li>\n<li style=\"text-align: left;\">pow\u00f3dztwo o ustalenie \u015bwiadczenia alimentacyjnego od drugiego z rodzic\u00f3w zosta\u0142o oddalone,<\/li>\n<li style=\"text-align: left;\">s\u0105d zobowi\u0105za\u0142 jedno z rodzic\u00f3w do ponoszenia ca\u0142kowitych koszt\u00f3w utrzymania dziecka i nie zobowi\u0105za\u0142 drugiego z rodzic\u00f3w do \u015bwiadczenia alimentacyjnego na rzecz tego dziecka,<\/li>\n<li style=\"text-align: left;\">dziecko, zgodnie z orzeczeniem s\u0105du, jest pod opiek\u0105 naprzemienn\u0105 obojga rodzic\u00f3w sprawowan\u0105 w por\u00f3wnywalnych i powtarzaj\u0105cych si\u0119 okresach.<\/li>\n<\/ol>\n<p style=\"text-align: left;\">Wniosek o wyp\u0142at\u0119 jednorazowej zapomogi nale\u017cy z\u0142o\u017cy\u0107 w terminie 12 miesi\u0119cy od dnia narodzin dziecka. W przypadku gdy wniosek dotyczy dziecka obj\u0119tego opiek\u0105 prawn\u0105, opiek\u0105 faktyczn\u0105 albo dziecka przysposobionego wniosek sk\u0142ada si\u0119 w terminie 12 miesi\u0119cy od dnia obj\u0119cia dziecka opiek\u0105 albo przysposobienia, nie p\u00f3\u017aniej ni\u017c do uko\u0144czenia przez dziecko 18-go roku \u017cycia. Wniosek z\u0142o\u017cony po terminie organ w\u0142a\u015bciwy pozostawia bez rozpoznania.<\/p>\n<p>&nbsp;<\/p>\n<h3 style=\"text-align: center;\"><strong>Pliki do pobrania<\/strong><\/h3>\n<p>&nbsp;<\/p>\n<h4 style=\"text-align: center;\">Druki<\/h4>\n<p>&nbsp;<br \/>\n\n<table id=\"tablepress-57\" class=\"tablepress tablepress-id-57\">\n<thead>\n<tr class=\"row-1\">\n\t<td class=\"column-1\"><\/td><th class=\"column-2\">Opis pliku<\/th><td class=\"column-3\"><\/td>\n<\/tr>\n<\/thead>\n<tbody class=\"row-striping row-hover\">\n<tr class=\"row-2\">\n\t<td class=\"column-1\">1.<\/td><td class=\"column-2\"><a href=\"https:\/\/www.gov.pl\/web\/rodzina\/jednorazowa-zapomoga-z-tytulu-urodzenia-sie-dziecka-tzw-becikowe---wzor-wniosku-do-stosowania-od-1-listopada-2021-r\" target=\"_blank\" rel=\"noopener noreferrer\">Jednorazowa zapomoga z tytu\u0142u urodzenia si\u0119 dziecka (tzw. becikowe) - wz\u00f3r wniosku<\/a><\/td><td class=\"column-3\"><img loading=\"lazy\" decoding=\"async\" src=\"http:\/\/ops.radlin.pl\/ops\/wp-content\/uploads\/2017\/06\/link.png\" alt=\"\" width=\"32\" height=\"31\" class=\"aligncenter size-full wp-image-1094\" \/><\/td>\n<\/tr>\n<tr class=\"row-3\">\n\t<td class=\"column-1\">2.<\/td><td class=\"column-2\"><a href=\"http:\/\/ops.radlin.pl\/ops\/pliki\/druki\/SRiA-01 (2) Zaswiadczenie o dochodzie.pdf\" target=\"_blank\" rel=\"noopener noreferrer\">Za\u015bwiadczenie o dochodzie dla os\u00f3b zg\u0142aszaj\u0105cych uzyskanie dochodu [SRiA-01]<\/a><\/td><td class=\"column-3\"><img loading=\"lazy\" decoding=\"async\" src=\"http:\/\/ops.radlin.pl\/ops\/wp-content\/uploads\/2017\/05\/pdf_ico.png\" alt=\"\" width=\"32\" height=\"32\" class=\"aligncenter size-full wp-image-790\" \/><\/td>\n<\/tr>\n<tr class=\"row-4\">\n\t<td class=\"column-1\">3.<\/td><td class=\"column-2\"><a href=\"http:\/\/ops.radlin.pl\/ops\/pliki\/druki\/SRiA-02 (2) Oswiadczenie o dochodzie.pdf\" target=\"_blank\" rel=\"noopener noreferrer\">O\u015bwiadczenie o dochodzie dla os\u00f3b zg\u0142aszaj\u0105cych uzyskanie dochodu [SRiA-02]<\/a><\/td><td class=\"column-3\"><img loading=\"lazy\" decoding=\"async\" src=\"http:\/\/ops.radlin.pl\/ops\/wp-content\/uploads\/2017\/05\/pdf_ico.png\" alt=\"\" width=\"32\" height=\"32\" class=\"aligncenter size-full wp-image-790\" \/><\/td>\n<\/tr>\n<tr class=\"row-5\">\n\t<td class=\"column-1\">4.<\/td><td class=\"column-2\"><a href=\"http:\/\/ops.radlin.pl\/ops\/pliki\/druki\/BE\/Wniosek_o_przekazywanie_\u015bwiadcze\u0144.pdf\" target=\"_blank\" rel=\"noopener noreferrer\">Wniosek o przekazywanie \u015bwiadcze\u0144<\/a><\/td><td class=\"column-3\"><img loading=\"lazy\" decoding=\"async\" src=\"http:\/\/ops.radlin.pl\/ops\/wp-content\/uploads\/2017\/05\/pdf_ico.png\" alt=\"\" width=\"32\" height=\"32\" class=\"aligncenter size-full wp-image-790\" \/><\/td>\n<\/tr>\n<tr class=\"row-6\">\n\t<td class=\"column-1\">5.<\/td><td class=\"column-2\"><a href=\"http:\/\/ops.radlin.pl\/ops\/pliki\/druki\/oswiadczenie.pdf\" target=\"_blank\" rel=\"noopener noreferrer\">O\u015bwiadczenie pod odpowiedzialno\u015bci\u0105 karn\u0105<\/a><\/td><td class=\"column-3\"><img loading=\"lazy\" decoding=\"async\" src=\"http:\/\/ops.radlin.pl\/ops\/wp-content\/uploads\/2017\/05\/pdf_ico.png\" alt=\"\" width=\"32\" height=\"32\" class=\"aligncenter size-full wp-image-790\" \/><\/td>\n<\/tr>\n<tr class=\"row-7\">\n\t<td class=\"column-1\">6.<\/td><td class=\"column-2\"><a href=\"http:\/\/ops.radlin.pl\/ops\/pliki\/druki\/2021\/zaswiadczenie-lekarskie.pdf\" target=\"_blank\" rel=\"noopener noreferrer\">Za\u015bwiadczenie lekarskie\/wystawione przez po\u0142o\u017cn\u0105 potwierdzaj\u0105ce pozostawanie kobiety pod opiek\u0105 medyczn\u0105 nie p\u00f3\u017aniej ni\u017c od 10. tygodnia ci\u0105\u017cy do porodu, uprawniaj\u0105c\u0105 do dodatku z tytu\u0142u urodzenia dziecka<\/a><\/td><td class=\"column-3\"><img loading=\"lazy\" decoding=\"async\" src=\"http:\/\/ops.radlin.pl\/ops\/wp-content\/uploads\/2017\/05\/pdf_ico.png\" alt=\"\" width=\"32\" height=\"32\" class=\"aligncenter size-full wp-image-790\" \/><\/td>\n<\/tr>\n<\/tbody>\n<\/table>\n<!-- #tablepress-57 from cache -->\n&nbsp;<\/p>\n","protected":false},"excerpt":{"rendered":"<p>Z tytu\u0142u urodzenia si\u0119 \u017cywego dziecka przys\u0142uguje jednorazowa zapomoga z tytu\u0142u urodzenia si\u0119 dziecka w wysoko\u015bci 1000 z\u0142 na jedno dziecko. Zapomoga przys\u0142uguje: matce lub ojcu dziecka; opiekunowi prawnemu dziecka; opiekunowi faktycznemu dziecka (oznacza to osob\u0119 faktycznie opiekuj\u0105c\u0105 si\u0119 dzieckiem, je\u017celi wyst\u0105pi\u0142a z wnioskiem do s\u0105du rodzinnego o przysposobienie dziecka). Jednorazowa zapomoga z tytu\u0142u urodzenia&hellip; <a class=\"continue\" href=\"https:\/\/ops.radlin.pl\/ops\/jednorazowa-zapomoga-z-tytulu-urodzenia-sie-dziecka\/\"><strong>Czytaj wi\u0119cej:<\/strong><span> Jednorazowa zapomoga z tyt. urodzenia si\u0119 dziecka<\/span><\/a><\/p>\n","protected":false},"author":1,"featured_media":0,"parent":0,"menu_order":0,"comment_status":"closed","ping_status":"closed","template":"","meta":{"footnotes":""},"class_list":["post-1457","page","type-page","status-publish","czr-hentry"],"aioseo_notices":[],"_links":{"self":[{"href":"https:\/\/ops.radlin.pl\/ops\/wp-json\/wp\/v2\/pages\/1457","targetHints":{"allow":["GET"]}}],"collection":[{"href":"https:\/\/ops.radlin.pl\/ops\/wp-json\/wp\/v2\/pages"}],"about":[{"href":"https:\/\/ops.radlin.pl\/ops\/wp-json\/wp\/v2\/types\/page"}],"author":[{"embeddable":true,"href":"https:\/\/ops.radlin.pl\/ops\/wp-json\/wp\/v2\/users\/1"}],"replies":[{"embeddable":true,"href":"https:\/\/ops.radlin.pl\/ops\/wp-json\/wp\/v2\/comments?post=1457"}],"version-history":[{"count":14,"href":"https:\/\/ops.radlin.pl\/ops\/wp-json\/wp\/v2\/pages\/1457\/revisions"}],"predecessor-version":[{"id":3073,"href":"https:\/\/ops.radlin.pl\/ops\/wp-json\/wp\/v2\/pages\/1457\/revisions\/3073"}],"wp:attachment":[{"href":"https:\/\/ops.radlin.pl\/ops\/wp-json\/wp\/v2\/media?parent=1457"}],"curies":[{"name":"wp","href":"https:\/\/api.w.org\/{rel}","templated":true}]}}