{"id":2001,"date":"2017-09-18T10:09:45","date_gmt":"2017-09-18T08:09:45","guid":{"rendered":"http:\/\/ops.radlin.pl\/ops\/?page_id=2001"},"modified":"2017-09-18T10:09:45","modified_gmt":"2017-09-18T08:09:45","slug":"dodatek-z-tytulu-opieki-nad-dzieckiem-w-okresie-korzystania-z-urlopu-wychowawczego","status":"publish","type":"page","link":"https:\/\/ops.radlin.pl\/ops\/dodatek-z-tytulu-opieki-nad-dzieckiem-w-okresie-korzystania-z-urlopu-wychowawczego\/","title":{"rendered":"Dodatek z tytu\u0142u opieki nad dzieckiem w okresie korzystania z urlopu wychowawczego"},"content":{"rendered":"<p style=\"text-align: left;\">Dodatek do zasi\u0142ku rodzinnego z tytu\u0142u opieki nad dzieckiem w okresie korzystania z urlopu wychowawczego przys\u0142uguje w wysoko\u015bci <strong>400 z\u0142<\/strong> miesi\u0119cznie.<\/p>\n<p style=\"text-align: left;\">Dodatek przys\u0142uguje matce lub ojcu, opiekunowi faktycznemu dziecka (osoba faktycznie opiekuj\u0105ca si\u0119 dzieckiem, je\u017celi wyst\u0105pi\u0142a z wnioskiem do s\u0105du rodzinnego o przysposobienie dziecka) albo opiekunowi prawnemu dziecka, je\u017celi dziecko pozostaje pod jego faktyczn\u0105 opiek\u0105, uprawnionemu do urlopu wychowawczego, nie d\u0142u\u017cej jednak ni\u017c przez okres:<\/p>\n<ul>\n<li style=\"text-align: left;\">24 miesi\u0119cy kalendarzowych;<\/li>\n<li style=\"text-align: left;\">36 miesi\u0119cy kalendarzowych, je\u017celi sprawuje opiek\u0119 nad wi\u0119cej ni\u017c jednym dzieckiem urodzonym podczas jednego porodu;<\/li>\n<li style=\"text-align: left;\">72 miesi\u0119cy kalendarzowych, je\u017celi sprawuje opiek\u0119 nad dzieckiem legitymuj\u0105cym si\u0119 orzeczeniem o niepe\u0142nosprawno\u015bci albo o znacznym stopniu niepe\u0142nosprawno\u015bci.<\/li>\n<\/ul>\n<p style=\"text-align: left;\">W przypadku r\u00f3wnoczesnego korzystania z urlopu wychowawczego przez oboje rodzic\u00f3w lub opiekun\u00f3w prawnych dziecka przys\u0142uguje jeden dodatek.<\/p>\n<p style=\"text-align: left;\"><strong>Dodatek nie przys\u0142uguje, je\u017celi osoba ubiegaj\u0105ca si\u0119 o dodatek:<\/strong><\/p>\n<p style=\"text-align: left;\">bezpo\u015brednio przed uzyskaniem prawa do urlopu wychowawczego pozostawa\u0142a w stosunku pracy przez okres kr\u00f3tszy ni\u017c 6 miesi\u0119cy<\/p>\n<ul>\n<li>podj\u0119\u0142a lub kontynuuje zatrudnienie lub inn\u0105 prac\u0119 zarobkow\u0105, kt\u00f3ra uniemo\u017cliwia sprawowanie osobistej opieki nad dzieckiem w okresie korzystania z urlopu wychowawczego;<\/li>\n<li>w okresie urlopu wychowawczego korzysta z zasi\u0142ku macierzy\u0144skiego<\/li>\n<li>korzysta ze \u015bwiadczenia rodzicielskiego;<\/li>\n<\/ul>\n<p style=\"text-align: left;\">oraz gdy<\/p>\n<ul>\n<li>dziecko zosta\u0142o umieszczone w plac\u00f3wce zapewniaj\u0105cej ca\u0142odobow\u0105 opiek\u0119, w tym w specjalnym o\u015brodku szkolno-wychowawczym, i korzysta w niej z ca\u0142odobowej opieki przez wi\u0119cej ni\u017c 5 dni w tygodniu, z wyj\u0105tkiem dziecka przebywaj\u0105cego w zak\u0142adzie opieki zdrowotnej;<\/li>\n<li>w innych przypadkach zaprzestania sprawowania osobistej opieki nad dzieckiem.<\/li>\n<\/ul>\n<p style=\"text-align: left;\"><strong>W przypadku zbiegu uprawnie\u0144 do nast\u0119puj\u0105cych \u015bwiadcze\u0144:<\/strong><\/p>\n<ul>\n<li>\u015bwiadczenia rodzicielskiego lub<\/li>\n<li>\u015bwiadczenia piel\u0119gnacyjnego, lub<\/li>\n<li>specjalnego zasi\u0142ku opieku\u0144czego, lub<\/li>\n<li>dodatku do zasi\u0142ku rodzinnego z tytu\u0142u opieki nad dzieckiem w okresie korzystania z urlopu wychowawczego, lub<\/li>\n<li>zasi\u0142ku dla opiekuna, o kt\u00f3rym mowa w ustawie\u00a0z dnia 4 kwietnia 2014 r. o ustaleniu i wyp\u0142acie zasi\u0142k\u00f3w dla opiekun\u00f3w<\/li>\n<\/ul>\n<p style=\"text-align: left;\"><strong>&#8211; przys\u0142uguje jedno z tych \u015bwiadcze\u0144 wybrane przez osob\u0119 uprawnion\u0105.<\/strong><\/p>\n<p style=\"text-align: left;\">Obywatelom pa\u0144stw cz\u0142onkowskich Unii Europejskiej i Europejskiego Obszaru Gospodarczego do okresu zatrudnienia wymaganego do nabycia prawa do dodatku zalicza si\u0119 okres zatrudnienia na terytorium pa\u0144stw cz\u0142onkowskich Unii Europejskiej i Europejskiego Obszaru Gospodarczego.<\/p>\n<p style=\"text-align: left;\">Dodatek przys\u0142uguj\u0105cy za niepe\u0142ne miesi\u0105ce kalendarzowe wyp\u0142aca si\u0119 w wysoko\u015bci 1\/30 dodatku miesi\u0119cznego za ka\u017cdy dzie\u0144. Kwot\u0119 dodatku przys\u0142uguj\u0105c\u0105 za niepe\u0142ny miesi\u0105c zaokr\u0105gla si\u0119 do 10 groszy w g\u00f3r\u0119.<\/p>\n","protected":false},"excerpt":{"rendered":"<p>Dodatek do zasi\u0142ku rodzinnego z tytu\u0142u opieki nad dzieckiem w okresie korzystania z urlopu wychowawczego przys\u0142uguje w wysoko\u015bci 400 z\u0142 miesi\u0119cznie. Dodatek przys\u0142uguje matce lub ojcu, opiekunowi faktycznemu dziecka (osoba faktycznie opiekuj\u0105ca si\u0119 dzieckiem, je\u017celi wyst\u0105pi\u0142a z wnioskiem do s\u0105du rodzinnego o przysposobienie dziecka) albo opiekunowi prawnemu dziecka, je\u017celi dziecko pozostaje pod jego faktyczn\u0105 opiek\u0105,&hellip; <a class=\"continue\" href=\"https:\/\/ops.radlin.pl\/ops\/dodatek-z-tytulu-opieki-nad-dzieckiem-w-okresie-korzystania-z-urlopu-wychowawczego\/\"><strong>Czytaj wi\u0119cej:<\/strong><span> Dodatek z tytu\u0142u opieki nad dzieckiem w okresie korzystania z urlopu wychowawczego<\/span><\/a><\/p>\n","protected":false},"author":1,"featured_media":0,"parent":0,"menu_order":0,"comment_status":"closed","ping_status":"closed","template":"","meta":{"footnotes":""},"class_list":["post-2001","page","type-page","status-publish","czr-hentry"],"aioseo_notices":[],"_links":{"self":[{"href":"https:\/\/ops.radlin.pl\/ops\/wp-json\/wp\/v2\/pages\/2001","targetHints":{"allow":["GET"]}}],"collection":[{"href":"https:\/\/ops.radlin.pl\/ops\/wp-json\/wp\/v2\/pages"}],"about":[{"href":"https:\/\/ops.radlin.pl\/ops\/wp-json\/wp\/v2\/types\/page"}],"author":[{"embeddable":true,"href":"https:\/\/ops.radlin.pl\/ops\/wp-json\/wp\/v2\/users\/1"}],"replies":[{"embeddable":true,"href":"https:\/\/ops.radlin.pl\/ops\/wp-json\/wp\/v2\/comments?post=2001"}],"version-history":[{"count":1,"href":"https:\/\/ops.radlin.pl\/ops\/wp-json\/wp\/v2\/pages\/2001\/revisions"}],"predecessor-version":[{"id":2002,"href":"https:\/\/ops.radlin.pl\/ops\/wp-json\/wp\/v2\/pages\/2001\/revisions\/2002"}],"wp:attachment":[{"href":"https:\/\/ops.radlin.pl\/ops\/wp-json\/wp\/v2\/media?parent=2001"}],"curies":[{"name":"wp","href":"https:\/\/api.w.org\/{rel}","templated":true}]}}