{"id":2290,"date":"2017-09-19T10:06:20","date_gmt":"2017-09-19T08:06:20","guid":{"rendered":"http:\/\/ops.radlin.pl\/ops\/?page_id=2290"},"modified":"2017-09-19T15:25:23","modified_gmt":"2017-09-19T13:25:23","slug":"asystent-rodziny","status":"publish","type":"page","link":"https:\/\/ops.radlin.pl\/ops\/asystent-rodziny\/","title":{"rendered":"Asystent rodziny"},"content":{"rendered":"<p style=\"text-align: left;\">W zwi\u0105zku z wej\u015bciem w \u017cycie ustawy o wspieraniu rodziny i systemie pieczy zast\u0119pczej z dnia 9 czerwca 2011r. w O\u015brodek Pomocy Spo\u0142ecznej w Radlinie zatrudnia trzech asystent\u00f3w rodziny. Praca asystenta koncentruje si\u0119 g\u0142\u00f3wnie na poszukiwaniu rozwi\u0105za\u0144 trudnej sytuacji \u017cyciowej rodzin, w kt\u00f3rych s\u0105 dzieci. G\u0142\u00f3wnym celem asystentury rodzinnej jest podniesienie umiej\u0119tno\u015bci opieku\u0144czo \u2013 wychowawczych rodziny, umiej\u0119tno\u015bci prowadzenia gospodarstwa domowego, radzenia sobie z problemami dnia codziennego. Asystenta rodziny przydziela Kierownik \/ Dyrektor O\u015brodka Pomocy Spo\u0142ecznej na podstawie wywiadu \u015brodowiskowego i analizy sytuacji rodziny przeprowadzonej przez pracownika socjalnego. Do pracy z asystentem mo\u017ce tak\u017ce zobowi\u0105za\u0107 S\u0105d Rodzinny na mocy postanowienia. Intensywna praca asystenta z rodzin\u0105 jest realizowana r\u00f3wnie\u017c w przypadku czasowego umieszczenia przez S\u0105d dziecka poza rodzin\u0105. Uczestniczy on w\u00f3wczas we wszystkich dzia\u0142aniach zmierzaj\u0105cych do powrotu dziecka do rodziny. Maksymalna liczba rodzin z kt\u00f3ra jeden asystent rodziny mo\u017ce prowadzi\u0107 prac\u0119 w tym samym czasie nie mo\u017ce przekracza\u0107 15. Asystent rodziny prowadzi prac\u0119 z rodzin\u0105 w miejscu zamieszkania rodziny lub w miejscu wskazanym przez rodzin\u0119.<\/p>\n<p style=\"text-align: left;\">Asystent wspiera rodzin\u0119 poprzez konsultacje i dzia\u0142ania o charakterze edukacyjnym w zakresie prawid\u0142owego wychowania i opieki nad dzie\u0107mi (organizowanie czasu wolnego dzieciom, budowanie prawid\u0142owych wi\u0119zi mi\u0119dzy cz\u0142onkami rodziny, rozwijanie umiej\u0119tno\u015bci wychowawczych), dbania o zdrowie (higiena, piel\u0119gnacja, prawid\u0142owe \u017cywienie, w razie potrzeby leczenie i rehabilitacja), gospodarowania bud\u017cetem domowym (planowanie i monitorowanie wydatk\u00f3w), wykonywania prac na rzecz domu oraz ich podzia\u0142u na cz\u0142onk\u00f3w rodziny (sprz\u0105tanie, zmywanie, gotowanie, remont), pozyskiwania us\u0142ug na rzecz domu i rodziny (za\u0142atwieniem spraw urz\u0119dowych, znalezieniem pracy, kontakt\u00f3w ze s\u0142u\u017cb\u0105 zdrowia), usamodzielniania si\u0119 poprzez uzupe\u0142nianie wykszta\u0142cenia i podj\u0119cie pracy, a tak\u017ce dba\u0142o\u015bci o edukacj\u0119 i rozw\u00f3j dzieci.<\/p>\n<p>&nbsp;<\/p>\n<h3 style=\"text-align: center;\"><strong>Zadania asystenta rodziny<\/strong><\/h3>\n<p>&nbsp;<\/p>\n<p style=\"text-align: left;\">Zadania asystenta rodziny zosta\u0142y okre\u015blone w art. 15.1. Ustawy z dnia 9 czerwca 2011 r. o wspieraniu rodziny i systemie pieczy zast\u0119pczej. S\u0105 to:<\/p>\n<ul>\n<li>opracowanie i realizacja planu pracy z rodzin\u0105 we wsp\u00f3\u0142pracy z cz\u0142onkami rodziny i w konsultacji z pracownikiem socjalnym;<\/li>\n<li>opracowanie, we wsp\u00f3\u0142pracy z cz\u0142onkami rodziny i koordynatorem rodzinnej pieczy zast\u0119pczej, planu pracy z rodzin\u0105, kt\u00f3ry jest skoordynowany z planem pomocy dziecku umieszczonemu w pieczy zast\u0119pczej;<\/li>\n<li>udzielanie pomocy rodzinom w poprawie ich sytuacji \u017cyciowej, w tym w zdobywaniu umiej\u0119tno\u015bci prawid\u0142owego prowadzenia gospodarstwa domowego;<\/li>\n<li>udzielanie pomocy rodzinom w rozwi\u0105zywaniu problem\u00f3w socjalnych;<\/li>\n<li>udzielanie pomocy rodzinom w rozwi\u0105zywaniu problem\u00f3w psychologicznych;<\/li>\n<li>udzielanie pomocy rodzinom w rozwi\u0105zywaniu problem\u00f3w wychowawczych z dzie\u0107mi;<\/li>\n<li>wspieranie aktywno\u015bci spo\u0142ecznej rodzin;<\/li>\n<li>motywowanie cz\u0142onk\u00f3w rodzin do podnoszenia kwalifikacji zawodowych;<\/li>\n<li>udzielanie pomocy w poszukiwaniu, podejmowaniu i utrzymywaniu pracy zarobkowej;<\/li>\n<li>motywowanie do udzia\u0142u w zaj\u0119ciach grupowych dla rodzic\u00f3w, maj\u0105cych na celu kszta\u0142towanie prawid\u0142owych wzorc\u00f3w rodzicielskich i umiej\u0119tno\u015bci psychospo\u0142ecznych;<\/li>\n<li>udzielanie wsparcia dzieciom, w szczeg\u00f3lno\u015bci poprzez udzia\u0142 w zaj\u0119ciach psychoedukacyjnych;<\/li>\n<li>podejmowanie dzia\u0142a\u0144 interwencyjnych i zaradczych w sytuacji zagro\u017cenia bezpiecze\u0144stwa dzieci i rodzin;<\/li>\n<li>prowadzenie indywidualnych konsultacji wychowawczych dla rodzic\u00f3w i dzieci;<\/li>\n<li>prowadzenie dokumentacji dotycz\u0105cej pracy z rodzin\u0105;<\/li>\n<li>dokonywanie okresowej oceny sytuacji rodziny, nie rzadziej ni\u017c co p\u00f3\u0142 roku;<\/li>\n<li>monitorowanie funkcjonowania rodziny po zako\u0144czeniu pracy z rodzin\u0105;<\/li>\n<li>sporz\u0105dzanie, na wniosek s\u0105du, opinii o rodzinie i jej cz\u0142onkach;<\/li>\n<li>wsp\u00f3\u0142praca z jednostkami administracji rz\u0105dowej i samorz\u0105dowej, w\u0142a\u015bciwymi organizacjami pozarz\u0105dowymi oraz innymi podmiotami i osobami specjalizuj\u0105cymi si\u0119 w dzia\u0142aniach na rzecz dziecka i rodziny;<\/li>\n<li>wsp\u00f3\u0142praca z zespo\u0142em interdyscyplinarnym lub grup\u0105 robocz\u0105 lub innymi podmiotami, kt\u00f3rych pomoc przy wykonywaniu zada\u0144 uzna za niezb\u0119dn\u0105.<\/li>\n<\/ul>\n","protected":false},"excerpt":{"rendered":"<p>W zwi\u0105zku z wej\u015bciem w \u017cycie ustawy o wspieraniu rodziny i systemie pieczy zast\u0119pczej z dnia 9 czerwca 2011r. w O\u015brodek Pomocy Spo\u0142ecznej w Radlinie zatrudnia trzech asystent\u00f3w rodziny. Praca asystenta koncentruje si\u0119 g\u0142\u00f3wnie na poszukiwaniu rozwi\u0105za\u0144 trudnej sytuacji \u017cyciowej rodzin, w kt\u00f3rych s\u0105 dzieci. G\u0142\u00f3wnym celem asystentury rodzinnej jest podniesienie umiej\u0119tno\u015bci opieku\u0144czo \u2013 wychowawczych&hellip; <a class=\"continue\" href=\"https:\/\/ops.radlin.pl\/ops\/asystent-rodziny\/\"><strong>Czytaj wi\u0119cej:<\/strong><span> Asystent rodziny<\/span><\/a><\/p>\n","protected":false},"author":1,"featured_media":0,"parent":0,"menu_order":0,"comment_status":"closed","ping_status":"closed","template":"","meta":{"footnotes":""},"class_list":["post-2290","page","type-page","status-publish","czr-hentry"],"aioseo_notices":[],"_links":{"self":[{"href":"https:\/\/ops.radlin.pl\/ops\/wp-json\/wp\/v2\/pages\/2290","targetHints":{"allow":["GET"]}}],"collection":[{"href":"https:\/\/ops.radlin.pl\/ops\/wp-json\/wp\/v2\/pages"}],"about":[{"href":"https:\/\/ops.radlin.pl\/ops\/wp-json\/wp\/v2\/types\/page"}],"author":[{"embeddable":true,"href":"https:\/\/ops.radlin.pl\/ops\/wp-json\/wp\/v2\/users\/1"}],"replies":[{"embeddable":true,"href":"https:\/\/ops.radlin.pl\/ops\/wp-json\/wp\/v2\/comments?post=2290"}],"version-history":[{"count":4,"href":"https:\/\/ops.radlin.pl\/ops\/wp-json\/wp\/v2\/pages\/2290\/revisions"}],"predecessor-version":[{"id":2375,"href":"https:\/\/ops.radlin.pl\/ops\/wp-json\/wp\/v2\/pages\/2290\/revisions\/2375"}],"wp:attachment":[{"href":"https:\/\/ops.radlin.pl\/ops\/wp-json\/wp\/v2\/media?parent=2290"}],"curies":[{"name":"wp","href":"https:\/\/api.w.org\/{rel}","templated":true}]}}