{"id":3039,"date":"2018-07-20T11:44:04","date_gmt":"2018-07-20T09:44:04","guid":{"rendered":"http:\/\/ops.radlin.pl\/ops\/?page_id=3039"},"modified":"2018-07-20T11:44:04","modified_gmt":"2018-07-20T09:44:04","slug":"projekt-rewitalizacja-gorniczego-osiedla-emma-w-radlinie-dzialania-integracyjne-aktywizacja-spoleczna-kulturalna-i-zawodowa","status":"publish","type":"page","link":"https:\/\/ops.radlin.pl\/ops\/projekt-rewitalizacja-gorniczego-osiedla-emma-w-radlinie-dzialania-integracyjne-aktywizacja-spoleczna-kulturalna-i-zawodowa\/","title":{"rendered":"Projekt &#8222;Rewitalizacja g\u00f3rniczego osiedla Emma w Radlinie \u2013 dzia\u0142ania integracyjne, aktywizacja spo\u0142eczna, kulturalna i zawodowa&#8221;"},"content":{"rendered":"<p style=\"text-align: left;\"><img loading=\"lazy\" decoding=\"async\" id=\"longdesc-return-1795\" class=\"aligncenter size-full wp-image-1795\" tabindex=\"-1\" src=\"http:\/\/ops.radlin.pl\/ops\/wp-content\/uploads\/2017\/09\/logotyp-EFS-slaskie.png\" alt=\"\" width=\"850\" height=\"200\" longdesc=\"http:\/\/ops.radlin.pl\/ops?longdesc=1795&amp;referrer=1846\" srcset=\"https:\/\/ops.radlin.pl\/ops\/wp-content\/uploads\/2017\/09\/logotyp-EFS-slaskie.png 850w, https:\/\/ops.radlin.pl\/ops\/wp-content\/uploads\/2017\/09\/logotyp-EFS-slaskie-300x71.png 300w, https:\/\/ops.radlin.pl\/ops\/wp-content\/uploads\/2017\/09\/logotyp-EFS-slaskie-768x181.png 768w\" sizes=\"auto, (max-width: 850px) 100vw, 850px\" \/><\/p>\n<p style=\"text-align: left;\">Projekt \u201e<strong>Rewitalizacja g\u00f3rniczego osiedla Emma w Radlinie \u2013 dzia\u0142ania integracyjne, aktywizacja spo\u0142eczna, kulturalna i zawodowa<\/strong>\u201d wsp\u00f3\u0142finansowany jest ze \u015brodk\u00f3w Europejskiego Funduszu Spo\u0142ecznego w ramach Regionalnego Programu Operacyjnego Wojew\u00f3dztwa \u015al\u0105skiego na lata 2014-2020, dla osi priorytetowej IX. W\u0142\u0105czenie spo\u0142eczne, dla dzia\u0142ania 9.1 Aktywna integracja, dla poddzia\u0142ania 9.1.2 Wzmacnianie potencja\u0142u spo\u0142eczno-zawodowego spo\u0142eczno\u015bci lokalnych \u2013 RIT.<\/p>\n<p style=\"text-align: left;\">Celem projektu jest wzmocnienie aktywno\u015bci spo\u0142eczno &#8211; zawodowej os\u00f3b zagro\u017conych ub\u00f3stwem, wykluczeniem spo\u0142ecznym i zawodowym w Radlinie, umo\u017cliwiaj\u0105cej im prawid\u0142owe funkcjonowanie w \u015brodowisku oraz u\u0142atwiaj\u0105cej dost\u0119p do rynku pracy bez wzgl\u0119du na r\u00f3\u017cnice p\u0142ci.<\/p>\n<p style=\"text-align: left;\"><strong>Dofinansowanie projektu:<\/strong> 393\u00a0053,00 z\u0142<\/p>\n<p style=\"text-align: left;\"><strong>Okres realizacji projektu:<\/strong> 1.07.2018 &#8211; 31.08.2020<\/p>\n<p>&nbsp;<br \/>\n\n\t\t<style type=\"text\/css\">\n\t\t\t#gallery-1 {\n\t\t\t\tmargin: auto;\n\t\t\t}\n\t\t\t#gallery-1 .gallery-item {\n\t\t\t\tfloat: left;\n\t\t\t\tmargin-top: 10px;\n\t\t\t\ttext-align: center;\n\t\t\t\twidth: 100%;\n\t\t\t}\n\t\t\t#gallery-1 img {\n\t\t\t\tborder: 2px solid #cfcfcf;\n\t\t\t}\n\t\t\t#gallery-1 .gallery-caption {\n\t\t\t\tmargin-left: 0;\n\t\t\t}\n\t\t\t\/* see gallery_shortcode() in wp-includes\/media.php *\/\n\t\t<\/style>\n\t\t<div id='gallery-1' class='gallery galleryid-3039 gallery-columns-1 gallery-size-medium'><dl class='gallery-item'>\n\t\t\t<dt class='gallery-icon landscape'>\n\t\t\t\t<a class=\"grouped_elements\" rel=\"tc-fancybox-group\" href=\"https:\/\/ops.radlin.pl\/ops\/wp-content\/uploads\/2018\/07\/plakt_rewitalizacja.png\" title=\"plakt_rewitalizacja\"><img loading=\"lazy\" decoding=\"async\" width=\"300\" height=\"212\" src=\"https:\/\/ops.radlin.pl\/ops\/wp-content\/uploads\/2018\/07\/plakt_rewitalizacja-300x212.png\" class=\"attachment-medium size-medium no-lazy\" alt=\"Plakat projektu\" srcset=\"https:\/\/ops.radlin.pl\/ops\/wp-content\/uploads\/2018\/07\/plakt_rewitalizacja-300x212.png 300w, https:\/\/ops.radlin.pl\/ops\/wp-content\/uploads\/2018\/07\/plakt_rewitalizacja-768x542.png 768w, https:\/\/ops.radlin.pl\/ops\/wp-content\/uploads\/2018\/07\/plakt_rewitalizacja.png 1527w\" sizes=\"auto, (max-width: 300px) 100vw, 300px\" \/><\/a>\n\t\t\t<\/dt>\n\t\t\t\t<dd class='wp-caption-text gallery-caption' id='gallery-1-3040'>\n\t\t\t\tPlakat\n\t\t\t\t<\/dd><\/dl><br style=\"clear: both\" \/>\n\t\t<\/div>\n\n","protected":false},"excerpt":{"rendered":"<p>Projekt \u201eRewitalizacja g\u00f3rniczego osiedla Emma w Radlinie \u2013 dzia\u0142ania integracyjne, aktywizacja spo\u0142eczna, kulturalna i zawodowa\u201d wsp\u00f3\u0142finansowany jest ze \u015brodk\u00f3w Europejskiego Funduszu Spo\u0142ecznego w ramach Regionalnego Programu Operacyjnego Wojew\u00f3dztwa \u015al\u0105skiego na lata 2014-2020, dla osi priorytetowej IX. W\u0142\u0105czenie spo\u0142eczne, dla dzia\u0142ania 9.1 Aktywna integracja, dla poddzia\u0142ania 9.1.2 Wzmacnianie potencja\u0142u spo\u0142eczno-zawodowego spo\u0142eczno\u015bci lokalnych \u2013 RIT. Celem projektu&hellip; <a class=\"continue\" href=\"https:\/\/ops.radlin.pl\/ops\/projekt-rewitalizacja-gorniczego-osiedla-emma-w-radlinie-dzialania-integracyjne-aktywizacja-spoleczna-kulturalna-i-zawodowa\/\"><strong>Czytaj wi\u0119cej:<\/strong><span> Projekt &#8222;Rewitalizacja g\u00f3rniczego osiedla Emma w Radlinie \u2013 dzia\u0142ania integracyjne, aktywizacja spo\u0142eczna, kulturalna i zawodowa&#8221;<\/span><\/a><\/p>\n","protected":false},"author":1,"featured_media":0,"parent":0,"menu_order":0,"comment_status":"closed","ping_status":"closed","template":"","meta":{"footnotes":""},"class_list":["post-3039","page","type-page","status-publish","czr-hentry"],"aioseo_notices":[],"_links":{"self":[{"href":"https:\/\/ops.radlin.pl\/ops\/wp-json\/wp\/v2\/pages\/3039","targetHints":{"allow":["GET"]}}],"collection":[{"href":"https:\/\/ops.radlin.pl\/ops\/wp-json\/wp\/v2\/pages"}],"about":[{"href":"https:\/\/ops.radlin.pl\/ops\/wp-json\/wp\/v2\/types\/page"}],"author":[{"embeddable":true,"href":"https:\/\/ops.radlin.pl\/ops\/wp-json\/wp\/v2\/users\/1"}],"replies":[{"embeddable":true,"href":"https:\/\/ops.radlin.pl\/ops\/wp-json\/wp\/v2\/comments?post=3039"}],"version-history":[{"count":3,"href":"https:\/\/ops.radlin.pl\/ops\/wp-json\/wp\/v2\/pages\/3039\/revisions"}],"predecessor-version":[{"id":5889,"href":"https:\/\/ops.radlin.pl\/ops\/wp-json\/wp\/v2\/pages\/3039\/revisions\/5889"}],"wp:attachment":[{"href":"https:\/\/ops.radlin.pl\/ops\/wp-json\/wp\/v2\/media?parent=3039"}],"curies":[{"name":"wp","href":"https:\/\/api.w.org\/{rel}","templated":true}]}}

Projekt &#8222;Rewitalizacja górniczego osiedla Emma w Radlinie – działania integracyjne, aktywizacja społeczna, kulturalna i zawodowa&#8221;

<p style="text-align: left;"><img loading="lazy" decoding="async" id="longdesc-return-1795" class="aligncenter size-full wp-image-1795" tabindex="-1" src="http://ops.radlin.pl/ops/wp-content/uploads/2017/09/logotyp-EFS-slaskie.png" alt="" width="850" height="200" longdesc="http://ops.radlin.pl/ops?longdesc=1795&amp;referrer=1846" srcset="https://ops.radlin.pl/ops/wp-content/uploads/2017/09/logotyp-EFS-slaskie.png 850w, https://ops.radlin.pl/ops/wp-content/uploads/2017/09/logotyp-EFS-slaskie-300x71.png 300w, https://ops.radlin.pl/ops/wp-content/uploads/2017/09/logotyp-EFS-slaskie-768x181.png 768w" sizes="auto, (max-width: 850px) 100vw, 850px" /></p>
<p style="text-align: left;">Projekt „<strong>Rewitalizacja górniczego osiedla Emma w Radlinie – działania integracyjne, aktywizacja społeczna, kulturalna i zawodowa</strong>” współfinansowany jest ze środków Europejskiego Funduszu Społecznego w ramach Regionalnego Programu Operacyjnego Województwa Śląskiego na lata 2014-2020, dla osi priorytetowej IX. Włączenie społeczne, dla działania 9.1 Aktywna integracja, dla poddziałania 9.1.2 Wzmacnianie potencjału społeczno-zawodowego społeczności lokalnych – RIT.</p>
<p style="text-align: left;">Celem projektu jest wzmocnienie aktywności społeczno &#8211; zawodowej osób zagrożonych ubóstwem, wykluczeniem społecznym i zawodowym w Radlinie, umożliwiającej im prawidłowe funkcjonowanie w środowisku oraz ułatwiającej dostęp do rynku pracy bez względu na różnice płci.</p>
<p style="text-align: left;"><strong>Dofinansowanie projektu:</strong> 393 053,00 zł</p>
<p style="text-align: left;"><strong>Okres realizacji projektu:</strong> 1.07.2018 &#8211; 31.08.2020</p>
<p>&nbsp;<br />

		<style type="text/css">
			#gallery-1 {
				margin: auto;
			}
			#gallery-1 .gallery-item {
				float: left;
				margin-top: 10px;
				text-align: center;
				width: 100%;
			}
			#gallery-1 img {
				border: 2px solid #cfcfcf;
			}
			#gallery-1 .gallery-caption {
				margin-left: 0;
			}
			/* see gallery_shortcode() in wp-includes/media.php */
		</style>
		<div id='gallery-1' class='gallery galleryid-3039 gallery-columns-1 gallery-size-medium'><dl class='gallery-item'>
			<dt class='gallery-icon landscape'>
				<a class="grouped_elements" rel="tc-fancybox-group" href="https://ops.radlin.pl/ops/wp-content/uploads/2018/07/plakt_rewitalizacja.png" title="plakt_rewitalizacja"><img loading="lazy" decoding="async" width="300" height="212" src="https://ops.radlin.pl/ops/wp-content/uploads/2018/07/plakt_rewitalizacja-300x212.png" class="attachment-medium size-medium no-lazy" alt="Plakat projektu" srcset="https://ops.radlin.pl/ops/wp-content/uploads/2018/07/plakt_rewitalizacja-300x212.png 300w, https://ops.radlin.pl/ops/wp-content/uploads/2018/07/plakt_rewitalizacja-768x542.png 768w, https://ops.radlin.pl/ops/wp-content/uploads/2018/07/plakt_rewitalizacja.png 1527w" sizes="auto, (max-width: 300px) 100vw, 300px" /></a>
			</dt>
				<dd class='wp-caption-text gallery-caption' id='gallery-1-3040'>
				Plakat
				</dd></dl><br style="clear: both" />
		</div>

<p>Projekt „Rewitalizacja górniczego osiedla Emma w Radlinie – działania integracyjne, aktywizacja społeczna, kulturalna i zawodowa” współfinansowany jest ze środków Europejskiego Funduszu Społecznego w ramach Regionalnego Programu Operacyjnego Województwa Śląskiego na lata 2014-2020, dla osi priorytetowej IX. Włączenie społeczne, dla działania 9.1 Aktywna integracja, dla poddziałania 9.1.2 Wzmacnianie potencjału społeczno-zawodowego społeczności lokalnych – RIT. Celem projektu&hellip; <a class="continue" href="https://ops.radlin.pl/ops/projekt-rewitalizacja-gorniczego-osiedla-emma-w-radlinie-dzialania-integracyjne-aktywizacja-spoleczna-kulturalna-i-zawodowa/"><strong>Czytaj więcej:</strong><span> Projekt &#8222;Rewitalizacja górniczego osiedla Emma w Radlinie – działania integracyjne, aktywizacja społeczna, kulturalna i zawodowa&#8221;</span></a></p>
