{"id":3342,"date":"2018-12-12T09:13:46","date_gmt":"2018-12-12T08:13:46","guid":{"rendered":"http:\/\/ops.radlin.pl\/ops\/?page_id=3342"},"modified":"2018-12-12T09:16:50","modified_gmt":"2018-12-12T08:16:50","slug":"galeria06","status":"publish","type":"page","link":"https:\/\/ops.radlin.pl\/ops\/galeria06\/","title":{"rendered":"Galeria zdj\u0119\u0107 &#8211; Jarmark Bo\u017conarodzeniowy we Wroc\u0142awiu (11.12.2018)"},"content":{"rendered":"\n<h4 style=\"text-align: center;\"><a href=\"http:\/\/ops.radlin.pl\/ops\/galeria\/\">Powr\u00f3t do listy galerii<\/a><\/h4>\n<p>&nbsp;<\/p>\n\n\t\t<style type=\"text\/css\">\n\t\t\t#gallery-1 {\n\t\t\t\tmargin: auto;\n\t\t\t}\n\t\t\t#gallery-1 .gallery-item {\n\t\t\t\tfloat: left;\n\t\t\t\tmargin-top: 10px;\n\t\t\t\ttext-align: center;\n\t\t\t\twidth: 20%;\n\t\t\t}\n\t\t\t#gallery-1 img {\n\t\t\t\tborder: 2px solid #cfcfcf;\n\t\t\t}\n\t\t\t#gallery-1 .gallery-caption {\n\t\t\t\tmargin-left: 0;\n\t\t\t}\n\t\t\t\/* see gallery_shortcode() in wp-includes\/media.php *\/\n\t\t<\/style>\n\t\t<div id='gallery-1' class='gallery galleryid-3342 gallery-columns-5 gallery-size-thumbnail'><dl class='gallery-item'>\n\t\t\t<dt class='gallery-icon landscape'>\n\t\t\t\t<a class=\"grouped_elements\" rel=\"tc-fancybox-group\" href=\"https:\/\/ops.radlin.pl\/ops\/wp-content\/uploads\/2018\/12\/2018-12-11-Jarmark01.jpg\" title=\"2018-12-11 Jarmark01\"><img loading=\"lazy\" decoding=\"async\" width=\"150\" height=\"150\" src=\"https:\/\/ops.radlin.pl\/ops\/wp-content\/uploads\/2018\/12\/2018-12-11-Jarmark01-150x150.jpg\" class=\"attachment-thumbnail size-thumbnail no-lazy\" alt=\"2018-12-11 Jarmark we Wroc\u0142awiu\" \/><\/a>\n\t\t\t<\/dt><\/dl><dl class='gallery-item'>\n\t\t\t<dt class='gallery-icon landscape'>\n\t\t\t\t<a class=\"grouped_elements\" rel=\"tc-fancybox-group\" href=\"https:\/\/ops.radlin.pl\/ops\/wp-content\/uploads\/2018\/12\/2018-12-11-Jarmark02.jpg\" title=\"2018-12-11 Jarmark02\"><img loading=\"lazy\" decoding=\"async\" width=\"150\" height=\"150\" src=\"https:\/\/ops.radlin.pl\/ops\/wp-content\/uploads\/2018\/12\/2018-12-11-Jarmark02-150x150.jpg\" class=\"attachment-thumbnail size-thumbnail no-lazy\" alt=\"2018-12-11 Jarmark we Wroc\u0142awiu\" \/><\/a>\n\t\t\t<\/dt><\/dl><dl class='gallery-item'>\n\t\t\t<dt class='gallery-icon landscape'>\n\t\t\t\t<a class=\"grouped_elements\" rel=\"tc-fancybox-group\" href=\"https:\/\/ops.radlin.pl\/ops\/wp-content\/uploads\/2018\/12\/2018-12-11-Jarmark03.jpg\" title=\"2018-12-11 Jarmark03\"><img loading=\"lazy\" decoding=\"async\" width=\"150\" height=\"150\" src=\"https:\/\/ops.radlin.pl\/ops\/wp-content\/uploads\/2018\/12\/2018-12-11-Jarmark03-150x150.jpg\" class=\"attachment-thumbnail size-thumbnail no-lazy\" alt=\"2018-12-11 Jarmark we Wroc\u0142awiu\" \/><\/a>\n\t\t\t<\/dt><\/dl><dl class='gallery-item'>\n\t\t\t<dt class='gallery-icon landscape'>\n\t\t\t\t<a class=\"grouped_elements\" rel=\"tc-fancybox-group\" href=\"https:\/\/ops.radlin.pl\/ops\/wp-content\/uploads\/2018\/12\/2018-12-11-Jarmark04.jpg\" title=\"2018-12-11 Jarmark04\"><img loading=\"lazy\" decoding=\"async\" width=\"150\" height=\"150\" src=\"https:\/\/ops.radlin.pl\/ops\/wp-content\/uploads\/2018\/12\/2018-12-11-Jarmark04-150x150.jpg\" class=\"attachment-thumbnail size-thumbnail no-lazy\" alt=\"2018-12-11 Jarmark we Wroc\u0142awiu\" \/><\/a>\n\t\t\t<\/dt><\/dl><dl class='gallery-item'>\n\t\t\t<dt class='gallery-icon landscape'>\n\t\t\t\t<a class=\"grouped_elements\" rel=\"tc-fancybox-group\" href=\"https:\/\/ops.radlin.pl\/ops\/wp-content\/uploads\/2018\/12\/2018-12-11-Jarmark05.jpg\" title=\"2018-12-11 Jarmark05\"><img loading=\"lazy\" decoding=\"async\" width=\"150\" height=\"150\" src=\"https:\/\/ops.radlin.pl\/ops\/wp-content\/uploads\/2018\/12\/2018-12-11-Jarmark05-150x150.jpg\" class=\"attachment-thumbnail size-thumbnail no-lazy\" alt=\"2018-12-11 Jarmark we Wroc\u0142awiu\" \/><\/a>\n\t\t\t<\/dt><\/dl><br style=\"clear: both\" \/>\n\t\t<\/div>\n\n<p> <\/p>\n<h4 style=\"text-align: center;\"><a href=\"http:\/\/ops.radlin.pl\/ops\/galeria\/\">Powr\u00f3t do listy galerii<\/a><\/h4>\n<p> <\/p>\n","protected":false},"excerpt":{"rendered":"<p>Powr\u00f3t do listy galerii &nbsp; Powr\u00f3t do listy galerii<\/p>\n","protected":false},"author":1,"featured_media":0,"parent":0,"menu_order":0,"comment_status":"closed","ping_status":"closed","template":"","meta":{"footnotes":""},"class_list":["post-3342","page","type-page","status-publish","czr-hentry"],"aioseo_notices":[],"_links":{"self":[{"href":"https:\/\/ops.radlin.pl\/ops\/wp-json\/wp\/v2\/pages\/3342","targetHints":{"allow":["GET"]}}],"collection":[{"href":"https:\/\/ops.radlin.pl\/ops\/wp-json\/wp\/v2\/pages"}],"about":[{"href":"https:\/\/ops.radlin.pl\/ops\/wp-json\/wp\/v2\/types\/page"}],"author":[{"embeddable":true,"href":"https:\/\/ops.radlin.pl\/ops\/wp-json\/wp\/v2\/users\/1"}],"replies":[{"embeddable":true,"href":"https:\/\/ops.radlin.pl\/ops\/wp-json\/wp\/v2\/comments?post=3342"}],"version-history":[{"count":4,"href":"https:\/\/ops.radlin.pl\/ops\/wp-json\/wp\/v2\/pages\/3342\/revisions"}],"predecessor-version":[{"id":3348,"href":"https:\/\/ops.radlin.pl\/ops\/wp-json\/wp\/v2\/pages\/3342\/revisions\/3348"}],"wp:attachment":[{"href":"https:\/\/ops.radlin.pl\/ops\/wp-json\/wp\/v2\/media?parent=3342"}],"curies":[{"name":"wp","href":"https:\/\/api.w.org\/{rel}","templated":true}]}}