{"id":3433,"date":"2019-01-03T13:01:04","date_gmt":"2019-01-03T12:01:04","guid":{"rendered":"http:\/\/ops.radlin.pl\/ops\/?page_id=3433"},"modified":"2024-03-13T14:43:14","modified_gmt":"2024-03-13T13:43:14","slug":"nieodplatna-pomoc-prawna","status":"publish","type":"page","link":"https:\/\/ops.radlin.pl\/ops\/nieodplatna-pomoc-prawna\/","title":{"rendered":"Bezp\u0142atne porady prawne i mediacje w Powiecie Wodzis\u0142awskim"},"content":{"rendered":"<div class=\"wp-block-image\">\n<figure class=\"aligncenter size-full\"><img loading=\"lazy\" decoding=\"async\" width=\"1186\" height=\"594\" src=\"https:\/\/ops.radlin.pl\/ops\/wp-content\/uploads\/2024\/03\/baner-porady-2024.png\" alt=\"Potrzebujesz porady? Skorzystaj z darmowej pomocy prawnika!\" class=\"wp-image-6956\" srcset=\"https:\/\/ops.radlin.pl\/ops\/wp-content\/uploads\/2024\/03\/baner-porady-2024.png 1186w, https:\/\/ops.radlin.pl\/ops\/wp-content\/uploads\/2024\/03\/baner-porady-2024-300x150.png 300w, https:\/\/ops.radlin.pl\/ops\/wp-content\/uploads\/2024\/03\/baner-porady-2024-768x385.png 768w\" sizes=\"auto, (max-width: 1186px) 100vw, 1186px\" \/><\/figure>\n<\/div>\n\n\n<div style=\"height:20px\" aria-hidden=\"true\" class=\"wp-block-spacer\"><\/div>\n\n\n\n<h4 class=\"wp-block-heading has-text-align-center\">Punkt nr 5 w Centrum Us\u0142ug Spo\u0142ecznych<br>Radlin, ul. Korfantego 87<\/h4>\n\n\n\n<div style=\"height:30px\" aria-hidden=\"true\" class=\"wp-block-spacer\"><\/div>\n\n\n\n<table id=\"tablepress-30\" class=\"tablepress tablepress-id-30\">\n<thead>\n<tr class=\"row-1\">\n\t<th class=\"column-1\">Dzie\u0144 tygodnia<\/th><th class=\"column-2\">Godziny przyj\u0119\u0107<\/th>\n<\/tr>\n<\/thead>\n<tbody class=\"row-striping row-hover\">\n<tr class=\"row-2\">\n\t<td class=\"column-1\">Poniedzia\u0142ek<\/td><td class=\"column-2\">od godz. 13.00 do godz. 17.00<\/td>\n<\/tr>\n<tr class=\"row-3\">\n\t<td class=\"column-1\">Wtorek<\/td><td class=\"column-2\">od godz. 13.00 do godz. 17.00<\/td>\n<\/tr>\n<tr class=\"row-4\">\n\t<td class=\"column-1\">\u015aroda<\/td><td class=\"column-2\">od godz. 09.00 do godz. 13.00<\/td>\n<\/tr>\n<tr class=\"row-5\">\n\t<td class=\"column-1\">Czwartek<\/td><td class=\"column-2\">od godz. 13.00 do godz. 17.00<\/td>\n<\/tr>\n<tr class=\"row-6\">\n\t<td class=\"column-1\">Pi\u0105tek<\/td><td class=\"column-2\">od godz. 09.00 do godz. 13.00<\/td>\n<\/tr>\n<\/tbody>\n<\/table>\n<!-- #tablepress-30 from cache -->\n\n\n\n<div style=\"height:20px\" aria-hidden=\"true\" class=\"wp-block-spacer\"><\/div>\n\n\n\n<h3 class=\"wp-block-heading has-text-align-center\"><strong>Nieodp\u0142atna pomoc prawna &#8211; na czym polega i komu przys\u0142uguje?<\/strong><\/h3>\n\n\n\n<div style=\"height:20px\" aria-hidden=\"true\" class=\"wp-block-spacer\"><\/div>\n\n\n\n<p class=\"has-text-align-left\">Na terenie powiatu wodzis\u0142awskiego mo\u017cna skorzysta\u0107 z nieodp\u0142atnej pomocy prawnej oraz nieodp\u0142atnych mediacji. Punkty bezp\u0142atnych porad prawnych znajduj\u0105 si\u0119 w Wodzis\u0142awiu \u015al\u0105skim, Radlinie, Pszowie, Rydu\u0142towach oraz w Gorzycach. Sprawd\u017a, na czym polega pomoc, kto mo\u017ce z niej skorzysta\u0107 i na jakich zasadach.<\/p>\n\n\n\n<div style=\"height:20px\" aria-hidden=\"true\" class=\"wp-block-spacer\"><\/div>\n\n\n\n<h3 class=\"wp-block-heading has-text-align-center\"><strong>Jak um\u00f3wi\u0107 si\u0119 na porad\u0119?<\/strong><\/h3>\n\n\n\n<div style=\"height:20px\" aria-hidden=\"true\" class=\"wp-block-spacer\"><\/div>\n\n\n<div class=\"su-box su-box-style-default\" id=\"\" style=\"border-color:#a0a93b;border-radius:3px;max-width:none\"><div class=\"su-box-title\" style=\"background-color:#d3dc6e;color:#FFFFFF;border-top-left-radius:1px;border-top-right-radius:1px\">Uwaga!<\/div><div class=\"su-box-content su-u-clearfix su-u-trim\" style=\"border-bottom-left-radius:1px;border-bottom-right-radius:1px\">\n<p style=\"text-align: center;\"><strong>Na porady nale\u017cy si\u0119 umawia\u0107 telefonicznie pod numerem telefonu<\/strong><\/p>\n<h3 style=\"text-align: center;\"><font color=\"red\"><strong>32 412 09 51<\/strong><\/font><\/h3>\n<p style=\"text-align: center;\"><strong>w godzinach obs\u0142ugi klient\u00f3w Starostwa Powiatowego w Wodzis\u0142awiu \u015al\u0105skim <\/br>(od poniedzia\u0142ku do \u015brody: 8:00 -15:00, czwartek: 8:00 &#8211; 17:00, pi\u0105tek: 8:00 &#8211; 13:00)<\/strong><\/p>\n<p style=\"text-align: center;\"><strong>e-mailem: pomocprawna@powiatwodzislawski.pl<\/strong><\/p>\n<p style=\"text-align: center;\"><strong>lub poprzez wype\u0142nienie formularza na stronie<\/strong><\/p>\n<p style=\"text-align: center;\"><strong><a href=\"https:\/\/zapisy-np.ms.gov.pl\/\" target=\"_blank\" rel=\"noopener\">zapisy-np.ms.gov.pl<\/a><\/strong><\/p>\n<\/div><\/div>\n\n\n\n<div style=\"height:20px\" aria-hidden=\"true\" class=\"wp-block-spacer\"><\/div>\n\n\n\n<h3 class=\"wp-block-heading has-text-align-center\"><strong>Kto mo\u017ce skorzysta\u0107 z bezp\u0142atnej pomocy prawnej?<\/strong><\/h3>\n\n\n\n<div style=\"height:20px\" aria-hidden=\"true\" class=\"wp-block-spacer\"><\/div>\n\n\n\n<p class=\"has-text-align-left\">Z nieodp\u0142atnych porad prawnych i mediacji mo\u017ce skorzysta\u0107 ka\u017cda osoba, kt\u00f3ra nie jest w stanie ponie\u015b\u0107 koszt\u00f3w odp\u0142atnej pomocy prawnej, w tym osoba fizyczna prowadz\u0105ca jednoosobow\u0105 dzia\u0142alno\u015b\u0107 gospodarcz\u0105 niezatrudniaj\u0105ca innych os\u00f3b w ci\u0105gu ostatniego roku.<\/p>\n\n\n\n<p class=\"has-text-align-left\">Przed uzyskaniem bezp\u0142atnej porady nale\u017cy z\u0142o\u017cy\u0107 pisemne o\u015bwiadczenie, \u017ce nie jest si\u0119 w stanie ponie\u015b\u0107 koszt\u00f3w p\u0142atnej pomocy prawnej. O\u015bwiadczenie takie mo\u017cna pobra\u0107 w punkcie od prawnika i wype\u0142ni\u0107 na miejscu bezpo\u015brednio przed porad\u0105.<\/p>\n\n\n\n<p class=\"has-text-align-left\">Gdy porada dotyczy prowadzonej dzia\u0142alno\u015bci gospodarczej nale\u017cy z\u0142o\u017cy\u0107 r\u00f3wnie\u017c o\u015bwiadczenie o niezatrudnianiu innych os\u00f3b w ci\u0105gu ostatniego roku. Dodatkowo konieczne jest dostarczenie do Starostwa Powiatowego za\u015bwiadczenia o pomocy de minimis i informacji niezb\u0119dnych do udzielenia pomocy de minimis.<\/p>\n\n\n\n<div style=\"height:20px\" aria-hidden=\"true\" class=\"wp-block-spacer\"><\/div>\n\n\n\n<h3 class=\"wp-block-heading has-text-align-center\"><strong>Porady dla os\u00f3b ze szczeg\u00f3lnymi potrzebami<\/strong><\/h3>\n\n\n\n<div style=\"height:20px\" aria-hidden=\"true\" class=\"wp-block-spacer\"><\/div>\n\n\n\n<p class=\"has-text-align-left\">Osobom ze znaczn\u0105 niepe\u0142nosprawno\u015bci\u0105 ruchow\u0105, kt\u00f3re nie mog\u0105 stawi\u0107 si\u0119 w punkcie osobi\u015bcie oraz osobom do\u015bwiadczaj\u0105cym trudno\u015bci w komunikowaniu si\u0119, o kt\u00f3rych mowa w ustawie z dnia 19 sierpnia 2011 r. o j\u0119zyku migowym i innych \u015brodkach komunikowania si\u0119, mo\u017ce by\u0107 udzielana pomoc prawna poza punktem (np. poprzez zorganizowanie wizyty w miejscu zamieszkania tych os\u00f3b lub w innym miejscu dostosowanym do potrzeb tych os\u00f3b), lub za po\u015brednictwem \u015brodk\u00f3w porozumiewania si\u0119 na odleg\u0142o\u015b\u0107. W\u00f3wczas nale\u017cy wype\u0142ni\u0107 wniosek o um\u00f3wienie porady zdalnej (do pobrania na dole strony), kt\u00f3ry nast\u0119pnie trzeba przes\u0142a\u0107 elektronicznie na adres: pomocprawna@powiatwodzislawski.pl lub poczt\u0105 na adres: Starostwo Powiatowe w Wodzis\u0142awiu \u015al\u0105skim, ul. Pszowska 92a, 44-300 Wodzis\u0142aw \u015al\u0105ski.<\/p>\n\n\n\n<div style=\"height:20px\" aria-hidden=\"true\" class=\"wp-block-spacer\"><\/div>\n\n\n\n<h3 class=\"wp-block-heading has-text-align-center\"><strong>Co obejmuje nieodp\u0142atna pomoc prawna?<\/strong><\/h3>\n\n\n\n<div style=\"height:20px\" aria-hidden=\"true\" class=\"wp-block-spacer\"><\/div>\n\n\n\n<ul class=\"wp-block-list\">\n<li>nieodp\u0142atna pomoc prawna obejmuje poinformowanie osoby fizycznej, zwanej dalej \u201eosob\u0105 uprawnion\u0105\u201d, o obowi\u0105zuj\u0105cym stanie prawnym oraz przys\u0142uguj\u0105cych jej uprawnieniach lub spoczywaj\u0105cych na niej obowi\u0105zkach, w tym w zwi\u0105zku z tocz\u0105cym si\u0119 post\u0119powaniem przygotowawczym, administracyjnym, s\u0105dowym lub s\u0105dowoadministracyjnym lub<\/li>\n\n\n\n<li>wskazanie osobie uprawnionej sposobu rozwi\u0105zania jej problemu prawnego, lub<\/li>\n\n\n\n<li>sporz\u0105dzenie projektu pisma w sprawach, o kt\u00f3rych mowa w punktach powy\u017cej, z wy\u0142\u0105czeniem pism procesowych w tocz\u0105cym si\u0119 post\u0119powaniu przygotowawczym lub s\u0105dowym i pism w tocz\u0105cym si\u0119 post\u0119powaniu  s\u0105dowoadministracyjnym, lub<\/li>\n\n\n\n<li>nieodp\u0142atn\u0105 mediacj\u0119, lub<\/li>\n\n\n\n<li>sporz\u0105dzenie projektu pisma o zwolnienie od koszt\u00f3w s\u0105dowych lub ustanowienie pe\u0142nomocnika z urz\u0119du w post\u0119powaniu s\u0105dowym lub ustanowienie adwokata, radcy prawnego, doradcy podatkowego lub rzecznika patentowego w post\u0119powaniu s\u0105dowoadministracyjnym oraz poinformowanie o kosztach post\u0119powania i ryzyku finansowym zwi\u0105zanym ze skierowaniem sprawy na drog\u0119 s\u0105dow\u0105.<\/li>\n<\/ul>\n\n\n\n<div style=\"height:20px\" aria-hidden=\"true\" class=\"wp-block-spacer\"><\/div>\n\n\n\n<h3 class=\"wp-block-heading has-text-align-center\"><strong>Czym jest mediacja i kto j\u0105 \u015bwiadczy?<\/strong><\/h3>\n\n\n\n<div style=\"height:20px\" aria-hidden=\"true\" class=\"wp-block-spacer\"><\/div>\n\n\n\n<ul class=\"wp-block-list\">\n<li>mediacja jest pozas\u0105dow\u0105, dobrowoln\u0105, poufn\u0105 i polubown\u0105 metod\u0105 rozwi\u0105zywania sporu, dzi\u0119ki kt\u00f3rej strony, przy pomocy mediatora, dochodz\u0105 do porozumienia;<\/li>\n\n\n\n<li>mediacja jest mo\u017cliwa we wszystkich sprawach, w kt\u00f3rych prawo dopuszcza zawarcie ugody;<\/li>\n\n\n\n<li>przedmiotem mediacji mog\u0105 by\u0107 m.in. sprawy o zap\u0142at\u0119, zniesienie wsp\u00f3\u0142w\u0142asno\u015bci, sprawy pracownicze, rozwi\u0105zanie lub niewykonanie umowy, podzia\u0142 maj\u0105tku, spadku itp.;<\/li>\n\n\n\n<li>korzy\u015bci wynikaj\u0105ce z mediacji to m.in. skr\u00f3cenie czasu i zmniejszenie koszt\u00f3w procesu, zmniejszenie stresu zwi\u0105zanego z konfliktem i spraw\u0105 s\u0105dow\u0105.<\/li>\n\n\n\n<li>nieodp\u0142atna mediacja nie obejmuje spraw w kt\u00f3rych: s\u0105d lub inny organ wyda\u0142 postanowienie o skierowaniu sprawy do mediacji lub je\u015bli zachodzi podejrzenie, \u017ce w relacji stron wyst\u0119puje przemoc.<\/li>\n<\/ul>\n\n\n\n<p class=\"has-text-align-left\">Sta\u0142e dy\u017cury mediator\u00f3w na terenie powiatu wodzis\u0142awskiego:<\/p>\n\n\n\n<ul class=\"wp-block-list\">\n<li>Centrum Us\u0142ug Spo\u0142ecznych w Radlinie: poniedzia\u0142ek w godz. 13.00 \u2013 17.00,<\/li>\n\n\n\n<li>Zesp\u00f3\u0142 Poradni Specjalistycznych w Wodzis\u0142awiu \u015al\u0105skim: poniedzia\u0142ek: 8.00 \u2013 12.00, wtorek w godz. 14.00 \u2013 18.00, \u015broda w godz. 14.00 \u2013 18.00.<\/li>\n<\/ul>\n\n\n\n<p>Istnieje mo\u017cliwo\u015b\u0107 um\u00f3wienia mediacji w dowolnym punkcie w ramach godzin dy\u017cur\u00f3w.<\/p>\n\n\n\n<p>Szczeg\u00f3\u0142owe informacje, w tym harmonogram dy\u017cur\u00f3w prawnik\u00f3w oraz wzory dokument\u00f3w do pobrania dost\u0119pne s\u0105 na stronie <a href=\"http:\/\/www.powiatwodzislawski.pl\" target=\"_blank\" rel=\"noopener\" title=\"\">www.powiatwodzislawski.pl<\/a><\/p>\n\n\n\n<div style=\"height:20px\" aria-hidden=\"true\" class=\"wp-block-spacer\"><\/div>\n\n\n\n<p class=\"has-text-align-left\"><strong>Wi\u0119cej informacji:<\/strong><\/p>\n\n\n\n<ul class=\"wp-block-list\">\n<li><a rel=\"noreferrer noopener\" href=\"https:\/\/www.powiatwodzislawski.pl\/polecamy\/punkty-bezplatnych-porad-prawnych\" target=\"_blank\">Informacja na temat punkt\u00f3w bezp\u0142atnych porad prawnych i obywatelskich wraz z harmonogramem ich dzia\u0142ania<\/a><\/li>\n\n\n\n<li><a href=\"https:\/\/www.gov.pl\/web\/nieodplatna-pomoc\" target=\"_blank\" rel=\"noopener\" title=\"\">Darmowa pomoc prawna<\/a><\/li>\n<\/ul>\n\n\n\n<div style=\"height:20px\" aria-hidden=\"true\" class=\"wp-block-spacer\"><\/div>\n","protected":false},"excerpt":{"rendered":"<p>Punkt nr 5 w Centrum Us\u0142ug Spo\u0142ecznychRadlin, ul. Korfantego 87 Nieodp\u0142atna pomoc prawna &#8211; na czym polega i komu przys\u0142uguje? Na terenie powiatu wodzis\u0142awskiego mo\u017cna skorzysta\u0107 z nieodp\u0142atnej pomocy prawnej oraz nieodp\u0142atnych mediacji. Punkty bezp\u0142atnych porad prawnych znajduj\u0105 si\u0119 w Wodzis\u0142awiu \u015al\u0105skim, Radlinie, Pszowie, Rydu\u0142towach oraz w Gorzycach. Sprawd\u017a, na czym polega pomoc, kto mo\u017ce&hellip; <a class=\"continue\" href=\"https:\/\/ops.radlin.pl\/ops\/nieodplatna-pomoc-prawna\/\"><strong>Czytaj wi\u0119cej:<\/strong><span> Bezp\u0142atne porady prawne i mediacje w Powiecie Wodzis\u0142awskim<\/span><\/a><\/p>\n","protected":false},"author":1,"featured_media":0,"parent":0,"menu_order":0,"comment_status":"closed","ping_status":"closed","template":"","meta":{"footnotes":""},"class_list":["post-3433","page","type-page","status-publish","czr-hentry"],"aioseo_notices":[],"_links":{"self":[{"href":"https:\/\/ops.radlin.pl\/ops\/wp-json\/wp\/v2\/pages\/3433","targetHints":{"allow":["GET"]}}],"collection":[{"href":"https:\/\/ops.radlin.pl\/ops\/wp-json\/wp\/v2\/pages"}],"about":[{"href":"https:\/\/ops.radlin.pl\/ops\/wp-json\/wp\/v2\/types\/page"}],"author":[{"embeddable":true,"href":"https:\/\/ops.radlin.pl\/ops\/wp-json\/wp\/v2\/users\/1"}],"replies":[{"embeddable":true,"href":"https:\/\/ops.radlin.pl\/ops\/wp-json\/wp\/v2\/comments?post=3433"}],"version-history":[{"count":39,"href":"https:\/\/ops.radlin.pl\/ops\/wp-json\/wp\/v2\/pages\/3433\/revisions"}],"predecessor-version":[{"id":6958,"href":"https:\/\/ops.radlin.pl\/ops\/wp-json\/wp\/v2\/pages\/3433\/revisions\/6958"}],"wp:attachment":[{"href":"https:\/\/ops.radlin.pl\/ops\/wp-json\/wp\/v2\/media?parent=3433"}],"curies":[{"name":"wp","href":"https:\/\/api.w.org\/{rel}","templated":true}]}}