{"id":4743,"date":"2020-11-19T14:57:44","date_gmt":"2020-11-19T13:57:44","guid":{"rendered":"https:\/\/ops.radlin.pl\/ops\/?page_id=4743"},"modified":"2021-09-15T14:15:10","modified_gmt":"2021-09-15T12:15:10","slug":"czyste-powietrze","status":"publish","type":"page","link":"https:\/\/ops.radlin.pl\/ops\/czyste-powietrze\/","title":{"rendered":"Czyste Powietrze"},"content":{"rendered":"\n<p>Osoby fizyczne, kt\u00f3re zamierzaj\u0105 sk\u0142ada\u0107 wnioski o przyznanie podwy\u017cszonego poziomu dofinansowania z Narodowego Funduszu Ochrony \u015arodowiska i Gospodarki Wodnej w ramach Programu \u201eCzyste powietrze\u201d powinny uzyska\u0107 za\u015bwiadczenie o wysoko\u015bci przeci\u0119tnego miesi\u0119cznego dochodu przypadaj\u0105cego na jednego cz\u0142onka gospodarstwa domowego osoby fizycznej.<\/p>\n\n\n\n<p class=\"has-text-align-left\">2 pa\u017adziernika 2020 r. zosta\u0142o opublikowane Rozporz\u0105dzenie Ministra Klimatu w sprawie okre\u015blenia wzoru \u017c\u0105dania wydania za\u015bwiadczenia o wysoko\u015bci przeci\u0119tnego miesi\u0119cznego dochodu przypadaj\u0105cego na jednego cz\u0142onka gospodarstwa domowego osoby fizycznej oraz wzoru tego za\u015bwiadczenia.<\/p>\n\n\n\n<p>W zwi\u0105zku z powy\u017cszym informujemy, i\u017c Referat \u015awiadcze\u0144 Rodzinnych i Alimentacyjnych O\u015brodka Pomocy Spo\u0142ecznej w Radlinie b\u0119dzie wydawa\u0142 takie za\u015bwiadczenia niezb\u0119dne do uzyskania dofinansowania w ramach programu \u201eCzyste powietrze\u201d.<\/p>\n\n\n\n<p>W przypadku ubiegania si\u0119 o rozszerzony zakres dofinansowania przy dochodach nie przekraczaj\u0105cych:<br>1400 z\u0142 na osob\u0119 w przypadku gospodarstwa wieloosobowego albo<br>1960 z\u0142 na osob\u0119 w przypadku gospodarstwa jednoosobowego, nale\u017cy uzyska\u0107 takie za\u015bwiadczenie.<\/p>\n\n\n\n<p>Aby uzyska\u0107 je nale\u017cy wype\u0142ni\u0107 wniosek o wydanie takiego za\u015bwiadczenia dost\u0119pny na naszej stronie w zak\u0142adce <a href=\"https:\/\/ops.radlin.pl\/ops\/druki\/\"><strong>Pliki do pobrania &#8211; DRUKI<\/strong><\/a> b\u0105d\u017a pobra\u0107 w wersji papierowej w Referacie \u015awiadcze\u0144 Rodzinnych i Alimentacyjnych.<\/p>\n\n\n\n<div style=\"height:20px\" aria-hidden=\"true\" class=\"wp-block-spacer\"><\/div>\n\n\n\n<p><strong>Wi\u0119cej informacji na temat wydawania za\u015bwiadcze\u0144 udzielamy telefoniczne pod numerem tel 324567072.<\/strong><\/p>\n","protected":false},"excerpt":{"rendered":"<p>Osoby fizyczne, kt\u00f3re zamierzaj\u0105 sk\u0142ada\u0107 wnioski o przyznanie podwy\u017cszonego poziomu dofinansowania z Narodowego Funduszu Ochrony \u015arodowiska i Gospodarki Wodnej w ramach Programu \u201eCzyste powietrze\u201d powinny uzyska\u0107 za\u015bwiadczenie o wysoko\u015bci przeci\u0119tnego miesi\u0119cznego dochodu przypadaj\u0105cego na jednego cz\u0142onka gospodarstwa domowego osoby fizycznej. 2 pa\u017adziernika 2020 r. zosta\u0142o opublikowane Rozporz\u0105dzenie Ministra Klimatu w sprawie okre\u015blenia wzoru \u017c\u0105dania wydania&hellip; <a class=\"continue\" href=\"https:\/\/ops.radlin.pl\/ops\/czyste-powietrze\/\"><strong>Czytaj wi\u0119cej:<\/strong><span> Czyste Powietrze<\/span><\/a><\/p>\n","protected":false},"author":1,"featured_media":0,"parent":0,"menu_order":0,"comment_status":"closed","ping_status":"closed","template":"","meta":{"footnotes":""},"class_list":["post-4743","page","type-page","status-publish","czr-hentry"],"aioseo_notices":[],"_links":{"self":[{"href":"https:\/\/ops.radlin.pl\/ops\/wp-json\/wp\/v2\/pages\/4743","targetHints":{"allow":["GET"]}}],"collection":[{"href":"https:\/\/ops.radlin.pl\/ops\/wp-json\/wp\/v2\/pages"}],"about":[{"href":"https:\/\/ops.radlin.pl\/ops\/wp-json\/wp\/v2\/types\/page"}],"author":[{"embeddable":true,"href":"https:\/\/ops.radlin.pl\/ops\/wp-json\/wp\/v2\/users\/1"}],"replies":[{"embeddable":true,"href":"https:\/\/ops.radlin.pl\/ops\/wp-json\/wp\/v2\/comments?post=4743"}],"version-history":[{"count":3,"href":"https:\/\/ops.radlin.pl\/ops\/wp-json\/wp\/v2\/pages\/4743\/revisions"}],"predecessor-version":[{"id":5157,"href":"https:\/\/ops.radlin.pl\/ops\/wp-json\/wp\/v2\/pages\/4743\/revisions\/5157"}],"wp:attachment":[{"href":"https:\/\/ops.radlin.pl\/ops\/wp-json\/wp\/v2\/media?parent=4743"}],"curies":[{"name":"wp","href":"https:\/\/api.w.org\/{rel}","templated":true}]}}

<p>Osoby fizyczne, które zamierzają składać wnioski o przyznanie podwyższonego poziomu dofinansowania z Narodowego Funduszu Ochrony Środowiska i Gospodarki Wodnej w ramach Programu „Czyste powietrze” powinny uzyskać zaświadczenie o wysokości przeciętnego miesięcznego dochodu przypadającego na jednego członka gospodarstwa domowego osoby fizycznej.</p>



<p class="has-text-align-left">2 października 2020 r. zostało opublikowane Rozporządzenie Ministra Klimatu w sprawie określenia wzoru żądania wydania zaświadczenia o wysokości przeciętnego miesięcznego dochodu przypadającego na jednego członka gospodarstwa domowego osoby fizycznej oraz wzoru tego zaświadczenia.</p>



<p>W związku z powyższym informujemy, iż Referat Świadczeń Rodzinnych i Alimentacyjnych Ośrodka Pomocy Społecznej w Radlinie będzie wydawał takie zaświadczenia niezbędne do uzyskania dofinansowania w ramach programu „Czyste powietrze”.</p>



<p>W przypadku ubiegania się o rozszerzony zakres dofinansowania przy dochodach nie przekraczających:<br>1400 zł na osobę w przypadku gospodarstwa wieloosobowego albo<br>1960 zł na osobę w przypadku gospodarstwa jednoosobowego, należy uzyskać takie zaświadczenie.</p>



<p>Aby uzyskać je należy wypełnić wniosek o wydanie takiego zaświadczenia dostępny na naszej stronie w zakładce <a href="https://ops.radlin.pl/ops/druki/"><strong>Pliki do pobrania &#8211; DRUKI</strong></a> bądź pobrać w wersji papierowej w Referacie Świadczeń Rodzinnych i Alimentacyjnych.</p>



<div style="height:20px" aria-hidden="true" class="wp-block-spacer"></div>



<p><strong>Więcej informacji na temat wydawania zaświadczeń udzielamy telefoniczne pod numerem tel 324567072.</strong></p>

<p>Osoby fizyczne, które zamierzają składać wnioski o przyznanie podwyższonego poziomu dofinansowania z Narodowego Funduszu Ochrony Środowiska i Gospodarki Wodnej w ramach Programu „Czyste powietrze” powinny uzyskać zaświadczenie o wysokości przeciętnego miesięcznego dochodu przypadającego na jednego członka gospodarstwa domowego osoby fizycznej. 2 października 2020 r. zostało opublikowane Rozporządzenie Ministra Klimatu w sprawie określenia wzoru żądania wydania&hellip; <a class="continue" href="https://ops.radlin.pl/ops/czyste-powietrze/"><strong>Czytaj więcej:</strong><span> Czyste Powietrze</span></a></p>
