{"id":5062,"date":"2021-07-27T13:00:48","date_gmt":"2021-07-27T11:00:48","guid":{"rendered":"https:\/\/ops.radlin.pl\/ops\/?page_id=5062"},"modified":"2021-09-27T11:12:40","modified_gmt":"2021-09-27T09:12:40","slug":"programy2021","status":"publish","type":"page","link":"https:\/\/ops.radlin.pl\/ops\/programy2021\/","title":{"rendered":"Diagnoza i programy 2021"},"content":{"rendered":"\n\n<table id=\"tablepress-112\" class=\"tablepress tablepress-id-112\">\n<thead>\n<tr class=\"row-1\">\n\t<td class=\"column-1\"><\/td><th class=\"column-2\">Opis pliku<\/th><td class=\"column-3\"><\/td>\n<\/tr>\n<\/thead>\n<tbody class=\"row-striping row-hover\">\n<tr class=\"row-2\">\n\t<td class=\"column-1\">1.<\/td><td class=\"column-2\"><a href=\"http:\/\/ops.radlin.pl\/ops\/pliki\/inne\/Programy2021\/Diagnoza Problem\u00f3w Spo\u0142ecznych na terenie Miasta Radlin (FINAL).pdf\" target=\"_blank\" rel=\"noopener noreferrer\">Diagnoza Problem\u00f3w Spo\u0142ecznych na terenie miasta Radlin<\/a><\/td><td class=\"column-3\"><img loading=\"lazy\" decoding=\"async\" src=\"http:\/\/ops.radlin.pl\/ops\/wp-content\/uploads\/2017\/05\/pdf_ico.png\" alt=\"\" width=\"32\" height=\"32\" class=\"aligncenter size-full wp-image-790\" \/><\/td>\n<\/tr>\n<tr class=\"row-3\">\n\t<td class=\"column-1\">2.<\/td><td class=\"column-2\"><a href=\"http:\/\/ops.radlin.pl\/ops\/pliki\/inne\/Programy2021\/S.0007.069.2021.pdf\" target=\"_blank\" rel=\"noopener noreferrer\">Strategia rozwi\u0105zywania problem\u00f3w spo\u0142ecznych miasta Radlin ma lata 2021-2027<\/a><\/td><td class=\"column-3\"><img loading=\"lazy\" decoding=\"async\" src=\"http:\/\/ops.radlin.pl\/ops\/wp-content\/uploads\/2017\/05\/pdf_ico.png\" alt=\"\" width=\"32\" height=\"32\" class=\"aligncenter size-full wp-image-790\" \/><\/td>\n<\/tr>\n<tr class=\"row-4\">\n\t<td class=\"column-1\">3.<\/td><td class=\"column-2\"><a href=\"http:\/\/ops.radlin.pl\/ops\/pliki\/inne\/Programy2021\/S.0007.070.2021.pdf\" target=\"_blank\" rel=\"noopener noreferrer\">Program Przeciwdzia\u0142ania Przemocy w Rodzinie oraz Ochrony Ofiar Przemocy w Rodzinie na lata 2021-2027<\/a><\/td><td class=\"column-3\"><img loading=\"lazy\" decoding=\"async\" src=\"http:\/\/ops.radlin.pl\/ops\/wp-content\/uploads\/2017\/05\/pdf_ico.png\" alt=\"\" width=\"32\" height=\"32\" class=\"aligncenter size-full wp-image-790\" \/><\/td>\n<\/tr>\n<tr class=\"row-5\">\n\t<td class=\"column-1\">4.<\/td><td class=\"column-2\"><a href=\"http:\/\/ops.radlin.pl\/ops\/pliki\/inne\/Programy2021\/S.0007.072.2021.pdf\" target=\"_blank\" rel=\"noopener noreferrer\">Program Aktywno\u015bci Lokalnej Miasta Radlin na lata 2021-2027<\/a><\/td><td class=\"column-3\"><img loading=\"lazy\" decoding=\"async\" src=\"http:\/\/ops.radlin.pl\/ops\/wp-content\/uploads\/2017\/05\/pdf_ico.png\" alt=\"\" width=\"32\" height=\"32\" class=\"aligncenter size-full wp-image-790\" \/><\/td>\n<\/tr>\n<tr class=\"row-6\">\n\t<td class=\"column-1\">5.<\/td><td class=\"column-2\"><a href=\"http:\/\/ops.radlin.pl\/ops\/pliki\/inne\/Programy2021\/S.0007.071.2021.pdf\" target=\"_blank\" rel=\"noopener noreferrer\">Program wychodzenia z bezdomno\u015bci dla Miasta Radlin na lata 2021-2027<\/a><\/td><td class=\"column-3\"><img loading=\"lazy\" decoding=\"async\" src=\"http:\/\/ops.radlin.pl\/ops\/wp-content\/uploads\/2017\/05\/pdf_ico.png\" alt=\"\" width=\"32\" height=\"32\" class=\"aligncenter size-full wp-image-790\" \/><\/td>\n<\/tr>\n<\/tbody>\n<\/table>\n<!-- #tablepress-112 from cache -->\n","protected":false},"excerpt":{"rendered":"","protected":false},"author":1,"featured_media":0,"parent":0,"menu_order":0,"comment_status":"closed","ping_status":"closed","template":"","meta":{"footnotes":""},"class_list":["post-5062","page","type-page","status-publish","czr-hentry"],"aioseo_notices":[],"_links":{"self":[{"href":"https:\/\/ops.radlin.pl\/ops\/wp-json\/wp\/v2\/pages\/5062","targetHints":{"allow":["GET"]}}],"collection":[{"href":"https:\/\/ops.radlin.pl\/ops\/wp-json\/wp\/v2\/pages"}],"about":[{"href":"https:\/\/ops.radlin.pl\/ops\/wp-json\/wp\/v2\/types\/page"}],"author":[{"embeddable":true,"href":"https:\/\/ops.radlin.pl\/ops\/wp-json\/wp\/v2\/users\/1"}],"replies":[{"embeddable":true,"href":"https:\/\/ops.radlin.pl\/ops\/wp-json\/wp\/v2\/comments?post=5062"}],"version-history":[{"count":3,"href":"https:\/\/ops.radlin.pl\/ops\/wp-json\/wp\/v2\/pages\/5062\/revisions"}],"predecessor-version":[{"id":5162,"href":"https:\/\/ops.radlin.pl\/ops\/wp-json\/wp\/v2\/pages\/5062\/revisions\/5162"}],"wp:attachment":[{"href":"https:\/\/ops.radlin.pl\/ops\/wp-json\/wp\/v2\/media?parent=5062"}],"curies":[{"name":"wp","href":"https:\/\/api.w.org\/{rel}","templated":true}]}}

<table id="tablepress-112" class="tablepress tablepress-id-112">
<thead>
<tr class="row-1">
	<td class="column-1"></td><th class="column-2">Opis pliku</th><td class="column-3"></td>
</tr>
</thead>
<tbody class="row-striping row-hover">
<tr class="row-2">
	<td class="column-1">1.</td><td class="column-2"><a href="http://ops.radlin.pl/ops/pliki/inne/Programy2021/Diagnoza Problemów Społecznych na terenie Miasta Radlin (FINAL).pdf" target="_blank" rel="noopener noreferrer">Diagnoza Problemów Społecznych na terenie miasta Radlin</a></td><td class="column-3"><img loading="lazy" decoding="async" src="http://ops.radlin.pl/ops/wp-content/uploads/2017/05/pdf_ico.png" alt="" width="32" height="32" class="aligncenter size-full wp-image-790" /></td>
</tr>
<tr class="row-3">
	<td class="column-1">2.</td><td class="column-2"><a href="http://ops.radlin.pl/ops/pliki/inne/Programy2021/S.0007.069.2021.pdf" target="_blank" rel="noopener noreferrer">Strategia rozwiązywania problemów społecznych miasta Radlin ma lata 2021-2027</a></td><td class="column-3"><img loading="lazy" decoding="async" src="http://ops.radlin.pl/ops/wp-content/uploads/2017/05/pdf_ico.png" alt="" width="32" height="32" class="aligncenter size-full wp-image-790" /></td>
</tr>
<tr class="row-4">
	<td class="column-1">3.</td><td class="column-2"><a href="http://ops.radlin.pl/ops/pliki/inne/Programy2021/S.0007.070.2021.pdf" target="_blank" rel="noopener noreferrer">Program Przeciwdziałania Przemocy w Rodzinie oraz Ochrony Ofiar Przemocy w Rodzinie na lata 2021-2027</a></td><td class="column-3"><img loading="lazy" decoding="async" src="http://ops.radlin.pl/ops/wp-content/uploads/2017/05/pdf_ico.png" alt="" width="32" height="32" class="aligncenter size-full wp-image-790" /></td>
</tr>
<tr class="row-5">
	<td class="column-1">4.</td><td class="column-2"><a href="http://ops.radlin.pl/ops/pliki/inne/Programy2021/S.0007.072.2021.pdf" target="_blank" rel="noopener noreferrer">Program Aktywności Lokalnej Miasta Radlin na lata 2021-2027</a></td><td class="column-3"><img loading="lazy" decoding="async" src="http://ops.radlin.pl/ops/wp-content/uploads/2017/05/pdf_ico.png" alt="" width="32" height="32" class="aligncenter size-full wp-image-790" /></td>
</tr>
<tr class="row-6">
	<td class="column-1">5.</td><td class="column-2"><a href="http://ops.radlin.pl/ops/pliki/inne/Programy2021/S.0007.071.2021.pdf" target="_blank" rel="noopener noreferrer">Program wychodzenia z bezdomności dla Miasta Radlin na lata 2021-2027</a></td><td class="column-3"><img loading="lazy" decoding="async" src="http://ops.radlin.pl/ops/wp-content/uploads/2017/05/pdf_ico.png" alt="" width="32" height="32" class="aligncenter size-full wp-image-790" /></td>
</tr>
</tbody>
</table>
<!-- #tablepress-112 from cache -->
