{"id":5423,"date":"2022-02-24T10:18:15","date_gmt":"2022-02-24T09:18:15","guid":{"rendered":"https:\/\/ops.radlin.pl\/ops\/?page_id=5423"},"modified":"2022-02-24T11:22:10","modified_gmt":"2022-02-24T10:22:10","slug":"program-asystent-osobisty-osoby-niepelnosprawnej-edycja-2022","status":"publish","type":"page","link":"https:\/\/ops.radlin.pl\/ops\/program-asystent-osobisty-osoby-niepelnosprawnej-edycja-2022\/","title":{"rendered":"Program \u201eAsystent osobisty osoby niepe\u0142nosprawnej\u201d \u2013 edycja 2022"},"content":{"rendered":"\n<figure class=\"wp-block-image size-full\"><img loading=\"lazy\" decoding=\"async\" width=\"850\" height=\"150\" src=\"https:\/\/ops.radlin.pl\/ops\/wp-content\/uploads\/2021\/06\/FS2.png\" alt=\"Logo\" class=\"wp-image-5026\" srcset=\"https:\/\/ops.radlin.pl\/ops\/wp-content\/uploads\/2021\/06\/FS2.png 850w, https:\/\/ops.radlin.pl\/ops\/wp-content\/uploads\/2021\/06\/FS2-300x53.png 300w, https:\/\/ops.radlin.pl\/ops\/wp-content\/uploads\/2021\/06\/FS2-768x136.png 768w\" sizes=\"auto, (max-width: 850px) 100vw, 850px\" \/><\/figure>\n\n\n\n<p>O\u015brodek Pomocy Spo\u0142ecznej realizuje Program \u201cAsystent osobisty osoby niepe\u0142nosprawnej\u201d \u2013 edycja 2022.<br>Program finansowany jest ze \u015brodk\u00f3w pa\u0144stwowego funduszu celowego zwanego Funduszem Solidarno\u015bciowym.<\/p>\n\n\n\n<div style=\"height:20px\" aria-hidden=\"true\" class=\"wp-block-spacer\"><\/div>\n\n\n\n<p><strong>Warto\u015b\u0107 dofinansowania ze \u015brodk\u00f3w Funduszu Solidarno\u015bciowego w 2022 r.:<\/strong><\/p>\n\n\n\n<p>452 574,00 z\u0142 (czterysta pi\u0119\u0107dziesi\u0105t dwa tysi\u0105ce pi\u0119\u0107set siedemdziesi\u0105t cztery z\u0142ote).<\/p>\n\n\n\n<p><strong>Ca\u0142kowity koszt realizacji tego zadania wynosi w 2022 r.:<\/strong><\/p>\n\n\n\n<p>452 574,00 z\u0142 (czterysta pi\u0119\u0107dziesi\u0105t dwa tysi\u0105ce pi\u0119\u0107set siedemdziesi\u0105t cztery z\u0142ote).<\/p>\n\n\n\n<div style=\"height:20px\" aria-hidden=\"true\" class=\"wp-block-spacer\"><\/div>\n\n\n\n<p class=\"has-text-align-left\">G\u0142\u00f3wnym celem Programu jest wprowadzenie us\u0142ug asystenta jako formy og\u00f3lnodost\u0119pnego wsparcia w wykonywaniu codziennych czynno\u015bci oraz funkcjonowaniu w \u017cyciu spo\u0142ecznym, kt\u00f3rej adresatami s\u0105:<\/p>\n\n\n\n<ul class=\"wp-block-list\"><li>dzieci do 16. roku \u017cycia z orzeczeniem o niepe\u0142nosprawno\u015bci \u0142\u0105cznie ze wskazaniami konieczno\u015bci sta\u0142ej lub d\u0142ugotrwa\u0142ej opieki lub pomocy innej osoby w zwi\u0105zku ze znacznie ograniczon\u0105 mo\u017cliwo\u015bci\u0105 samodzielnej egzystencji oraz konieczno\u015bci sta\u0142ego wsp\u00f3\u0142udzia\u0142u na co dzie\u0144 opiekuna dziecka w procesie jego leczenia, rehabilitacji i edukacji.<\/li><li>osoby niepe\u0142nosprawne posiadaj\u0105ce orzeczenie o niepe\u0142nosprawno\u015bci:<ul><li>o stopniu znacznym lub<\/li><li>o stopniu umiarkowanym albo<\/li><li>traktowane na r\u00f3wni do wymienionych w lit. a i b.<\/li><\/ul><\/li><\/ul>\n\n\n\n<div style=\"height:20px\" aria-hidden=\"true\" class=\"wp-block-spacer\"><\/div>\n\n\n\n<p class=\"has-text-align-left\">Us\u0142ugi asystenta osobistego osoby niepe\u0142nosprawnej \u015bwiadczone s\u0105 bezp\u0142atnie w ramach Programu. Us\u0142ugi asystencji osobistej mog\u0105 w szczeg\u00f3lno\u015bci polega\u0107 na pomocy asystenta w:<\/p>\n\n\n\n<ul class=\"wp-block-list\"><li>wykonywaniu czynno\u015bci dnia codziennego dla uczestnika Programu;<\/li><li>wyj\u015bciu, powrocie lub dojazdach z uczestnikiem Programu w wybrane przez uczestnika miejsca;<\/li><li>za\u0142atwianiu spraw urz\u0119dowych;<\/li><li>korzystaniu z d\u00f3br kultury (np. muzeum, teatr, kino, galerie sztuki, wystawy);<\/li><li>zaprowadzaniu dzieci z orzeczeniem o niepe\u0142nosprawno\u015bci do plac\u00f3wki o\u015bwiatowej lub przyprowadzaniu ich z niej.<\/li><\/ul>\n\n\n\n<div style=\"height:20px\" aria-hidden=\"true\" class=\"wp-block-spacer\"><\/div>\n\n\n\n<p>Limit godzin us\u0142ug asystencji osobistej finansowanych ze \u015brodk\u00f3w Funduszu przypadaj\u0105cych na 1 uczestnika wynosi nie wi\u0119cej ni\u017c:<\/p>\n\n\n\n<ul class=\"wp-block-list\"><li>840 godzin rocznie dla os\u00f3b niepe\u0142nosprawnych posiadaj\u0105cych orzeczenie o znacznym stopniu niepe\u0142nosprawno\u015bci z niepe\u0142nosprawno\u015bci\u0105 sprz\u0119\u017con\u0105;<\/li><li>720 godzin rocznie dla os\u00f3b niepe\u0142nosprawnych posiadaj\u0105cych orzeczenie o znacznym stopniu niepe\u0142nosprawno\u015bci;<\/li><li>360 godzin rocznie dla:<ul><li>os\u00f3b niepe\u0142nosprawnych posiadaj\u0105cych orzeczenie o umiarkowanym stopniu niepe\u0142nosprawno\u015bci,<\/li><li>dzieci do 16. roku \u017cycia z orzeczeniem o niepe\u0142nosprawno\u015bci \u0142\u0105cznie ze wskazaniami: konieczno\u015bci sta\u0142ej lub d\u0142ugotrwa\u0142ej opieki lub pomocy innej osoby w zwi\u0105zku ze znacznie ograniczon\u0105 mo\u017cliwo\u015bci\u0105 samodzielnej egzystencji oraz konieczno\u015bci sta\u0142ego wsp\u00f3\u0142udzia\u0142u na co dzie\u0144 opiekuna dziecka w procesie jego leczenia, rehabilitacji i edukacji.<\/li><\/ul><\/li><\/ul>\n\n\n\n<div style=\"height:40px\" aria-hidden=\"true\" class=\"wp-block-spacer\"><\/div>\n\n\n\n<p>Wi\u0119cej informacji:<br>Centrum Us\u0142ug Spo\u0142ecznych,<br>ul. Korfantego 87, 44-310 Radlin,<br>tel. 737 266 660, mail: ops@radlin.pl<\/p>\n\n\n\n<div style=\"height:40px\" aria-hidden=\"true\" class=\"wp-block-spacer\"><\/div>\n\n\n\n<div class=\"wp-block-image\"><figure class=\"aligncenter size-full\"><img loading=\"lazy\" decoding=\"async\" width=\"762\" height=\"1078\" src=\"https:\/\/ops.radlin.pl\/ops\/wp-content\/uploads\/2022\/02\/AOON-DOF2022.jpg\" alt=\"Dofinansowanie AOON Plakat\" class=\"wp-image-5425\" srcset=\"https:\/\/ops.radlin.pl\/ops\/wp-content\/uploads\/2022\/02\/AOON-DOF2022.jpg 762w, https:\/\/ops.radlin.pl\/ops\/wp-content\/uploads\/2022\/02\/AOON-DOF2022-212x300.jpg 212w\" sizes=\"auto, (max-width: 762px) 100vw, 762px\" \/><\/figure><\/div>\n","protected":false},"excerpt":{"rendered":"<p>O\u015brodek Pomocy Spo\u0142ecznej realizuje Program \u201cAsystent osobisty osoby niepe\u0142nosprawnej\u201d \u2013 edycja 2022.Program finansowany jest ze \u015brodk\u00f3w pa\u0144stwowego funduszu celowego zwanego Funduszem Solidarno\u015bciowym. Warto\u015b\u0107 dofinansowania ze \u015brodk\u00f3w Funduszu Solidarno\u015bciowego w 2022 r.: 452 574,00 z\u0142 (czterysta pi\u0119\u0107dziesi\u0105t dwa tysi\u0105ce pi\u0119\u0107set siedemdziesi\u0105t cztery z\u0142ote). Ca\u0142kowity koszt realizacji tego zadania wynosi w 2022 r.: 452 574,00 z\u0142 (czterysta&hellip; <a class=\"continue\" href=\"https:\/\/ops.radlin.pl\/ops\/program-asystent-osobisty-osoby-niepelnosprawnej-edycja-2022\/\"><strong>Czytaj wi\u0119cej:<\/strong><span> Program \u201eAsystent osobisty osoby niepe\u0142nosprawnej\u201d \u2013 edycja 2022<\/span><\/a><\/p>\n","protected":false},"author":1,"featured_media":0,"parent":0,"menu_order":0,"comment_status":"closed","ping_status":"closed","template":"","meta":{"footnotes":""},"class_list":["post-5423","page","type-page","status-publish","czr-hentry"],"aioseo_notices":[],"_links":{"self":[{"href":"https:\/\/ops.radlin.pl\/ops\/wp-json\/wp\/v2\/pages\/5423","targetHints":{"allow":["GET"]}}],"collection":[{"href":"https:\/\/ops.radlin.pl\/ops\/wp-json\/wp\/v2\/pages"}],"about":[{"href":"https:\/\/ops.radlin.pl\/ops\/wp-json\/wp\/v2\/types\/page"}],"author":[{"embeddable":true,"href":"https:\/\/ops.radlin.pl\/ops\/wp-json\/wp\/v2\/users\/1"}],"replies":[{"embeddable":true,"href":"https:\/\/ops.radlin.pl\/ops\/wp-json\/wp\/v2\/comments?post=5423"}],"version-history":[{"count":4,"href":"https:\/\/ops.radlin.pl\/ops\/wp-json\/wp\/v2\/pages\/5423\/revisions"}],"predecessor-version":[{"id":5430,"href":"https:\/\/ops.radlin.pl\/ops\/wp-json\/wp\/v2\/pages\/5423\/revisions\/5430"}],"wp:attachment":[{"href":"https:\/\/ops.radlin.pl\/ops\/wp-json\/wp\/v2\/media?parent=5423"}],"curies":[{"name":"wp","href":"https:\/\/api.w.org\/{rel}","templated":true}]}}