{"id":5637,"date":"2022-09-21T13:57:46","date_gmt":"2022-09-21T11:57:46","guid":{"rendered":"https:\/\/ops.radlin.pl\/ops\/?page_id=5637"},"modified":"2022-12-01T09:05:38","modified_gmt":"2022-12-01T08:05:38","slug":"instrukcja-wysylania-wniosku-droga-elektroniczna","status":"publish","type":"page","link":"https:\/\/ops.radlin.pl\/ops\/instrukcja-wysylania-wniosku-droga-elektroniczna\/","title":{"rendered":"Instrukcja wysy\u0142ania wniosku drog\u0105 elektroniczn\u0105"},"content":{"rendered":"\n<p class=\"has-text-align-left\"><strong>Instrukcja dotyczy:<\/strong><\/p>\n\n\n\n<ul class=\"wp-block-list\">\n<li>wniosk\u00f3w o wyp\u0142at\u0119 dodatku elektrycznego<\/li>\n<\/ul>\n\n\n\n<div style=\"height:20px\" aria-hidden=\"true\" class=\"wp-block-spacer\"><\/div>\n\n\n\n<p class=\"has-text-align-left\"><strong>W celu wys\u0142ania w\/w wniosk\u00f3w przez ePUAP nale\u017cy:<\/strong><\/p>\n\n\n\n<ol class=\"wp-block-list\">\n<li>Pobra\u0107 wniosek oraz klauzul\u0119 informacyjn\u0105 RODO z tabeli znajduj\u0105cej si\u0119 na dole strony.<\/li>\n\n\n\n<li>Wype\u0142ni\u0107 wniosek elektronicznie lub wydrukowa\u0107, wype\u0142ni\u0107 r\u0119cznie i zeskanowa\u0107 do pliku w formacie .pdf<\/li>\n\n\n\n<li>Wej\u015b\u0107 na stron\u0119 <a href=\"https:\/\/www.gov.pl\/web\/gov\/podpisz-dokument-elektronicznie-wykorzystaj-podpis-zaufany\">https:\/\/www.gov.pl\/web\/gov\/podpisz-dokument-elektronicznie-wykorzystaj-podpis-zaufany<\/a><\/li>\n\n\n\n<li>Podpisa\u0107 oba pliki .pdf zgodnie ze wskaz\u00f3wkami znajduj\u0105cymi si\u0119 na podanej stronie, a nast\u0119pnie tak podpisane pliki zapisa\u0107 np. na pulpicie (plik jest prawid\u0142owo podpisany, je\u015bli pojawi si\u0119 na nim znacznik Podpis zaufany z imieniem i nazwiskiem osoby podpisuj\u0105cej).<\/li>\n\n\n\n<li>Zalogowa\u0107 si\u0119 na ePUAP<\/li>\n\n\n\n<li>Wybra\u0107 Pismo og\u00f3lne do podmiotu publicznego i zaadresowa\u0107 na O\u015brodek Pomocy Spo\u0142ecznej w Radlinie, ul. Ludwika Solskiego 15 (adres skrytki \/1f74qch0c5\/SkrytkaESP)<\/li>\n\n\n\n<li>Za\u0142\u0105czy\u0107 do tego pisma podpisane podpisem zaufanym pliki i wys\u0142a\u0107.<\/li>\n<\/ol>\n\n\n\n<div style=\"height:20px\" aria-hidden=\"true\" class=\"wp-block-spacer\"><\/div>\n\n\n\n<p class=\"has-text-align-left\"><strong>Prosimy nie wysy\u0142a\u0107 zdj\u0119\u0107 wniosku ani skan\u00f3w pojedynczych stron.<\/strong><\/p>\n\n\n\n<p class=\"has-text-align-left\">Wniosek elektroniczny nale\u017cy przesy\u0142a\u0107 tylko i wy\u0142\u0105cznie za po\u015brednictwem ePUAP (wnioski przes\u0142ane za pomoc\u0105 poczty elektronicznej e-mail nie b\u0119d\u0105 rozpatrywane).<\/p>\n\n\n\n<div style=\"height:20px\" aria-hidden=\"true\" class=\"wp-block-spacer\"><\/div>\n\n\n\n<table id=\"tablepress-132\" class=\"tablepress tablepress-id-132\">\n<thead>\n<tr class=\"row-1\">\n\t<td class=\"column-1\"><\/td><th class=\"column-2\">Opis pliku<\/th><td class=\"column-3\"><\/td>\n<\/tr>\n<\/thead>\n<tbody class=\"row-striping row-hover\">\n<tr class=\"row-2\">\n\t<td class=\"column-1\">1.<\/td><td class=\"column-2\"><a href=\"https:\/\/ops.radlin.pl\/ops\/pliki\/druki\/2022\/Wniosek_dodatek_elektryczny_Radlin_v2.pdf\" target=\"_blank\" rel=\"noopener noreferrer\">Wniosek o wyp\u0142at\u0119 dodatku elektrycznego<\/br><\/a><\/td><td class=\"column-3\"><img loading=\"lazy\" decoding=\"async\" src=\"http:\/\/ops.radlin.pl\/ops\/wp-content\/uploads\/2017\/05\/pdf_ico.png\" alt=\"\" width=\"32\" height=\"32\" class=\"aligncenter size-full wp-image-790\" \/><\/td>\n<\/tr>\n<tr class=\"row-3\">\n\t<td class=\"column-1\">2.<\/td><td class=\"column-2\"><a href=\"http:\/\/ops.radlin.pl\/ops\/pliki\/druki\/2022\/Dodatek_elektryczny_obowi\u0105zek_informacyjny.pdf\" target=\"_blank\" rel=\"noopener noreferrer\">Informacja o przetwarzaniu danych do wniosku o dodatek elektryczny<\/br><\/a><\/td><td class=\"column-3\"><img loading=\"lazy\" decoding=\"async\" src=\"http:\/\/ops.radlin.pl\/ops\/wp-content\/uploads\/2017\/05\/pdf_ico.png\" alt=\"\" width=\"32\" height=\"32\" class=\"aligncenter size-full wp-image-790\" \/><\/td>\n<\/tr>\n<\/tbody>\n<\/table>\n\n\n\n\n<p><strong>W polu Organ, do kt\u00f3rego sk\u0142adany jest wniosek nale\u017cy wpisa\u0107 BURMISTRZ RADLINA<\/strong><\/p>\n","protected":false},"excerpt":{"rendered":"<p>Instrukcja dotyczy: W celu wys\u0142ania w\/w wniosk\u00f3w przez ePUAP nale\u017cy: Prosimy nie wysy\u0142a\u0107 zdj\u0119\u0107 wniosku ani skan\u00f3w pojedynczych stron. Wniosek elektroniczny nale\u017cy przesy\u0142a\u0107 tylko i wy\u0142\u0105cznie za po\u015brednictwem ePUAP (wnioski przes\u0142ane za pomoc\u0105 poczty elektronicznej e-mail nie b\u0119d\u0105 rozpatrywane). W polu Organ, do kt\u00f3rego sk\u0142adany jest wniosek nale\u017cy wpisa\u0107 BURMISTRZ RADLINA<\/p>\n","protected":false},"author":1,"featured_media":0,"parent":0,"menu_order":0,"comment_status":"closed","ping_status":"closed","template":"","meta":{"footnotes":""},"class_list":["post-5637","page","type-page","status-publish","czr-hentry"],"aioseo_notices":[],"_links":{"self":[{"href":"https:\/\/ops.radlin.pl\/ops\/wp-json\/wp\/v2\/pages\/5637","targetHints":{"allow":["GET"]}}],"collection":[{"href":"https:\/\/ops.radlin.pl\/ops\/wp-json\/wp\/v2\/pages"}],"about":[{"href":"https:\/\/ops.radlin.pl\/ops\/wp-json\/wp\/v2\/types\/page"}],"author":[{"embeddable":true,"href":"https:\/\/ops.radlin.pl\/ops\/wp-json\/wp\/v2\/users\/1"}],"replies":[{"embeddable":true,"href":"https:\/\/ops.radlin.pl\/ops\/wp-json\/wp\/v2\/comments?post=5637"}],"version-history":[{"count":10,"href":"https:\/\/ops.radlin.pl\/ops\/wp-json\/wp\/v2\/pages\/5637\/revisions"}],"predecessor-version":[{"id":5763,"href":"https:\/\/ops.radlin.pl\/ops\/wp-json\/wp\/v2\/pages\/5637\/revisions\/5763"}],"wp:attachment":[{"href":"https:\/\/ops.radlin.pl\/ops\/wp-json\/wp\/v2\/media?parent=5637"}],"curies":[{"name":"wp","href":"https:\/\/api.w.org\/{rel}","templated":true}]}}