{"id":5875,"date":"2023-01-27T10:01:42","date_gmt":"2023-01-27T09:01:42","guid":{"rendered":"https:\/\/ops.radlin.pl\/ops\/?page_id=5875"},"modified":"2023-04-17T12:39:07","modified_gmt":"2023-04-17T10:39:07","slug":"projekt-uslugi-spoleczne-na-rzecz-ograniczenia-skutkow-kryzysu-wywolanego-konfliktem-zbrojnym-na-terytorium-ukrainy-miasto-radlin","status":"publish","type":"page","link":"https:\/\/ops.radlin.pl\/ops\/projekt-uslugi-spoleczne-na-rzecz-ograniczenia-skutkow-kryzysu-wywolanego-konfliktem-zbrojnym-na-terytorium-ukrainy-miasto-radlin\/","title":{"rendered":"Projekt \u201eUs\u0142ugi spo\u0142eczne na rzecz ograniczenia skutk\u00f3w kryzysu wywo\u0142anego konfliktem zbrojnym na terytorium Ukrainy \u2013 Miasto Radlin\u201d"},"content":{"rendered":"<div class=\"wp-block-image\">\n<figure class=\"aligncenter size-full\"><img loading=\"lazy\" decoding=\"async\" width=\"1298\" height=\"127\" src=\"https:\/\/ops.radlin.pl\/ops\/wp-content\/uploads\/2023\/01\/EFS_kolor_poziom_rgb.png\" alt=\"Logotyp\" class=\"wp-image-5876\" srcset=\"https:\/\/ops.radlin.pl\/ops\/wp-content\/uploads\/2023\/01\/EFS_kolor_poziom_rgb.png 1298w, https:\/\/ops.radlin.pl\/ops\/wp-content\/uploads\/2023\/01\/EFS_kolor_poziom_rgb-300x29.png 300w, https:\/\/ops.radlin.pl\/ops\/wp-content\/uploads\/2023\/01\/EFS_kolor_poziom_rgb-768x75.png 768w\" sizes=\"auto, (max-width: 1298px) 100vw, 1298px\" \/><\/figure>\n<\/div>\n\n\n<div style=\"height:35px\" aria-hidden=\"true\" class=\"wp-block-spacer\"><\/div>\n\n\n\n<p class=\"has-text-align-left\">Projekt <strong>\u201eUs\u0142ugi spo\u0142eczne na rzecz ograniczenia skutk\u00f3w kryzysu wywo\u0142anego konfliktem zbrojnym na terytorium Ukrainy \u2013 Miasto Radlin\u201d<\/strong> wsp\u00f3\u0142finansowany jest ze \u015brodk\u00f3w Europejskiego Funduszu Spo\u0142ecznego w ramach Regionalnego Programu Operacyjnego Wojew\u00f3dztwa \u015al\u0105skiego na lata 2014-2020, dla osi priorytetowej: IX. W\u0142\u0105czenie spo\u0142eczne, dla dzia\u0142ania 9.2: Dost\u0119pne i efektywne us\u0142ugi spo\u0142eczne i zdrowotne, poddzia\u0142ania 9.2.10: Us\u0142ugi spo\u0142eczne na rzecz ograniczenia skutk\u00f3w kryzysu wywo\u0142anego konfliktem zbrojnym na terytorium Ukrainy \u2013 tryb nadzwyczajny.<\/p>\n\n\n\n<p class=\"has-text-align-left\">Projekt realizowany jest przez: <strong>O\u015brodek Pomocy Spo\u0142ecznej w Radlinie i \u015awietlic\u0119 \u015arodowiskow\u0105 w Radlinie.<\/strong><\/p>\n\n\n\n<p class=\"has-text-align-left\">Celem g\u0142\u00f3wnym projektu jest poprawa funkcjonowania rodzin dotkni\u0119tych skutkami kryzysu migracyjnego zwi\u0105zanego z wojn\u0105 na terytorium Ukrainy, przebywaj\u0105cych na terenie gminy Radlin, poprzez realizacj\u0119 us\u0142ug z zakresu wsparcia rodziny wynikaj\u0105cych z indywidualnych potrzeb z uwzgl\u0119dnieniem specyfiki grupy docelowej. Celem po\u015brednim pozwalaj\u0105cym osi\u0105gn\u0105\u0107 cel g\u0142\u00f3wny jest wsparcia podmiot\u00f3w realizuj\u0105cych us\u0142ugi wsparcia rodziny w zakresie dzia\u0142a\u0144 podnosz\u0105cych standard i jako\u015b\u0107 us\u0142ug realizowanych na rzecz bezpo\u015brednich odbiorc\u00f3w poprzez utworzenie dodatkowych miejsc pracy oraz wzrost kompetencji kadry poprzez realizacj\u0119 szkole\u0144 uzupe\u0142niaj\u0105cych o wiedz\u0119 z zakresu pracy z osobami do\u015bwiadczaj\u0105cymi traumy.<\/p>\n\n\n\n<div style=\"height:20px\" aria-hidden=\"true\" class=\"wp-block-spacer\"><\/div>\n\n\n\n<p class=\"has-text-align-left\"><strong>Dofinansowanie projektu z UE:<\/strong> 124 241,95 z\u0142<\/p>\n\n\n\n<p><strong>Ca\u0142kowita warto\u015b\u0107 projektu:<\/strong> 146 167,00 z\u0142<\/p>\n\n\n\n<p class=\"has-text-align-left\"><strong>Okres realizacji projektu:<\/strong> 01.11.2022 r. \u2013 30.06.2023 r.<\/p>\n\n\n\n<div style=\"height:50px\" aria-hidden=\"true\" class=\"wp-block-spacer\"><\/div>\n\n\n<div class=\"wp-block-image\">\n<figure class=\"aligncenter size-large\"><img loading=\"lazy\" decoding=\"async\" width=\"1527\" height=\"1078\" src=\"https:\/\/ops.radlin.pl\/ops\/wp-content\/uploads\/2023\/01\/Plakat-projekt-UA.jpg\" alt=\"Plakat projekt\" class=\"wp-image-5893\" srcset=\"https:\/\/ops.radlin.pl\/ops\/wp-content\/uploads\/2023\/01\/Plakat-projekt-UA.jpg 1527w, https:\/\/ops.radlin.pl\/ops\/wp-content\/uploads\/2023\/01\/Plakat-projekt-UA-300x212.jpg 300w, https:\/\/ops.radlin.pl\/ops\/wp-content\/uploads\/2023\/01\/Plakat-projekt-UA-768x542.jpg 768w\" sizes=\"auto, (max-width: 1527px) 100vw, 1527px\" \/><\/figure>\n<\/div>","protected":false},"excerpt":{"rendered":"<p>Projekt \u201eUs\u0142ugi spo\u0142eczne na rzecz ograniczenia skutk\u00f3w kryzysu wywo\u0142anego konfliktem zbrojnym na terytorium Ukrainy \u2013 Miasto Radlin\u201d wsp\u00f3\u0142finansowany jest ze \u015brodk\u00f3w Europejskiego Funduszu Spo\u0142ecznego w ramach Regionalnego Programu Operacyjnego Wojew\u00f3dztwa \u015al\u0105skiego na lata 2014-2020, dla osi priorytetowej: IX. W\u0142\u0105czenie spo\u0142eczne, dla dzia\u0142ania 9.2: Dost\u0119pne i efektywne us\u0142ugi spo\u0142eczne i zdrowotne, poddzia\u0142ania 9.2.10: Us\u0142ugi spo\u0142eczne na&hellip; <a class=\"continue\" href=\"https:\/\/ops.radlin.pl\/ops\/projekt-uslugi-spoleczne-na-rzecz-ograniczenia-skutkow-kryzysu-wywolanego-konfliktem-zbrojnym-na-terytorium-ukrainy-miasto-radlin\/\"><strong>Czytaj wi\u0119cej:<\/strong><span> Projekt \u201eUs\u0142ugi spo\u0142eczne na rzecz ograniczenia skutk\u00f3w kryzysu wywo\u0142anego konfliktem zbrojnym na terytorium Ukrainy \u2013 Miasto Radlin\u201d<\/span><\/a><\/p>\n","protected":false},"author":1,"featured_media":0,"parent":0,"menu_order":0,"comment_status":"closed","ping_status":"closed","template":"","meta":{"footnotes":""},"class_list":["post-5875","page","type-page","status-publish","czr-hentry"],"aioseo_notices":[],"_links":{"self":[{"href":"https:\/\/ops.radlin.pl\/ops\/wp-json\/wp\/v2\/pages\/5875","targetHints":{"allow":["GET"]}}],"collection":[{"href":"https:\/\/ops.radlin.pl\/ops\/wp-json\/wp\/v2\/pages"}],"about":[{"href":"https:\/\/ops.radlin.pl\/ops\/wp-json\/wp\/v2\/types\/page"}],"author":[{"embeddable":true,"href":"https:\/\/ops.radlin.pl\/ops\/wp-json\/wp\/v2\/users\/1"}],"replies":[{"embeddable":true,"href":"https:\/\/ops.radlin.pl\/ops\/wp-json\/wp\/v2\/comments?post=5875"}],"version-history":[{"count":11,"href":"https:\/\/ops.radlin.pl\/ops\/wp-json\/wp\/v2\/pages\/5875\/revisions"}],"predecessor-version":[{"id":5985,"href":"https:\/\/ops.radlin.pl\/ops\/wp-json\/wp\/v2\/pages\/5875\/revisions\/5985"}],"wp:attachment":[{"href":"https:\/\/ops.radlin.pl\/ops\/wp-json\/wp\/v2\/media?parent=5875"}],"curies":[{"name":"wp","href":"https:\/\/api.w.org\/{rel}","templated":true}]}}

Projekt „Usługi społeczne na rzecz ograniczenia skutków kryzysu wywołanego konfliktem zbrojnym na terytorium Ukrainy – Miasto Radlin”

<div class="wp-block-image">
<figure class="aligncenter size-full"><img loading="lazy" decoding="async" width="1298" height="127" src="https://ops.radlin.pl/ops/wp-content/uploads/2023/01/EFS_kolor_poziom_rgb.png" alt="Logotyp" class="wp-image-5876" srcset="https://ops.radlin.pl/ops/wp-content/uploads/2023/01/EFS_kolor_poziom_rgb.png 1298w, https://ops.radlin.pl/ops/wp-content/uploads/2023/01/EFS_kolor_poziom_rgb-300x29.png 300w, https://ops.radlin.pl/ops/wp-content/uploads/2023/01/EFS_kolor_poziom_rgb-768x75.png 768w" sizes="auto, (max-width: 1298px) 100vw, 1298px" /></figure>
</div>


<div style="height:35px" aria-hidden="true" class="wp-block-spacer"></div>



<p class="has-text-align-left">Projekt <strong>„Usługi społeczne na rzecz ograniczenia skutków kryzysu wywołanego konfliktem zbrojnym na terytorium Ukrainy – Miasto Radlin”</strong> współfinansowany jest ze środków Europejskiego Funduszu Społecznego w ramach Regionalnego Programu Operacyjnego Województwa Śląskiego na lata 2014-2020, dla osi priorytetowej: IX. Włączenie społeczne, dla działania 9.2: Dostępne i efektywne usługi społeczne i zdrowotne, poddziałania 9.2.10: Usługi społeczne na rzecz ograniczenia skutków kryzysu wywołanego konfliktem zbrojnym na terytorium Ukrainy – tryb nadzwyczajny.</p>



<p class="has-text-align-left">Projekt realizowany jest przez: <strong>Ośrodek Pomocy Społecznej w Radlinie i Świetlicę Środowiskową w Radlinie.</strong></p>



<p class="has-text-align-left">Celem głównym projektu jest poprawa funkcjonowania rodzin dotkniętych skutkami kryzysu migracyjnego związanego z wojną na terytorium Ukrainy, przebywających na terenie gminy Radlin, poprzez realizację usług z zakresu wsparcia rodziny wynikających z indywidualnych potrzeb z uwzględnieniem specyfiki grupy docelowej. Celem pośrednim pozwalającym osiągnąć cel główny jest wsparcia podmiotów realizujących usługi wsparcia rodziny w zakresie działań podnoszących standard i jakość usług realizowanych na rzecz bezpośrednich odbiorców poprzez utworzenie dodatkowych miejsc pracy oraz wzrost kompetencji kadry poprzez realizację szkoleń uzupełniających o wiedzę z zakresu pracy z osobami doświadczającymi traumy.</p>



<div style="height:20px" aria-hidden="true" class="wp-block-spacer"></div>



<p class="has-text-align-left"><strong>Dofinansowanie projektu z UE:</strong> 124 241,95 zł</p>



<p><strong>Całkowita wartość projektu:</strong> 146 167,00 zł</p>



<p class="has-text-align-left"><strong>Okres realizacji projektu:</strong> 01.11.2022 r. – 30.06.2023 r.</p>



<div style="height:50px" aria-hidden="true" class="wp-block-spacer"></div>


<div class="wp-block-image">
<figure class="aligncenter size-large"><img loading="lazy" decoding="async" width="1527" height="1078" src="https://ops.radlin.pl/ops/wp-content/uploads/2023/01/Plakat-projekt-UA.jpg" alt="Plakat projekt" class="wp-image-5893" srcset="https://ops.radlin.pl/ops/wp-content/uploads/2023/01/Plakat-projekt-UA.jpg 1527w, https://ops.radlin.pl/ops/wp-content/uploads/2023/01/Plakat-projekt-UA-300x212.jpg 300w, https://ops.radlin.pl/ops/wp-content/uploads/2023/01/Plakat-projekt-UA-768x542.jpg 768w" sizes="auto, (max-width: 1527px) 100vw, 1527px" /></figure>
</div>

<p>Projekt „Usługi społeczne na rzecz ograniczenia skutków kryzysu wywołanego konfliktem zbrojnym na terytorium Ukrainy – Miasto Radlin” współfinansowany jest ze środków Europejskiego Funduszu Społecznego w ramach Regionalnego Programu Operacyjnego Województwa Śląskiego na lata 2014-2020, dla osi priorytetowej: IX. Włączenie społeczne, dla działania 9.2: Dostępne i efektywne usługi społeczne i zdrowotne, poddziałania 9.2.10: Usługi społeczne na&hellip; <a class="continue" href="https://ops.radlin.pl/ops/projekt-uslugi-spoleczne-na-rzecz-ograniczenia-skutkow-kryzysu-wywolanego-konfliktem-zbrojnym-na-terytorium-ukrainy-miasto-radlin/"><strong>Czytaj więcej:</strong><span> Projekt „Usługi społeczne na rzecz ograniczenia skutków kryzysu wywołanego konfliktem zbrojnym na terytorium Ukrainy – Miasto Radlin”</span></a></p>
