{"id":5906,"date":"2023-02-20T11:54:19","date_gmt":"2023-02-20T10:54:19","guid":{"rendered":"https:\/\/ops.radlin.pl\/ops\/?page_id=5906"},"modified":"2023-03-07T11:41:25","modified_gmt":"2023-03-07T10:41:25","slug":"program-opieka-wytchnieniowa-edycja-2023","status":"publish","type":"page","link":"https:\/\/ops.radlin.pl\/ops\/program-opieka-wytchnieniowa-edycja-2023\/","title":{"rendered":"Program \u201eOpieka wytchnieniowa\u201d \u2013 edycja 2023"},"content":{"rendered":"<div class=\"wp-block-image\">\n<figure class=\"aligncenter size-full\"><img loading=\"lazy\" decoding=\"async\" width=\"850\" height=\"150\" src=\"https:\/\/ops.radlin.pl\/ops\/wp-content\/uploads\/2021\/06\/FS2.png\" alt=\"Logo\" class=\"wp-image-5026\" srcset=\"https:\/\/ops.radlin.pl\/ops\/wp-content\/uploads\/2021\/06\/FS2.png 850w, https:\/\/ops.radlin.pl\/ops\/wp-content\/uploads\/2021\/06\/FS2-300x53.png 300w, https:\/\/ops.radlin.pl\/ops\/wp-content\/uploads\/2021\/06\/FS2-768x136.png 768w\" sizes=\"auto, (max-width: 850px) 100vw, 850px\" \/><\/figure>\n<\/div>\n\n\n<div style=\"height:10px\" aria-hidden=\"true\" class=\"wp-block-spacer\"><\/div>\n\n\n\n<p class=\"has-text-align-center\"><strong>O\u015brodek Pomocy Spo\u0142ecznej realizuje Program \u201eOpieka wytchnieniowa\u201d \u2013 edycja 2023.<\/strong><\/p>\n\n\n\n<p class=\"has-text-align-center\"><strong>Program finansowany jest ze \u015brodk\u00f3w pa\u0144stwowego funduszu celowego zwanego Funduszem Solidarno\u015bciowym.<\/strong><\/p>\n\n\n\n<div style=\"height:40px\" aria-hidden=\"true\" class=\"wp-block-spacer\"><\/div>\n\n\n\n<p class=\"has-text-align-left\"><strong>Warto\u015b\u0107 dofinansowania ze \u015brodk\u00f3w Funduszu Solidarno\u015bciowego w 2023 r.:<\/strong><\/p>\n\n\n\n<p class=\"has-text-align-left\">68 544,00 z\u0142 (sze\u015b\u0107dziesi\u0105t osiem tysi\u0119cy pi\u0119\u0107set czterdzie\u015bci cztery z\u0142ote).<\/p>\n\n\n\n<p class=\"has-text-align-left\"><strong>Ca\u0142kowity koszt realizacji tego zadania wynosi w 2023 r.:<\/strong><\/p>\n\n\n\n<p class=\"has-text-align-left\">68 544,00 z\u0142 (sze\u015b\u0107dziesi\u0105t osiem tysi\u0119cy pi\u0119\u0107set czterdzie\u015bci cztery z\u0142ote).<\/p>\n\n\n\n<div style=\"height:40px\" aria-hidden=\"true\" class=\"wp-block-spacer\"><\/div>\n\n\n\n<p class=\"has-text-align-left\">G\u0142\u00f3wnym celem Programu jest wsparcie cz\u0142onk\u00f3w rodzin lub opiekun\u00f3w sprawuj\u0105cych bezpo\u015bredni\u0105 opiek\u0119 nad:<\/p>\n\n\n\n<ul class=\"wp-block-list\">\n<li>dzie\u0107mi z orzeczeniem o niepe\u0142nosprawno\u015bci,<\/li>\n\n\n\n<li>osobami niepe\u0142nosprawnymi posiadaj\u0105cymi orzeczenie o znacznym stopniu niepe\u0142nosprawno\u015bci albo orzeczenie traktowane na r\u00f3wni z orzeczeniem o znacznym stopniu niepe\u0142nosprawno\u015bci, zgodnie z art. 5 i art. 62 ustawy z dnia 27 sierpnia 1997 r. o rehabilitacji zawodowej i spo\u0142ecznej oraz zatrudnianiu os\u00f3b niepe\u0142nosprawnych (Dz. U. z 2021 r. poz. 573, z p\u00f3\u017an. zm.), poprzez mo\u017cliwo\u015b\u0107 uzyskania dora\u017anej, czasowej pomocy w formie us\u0142ugi opieki wytchnieniowej.<\/li>\n<\/ul>\n\n\n\n<p class=\"has-text-align-left\">Us\u0142ugi opieki wytchnieniowej przys\u0142uguj\u0105 w przypadku zamieszkiwania cz\u0142onka rodziny lub opiekuna we wsp\u00f3lnym gospodarstwie domowym z osob\u0105 niepe\u0142nosprawn\u0105 i sprawowania ca\u0142odobowej opieki nad t\u0105 osob\u0105.<\/p>\n\n\n\n<p class=\"has-text-align-left\">Uczestnik nie ponosi odp\u0142atno\u015bci za us\u0142ugi \u015bwiadczone w ramach Programu.<\/p>\n\n\n\n<p class=\"has-text-align-left\">Us\u0142ugi opieki wytchnieniowej w ramach pobytu dziennego w miejscu zamieszkania osoby niepe\u0142nosprawnej przyznawane s\u0105 w wymiarze nie wi\u0119cej ni\u017c 240 godzin w danym roku kalendarzowym. Us\u0142uga opieki wytchnieniowej w ramach pobytu dziennego w miejscu zamieszkania osoby niepe\u0142nosprawnej mo\u017ce by\u0107 \u015bwiadczona w godzinach od 6.00 do 22.00 przez 7 dni w tygodniu, przy czym maksymalnie do 12 godzin na dob\u0119.<\/p>\n\n\n\n<div style=\"height:40px\" aria-hidden=\"true\" class=\"wp-block-spacer\"><\/div>\n\n\n\n<p class=\"has-text-align-left\"><strong>Wi\u0119cej informacji:<\/strong><\/p>\n\n\n\n<p class=\"has-text-align-left\">O\u015brodek Pomocy Spo\u0142ecznej,<br>ul. Solskiego 15, 44-310 Radlin,<br>tel. 32 440 74 43, mail: ops@radlin.pl<\/p>\n\n\n\n<div style=\"height:40px\" aria-hidden=\"true\" class=\"wp-block-spacer\"><\/div>\n\n\n<div class=\"wp-block-image\">\n<figure class=\"aligncenter size-full\"><img loading=\"lazy\" decoding=\"async\" width=\"1078\" height=\"1527\" src=\"https:\/\/ops.radlin.pl\/ops\/wp-content\/uploads\/2023\/02\/OW-2003-rotated.jpg\" alt=\"Dofinansowanie OW 2023 - Plakat\" class=\"wp-image-5933\" srcset=\"https:\/\/ops.radlin.pl\/ops\/wp-content\/uploads\/2023\/02\/OW-2003-rotated.jpg 1078w, https:\/\/ops.radlin.pl\/ops\/wp-content\/uploads\/2023\/02\/OW-2003-212x300.jpg 212w, https:\/\/ops.radlin.pl\/ops\/wp-content\/uploads\/2023\/02\/OW-2003-768x1088.jpg 768w\" sizes=\"auto, (max-width: 1078px) 100vw, 1078px\" \/><\/figure>\n<\/div>","protected":false},"excerpt":{"rendered":"<p>O\u015brodek Pomocy Spo\u0142ecznej realizuje Program \u201eOpieka wytchnieniowa\u201d \u2013 edycja 2023. Program finansowany jest ze \u015brodk\u00f3w pa\u0144stwowego funduszu celowego zwanego Funduszem Solidarno\u015bciowym. Warto\u015b\u0107 dofinansowania ze \u015brodk\u00f3w Funduszu Solidarno\u015bciowego w 2023 r.: 68 544,00 z\u0142 (sze\u015b\u0107dziesi\u0105t osiem tysi\u0119cy pi\u0119\u0107set czterdzie\u015bci cztery z\u0142ote). Ca\u0142kowity koszt realizacji tego zadania wynosi w 2023 r.: 68 544,00 z\u0142 (sze\u015b\u0107dziesi\u0105t osiem tysi\u0119cy&hellip; <a class=\"continue\" href=\"https:\/\/ops.radlin.pl\/ops\/program-opieka-wytchnieniowa-edycja-2023\/\"><strong>Czytaj wi\u0119cej:<\/strong><span> Program \u201eOpieka wytchnieniowa\u201d \u2013 edycja 2023<\/span><\/a><\/p>\n","protected":false},"author":1,"featured_media":0,"parent":0,"menu_order":0,"comment_status":"closed","ping_status":"closed","template":"","meta":{"footnotes":""},"class_list":["post-5906","page","type-page","status-publish","czr-hentry"],"aioseo_notices":[],"_links":{"self":[{"href":"https:\/\/ops.radlin.pl\/ops\/wp-json\/wp\/v2\/pages\/5906","targetHints":{"allow":["GET"]}}],"collection":[{"href":"https:\/\/ops.radlin.pl\/ops\/wp-json\/wp\/v2\/pages"}],"about":[{"href":"https:\/\/ops.radlin.pl\/ops\/wp-json\/wp\/v2\/types\/page"}],"author":[{"embeddable":true,"href":"https:\/\/ops.radlin.pl\/ops\/wp-json\/wp\/v2\/users\/1"}],"replies":[{"embeddable":true,"href":"https:\/\/ops.radlin.pl\/ops\/wp-json\/wp\/v2\/comments?post=5906"}],"version-history":[{"count":13,"href":"https:\/\/ops.radlin.pl\/ops\/wp-json\/wp\/v2\/pages\/5906\/revisions"}],"predecessor-version":[{"id":5945,"href":"https:\/\/ops.radlin.pl\/ops\/wp-json\/wp\/v2\/pages\/5906\/revisions\/5945"}],"wp:attachment":[{"href":"https:\/\/ops.radlin.pl\/ops\/wp-json\/wp\/v2\/media?parent=5906"}],"curies":[{"name":"wp","href":"https:\/\/api.w.org\/{rel}","templated":true}]}}

<div class="wp-block-image">
<figure class="aligncenter size-full"><img loading="lazy" decoding="async" width="850" height="150" src="https://ops.radlin.pl/ops/wp-content/uploads/2021/06/FS2.png" alt="Logo" class="wp-image-5026" srcset="https://ops.radlin.pl/ops/wp-content/uploads/2021/06/FS2.png 850w, https://ops.radlin.pl/ops/wp-content/uploads/2021/06/FS2-300x53.png 300w, https://ops.radlin.pl/ops/wp-content/uploads/2021/06/FS2-768x136.png 768w" sizes="auto, (max-width: 850px) 100vw, 850px" /></figure>
</div>


<div style="height:10px" aria-hidden="true" class="wp-block-spacer"></div>



<p class="has-text-align-center"><strong>Ośrodek Pomocy Społecznej realizuje Program „Opieka wytchnieniowa” – edycja 2023.</strong></p>



<p class="has-text-align-center"><strong>Program finansowany jest ze środków państwowego funduszu celowego zwanego Funduszem Solidarnościowym.</strong></p>



<div style="height:40px" aria-hidden="true" class="wp-block-spacer"></div>



<p class="has-text-align-left"><strong>Wartość dofinansowania ze środków Funduszu Solidarnościowego w 2023 r.:</strong></p>



<p class="has-text-align-left">68 544,00 zł (sześćdziesiąt osiem tysięcy pięćset czterdzieści cztery złote).</p>



<p class="has-text-align-left"><strong>Całkowity koszt realizacji tego zadania wynosi w 2023 r.:</strong></p>



<p class="has-text-align-left">68 544,00 zł (sześćdziesiąt osiem tysięcy pięćset czterdzieści cztery złote).</p>



<div style="height:40px" aria-hidden="true" class="wp-block-spacer"></div>



<p class="has-text-align-left">Głównym celem Programu jest wsparcie członków rodzin lub opiekunów sprawujących bezpośrednią opiekę nad:</p>



<ul class="wp-block-list">
<li>dziećmi z orzeczeniem o niepełnosprawności,</li>



<li>osobami niepełnosprawnymi posiadającymi orzeczenie o znacznym stopniu niepełnosprawności albo orzeczenie traktowane na równi z orzeczeniem o znacznym stopniu niepełnosprawności, zgodnie z art. 5 i art. 62 ustawy z dnia 27 sierpnia 1997 r. o rehabilitacji zawodowej i społecznej oraz zatrudnianiu osób niepełnosprawnych (Dz. U. z 2021 r. poz. 573, z późn. zm.), poprzez możliwość uzyskania doraźnej, czasowej pomocy w formie usługi opieki wytchnieniowej.</li>
</ul>



<p class="has-text-align-left">Usługi opieki wytchnieniowej przysługują w przypadku zamieszkiwania członka rodziny lub opiekuna we wspólnym gospodarstwie domowym z osobą niepełnosprawną i sprawowania całodobowej opieki nad tą osobą.</p>



<p class="has-text-align-left">Uczestnik nie ponosi odpłatności za usługi świadczone w ramach Programu.</p>



<p class="has-text-align-left">Usługi opieki wytchnieniowej w ramach pobytu dziennego w miejscu zamieszkania osoby niepełnosprawnej przyznawane są w wymiarze nie więcej niż 240 godzin w danym roku kalendarzowym. Usługa opieki wytchnieniowej w ramach pobytu dziennego w miejscu zamieszkania osoby niepełnosprawnej może być świadczona w godzinach od 6.00 do 22.00 przez 7 dni w tygodniu, przy czym maksymalnie do 12 godzin na dobę.</p>



<div style="height:40px" aria-hidden="true" class="wp-block-spacer"></div>



<p class="has-text-align-left"><strong>Więcej informacji:</strong></p>



<p class="has-text-align-left">Ośrodek Pomocy Społecznej,<br>ul. Solskiego 15, 44-310 Radlin,<br>tel. 32 440 74 43, mail: ops@radlin.pl</p>



<div style="height:40px" aria-hidden="true" class="wp-block-spacer"></div>


<div class="wp-block-image">
<figure class="aligncenter size-full"><img loading="lazy" decoding="async" width="1078" height="1527" src="https://ops.radlin.pl/ops/wp-content/uploads/2023/02/OW-2003-rotated.jpg" alt="Dofinansowanie OW 2023 - Plakat" class="wp-image-5933" srcset="https://ops.radlin.pl/ops/wp-content/uploads/2023/02/OW-2003-rotated.jpg 1078w, https://ops.radlin.pl/ops/wp-content/uploads/2023/02/OW-2003-212x300.jpg 212w, https://ops.radlin.pl/ops/wp-content/uploads/2023/02/OW-2003-768x1088.jpg 768w" sizes="auto, (max-width: 1078px) 100vw, 1078px" /></figure>
</div>

<p>Ośrodek Pomocy Społecznej realizuje Program „Opieka wytchnieniowa” – edycja 2023. Program finansowany jest ze środków państwowego funduszu celowego zwanego Funduszem Solidarnościowym. Wartość dofinansowania ze środków Funduszu Solidarnościowego w 2023 r.: 68 544,00 zł (sześćdziesiąt osiem tysięcy pięćset czterdzieści cztery złote). Całkowity koszt realizacji tego zadania wynosi w 2023 r.: 68 544,00 zł (sześćdziesiąt osiem tysięcy&hellip; <a class="continue" href="https://ops.radlin.pl/ops/program-opieka-wytchnieniowa-edycja-2023/"><strong>Czytaj więcej:</strong><span> Program „Opieka wytchnieniowa” – edycja 2023</span></a></p>
