{"id":693,"date":"2017-05-23T15:09:54","date_gmt":"2017-05-23T13:09:54","guid":{"rendered":"http:\/\/ops.radlin.pl\/ops\/?page_id=693"},"modified":"2020-02-24T08:56:13","modified_gmt":"2020-02-24T07:56:13","slug":"kontakt","status":"publish","type":"page","link":"https:\/\/ops.radlin.pl\/ops\/kontakt\/","title":{"rendered":"Kontakt"},"content":{"rendered":"\n<table id=\"tablepress-1\" class=\"tablepress tablepress-id-1 tbody-has-connected-cells\">\n<tbody class=\"row-striping row-hover\">\n<tr class=\"row-1\">\n\t<td colspan=\"2\" class=\"column-1\"><p align=\"center\"><img loading=\"lazy\" decoding=\"async\" src=\"http:\/\/ops.radlin.pl\/ops\/wp-content\/uploads\/2017\/06\/ops.jpg\" alt=\"Zdj\u0119cie budynku siedziby O\u015brodka Pomocy Spo\u0142ecznej w Radlinie\" width=\"800\" height=\"491\" class=\"aligncenter size-full wp-image-1034\" srcset=\"https:\/\/ops.radlin.pl\/ops\/wp-content\/uploads\/2017\/06\/ops.jpg 800w, https:\/\/ops.radlin.pl\/ops\/wp-content\/uploads\/2017\/06\/ops-300x184.jpg 300w, https:\/\/ops.radlin.pl\/ops\/wp-content\/uploads\/2017\/06\/ops-768x471.jpg 768w, https:\/\/ops.radlin.pl\/ops\/wp-content\/uploads\/2017\/06\/ops-570x350.jpg 570w\" sizes=\"auto, (max-width: 800px) 100vw, 800px\" \/><\/p><\/td>\n<\/tr>\n<tr class=\"row-2\">\n\t<td class=\"column-1\">Nazwa:<\/td><td class=\"column-2\"><strong>O\u015brodek Pomocy Spo\u0142ecznej<\/strong><\/td>\n<\/tr>\n<tr class=\"row-3\">\n\t<td class=\"column-1\">Adres:<\/td><td class=\"column-2\">ul. Ludwika Solskiego 15, 44-310 Radlin<\/td>\n<\/tr>\n<tr class=\"row-4\">\n\t<td class=\"column-1\">NIP:<\/td><td class=\"column-2\">647-18-97-607<\/td>\n<\/tr>\n<tr class=\"row-5\">\n\t<td class=\"column-1\">REGON:<\/td><td class=\"column-2\">273498362<\/td>\n<\/tr>\n<tr class=\"row-6\">\n\t<td class=\"column-1\">Dyrektor:<\/td><td class=\"column-2\">Beata Lasok<\/td>\n<\/tr>\n<tr class=\"row-7\">\n\t<td class=\"column-1\">Zast\u0119pca Dyrektora:<\/td><td class=\"column-2\">Dawid Brachma\u0144ski<\/td>\n<\/tr>\n<tr class=\"row-8\">\n\t<td class=\"column-1\">Telefony:<\/td><td class=\"column-2\">32 4567363<br \/>\n32 4567231<br \/>\n32 4567072<\/td>\n<\/tr>\n<tr class=\"row-9\">\n\t<td class=\"column-1\">Fax:<\/td><td class=\"column-2\">32 4407375<\/td>\n<\/tr>\n<tr class=\"row-10\">\n\t<td class=\"column-1\">E-mail:<\/td><td class=\"column-2\">ops[ma\u0142pa]radlin.pl (Sekretariat)<br \/>\ndyrektor.ops[ma\u0142pa]radlin.pl (Dyrektor)<br \/>\nswiadczenia[ma\u0142pa]radlin.pl (Referat \u015awiadcze\u0144 Rodzinnych i Alimentacyjnych)<br \/>\npomocpsychologiczna.ops[ma\u0142pa]radlin.pl (Psycholog)<br \/>\nprzemoc[ma\u0142pa]radlin.pl (Zesp\u00f3\u0142 Interdyscyplinarny)<br \/>\n<br \/>\nZamiast [ma\u0142pa] prosimy o zastosowanie znaku @<\/td>\n<\/tr>\n<tr class=\"row-11\">\n\t<td class=\"column-1\">Adres elektronicznej<br \/>\nskrytki podawczej - ePUAP<\/td><td class=\"column-2\">\/1f74qch0c5\/skrytka<br \/>\n\/1f74qch0c5\/SkrytkaESP<\/td>\n<\/tr>\n<tr class=\"row-12\">\n\t<td class=\"column-1\">Adres do e-Dor\u0119cze\u0144:<\/td><td class=\"column-2\">AE:PL-27959-99849-UDAED-22<\/td>\n<\/tr>\n<\/tbody>\n<\/table>\n<!-- #tablepress-1 from cache -->\n\n\n\n<div style=\"height:20px\" aria-hidden=\"true\" class=\"wp-block-spacer\"><\/div>\n\n\n\n<h3 class=\"has-text-align-center wp-block-heading\"><strong>Godziny urz\u0119dowania:<\/strong><\/h3>\n\n\n\n<table id=\"tablepress-2\" class=\"tablepress tablepress-id-2\">\n<thead>\n<tr class=\"row-1\">\n\t<th class=\"column-1\"><p style=\"text-align: center;\">Dzie\u0144<br \/>\ntygodnia<\/p><\/th><th class=\"column-2\"><p style=\"text-align: center;\">Referat<br \/>\nPomocy Spo\u0142ecznej<\/p><\/th><th class=\"column-3\"><p style=\"text-align: center;\">Referat<br \/>\n\u015awiadcze\u0144 Rodzinnych<br \/>\ni Alimentacyjnych<\/p><\/th><th class=\"column-4\"><p style=\"text-align: center;\">Punkt Interwencji<br \/>\nKryzysowej<br \/>\nPK dla Rodzin<\/p><\/th><th class=\"column-5\"><p style=\"text-align: center;\">Klub<br \/>\nWolontariatu<\/p><\/th>\n<\/tr>\n<\/thead>\n<tbody class=\"row-striping row-hover\">\n<tr class=\"row-2\">\n\t<td class=\"column-1\"><strong>Poniedzia\u0142ek<\/strong><\/td><td class=\"column-2\"><p style=\"text-align: center;\">07:30 - 15:30<\/p><\/td><td class=\"column-3\"><p style=\"text-align: center;\">07:30 - 12:00<br \/>\n14:00 - 15:30<\/p><\/td><td class=\"column-4\"><p style=\"text-align: center;\">08:00 - 12:00<\/p><\/td><td class=\"column-5\"><p style=\"text-align: center;\">08:00 - 15:30<\/p><\/td>\n<\/tr>\n<tr class=\"row-3\">\n\t<td class=\"column-1\"><strong>Wtorek<\/strong><\/td><td class=\"column-2\"><p style=\"text-align: center;\">07:30 - 17:00<\/p><\/td><td class=\"column-3\"><p style=\"text-align: center;\">07:30 - 12:00<br \/>\n14:00 - 17:00<\/p><\/td><td class=\"column-4\"><p style=\"text-align: center;\">08:00 - 12:30<br \/>\n13:00 - 17:00<\/p><\/td><td class=\"column-5\"><p style=\"text-align: center;\">08:00 - 17:00<\/p><\/td>\n<\/tr>\n<tr class=\"row-4\">\n\t<td class=\"column-1\"><strong>\u015aroda<\/strong><\/td><td class=\"column-2\"><p style=\"text-align: center;\">07:30 - 15:30<\/p><\/td><td class=\"column-3\"><p style=\"text-align: center;\">-<\/p><\/td><td class=\"column-4\"><p style=\"text-align: center;\">08:00 - 12:00<\/p><\/td><td class=\"column-5\"><p style=\"text-align: center;\">08:00 - 17:30<\/p><\/td>\n<\/tr>\n<tr class=\"row-5\">\n\t<td class=\"column-1\"><strong>Czwartek<\/strong><\/td><td class=\"column-2\"><p style=\"text-align: center;\">07:30 - 15:30<\/p><\/td><td class=\"column-3\"><p style=\"text-align: center;\">07:30 - 12:00<br \/>\n14:00 - 15:30<\/p><\/td><td class=\"column-4\"><p style=\"text-align: center;\">10:00 - 14:00<\/p><\/td><td class=\"column-5\"><p style=\"text-align: center;\">08:00 - 15:30<\/p><\/td>\n<\/tr>\n<tr class=\"row-6\">\n\t<td class=\"column-1\"><strong>Pi\u0105tek<\/strong><\/td><td class=\"column-2\"><p style=\"text-align: center;\">07:30 - 14:00<\/p><\/td><td class=\"column-3\"><p style=\"text-align: center;\">07:30 - 12:00<\/p><\/td><td class=\"column-4\"><p style=\"text-align: center;\">10:00 - 14:00<\/p><\/td><td class=\"column-5\"><p style=\"text-align: center;\">08:00 - 14:00<\/p><\/td>\n<\/tr>\n<\/tbody>\n<\/table>\n<!-- #tablepress-2 from cache -->\n\n\n\n<div style=\"height:20px\" aria-hidden=\"true\" class=\"wp-block-spacer\"><\/div>\n\n\n\n<h3 class=\"has-text-align-center wp-block-heading\"><strong>Przyj\u0119cia Stron przez Dyrektora:<\/strong><\/h3>\n\n\n\n<p class=\"has-text-align-center\"><strong>Czwartek w godzinach 9:00-12:00<\/strong><\/p>\n\n\n\n<p class=\"has-text-align-center\"><strong>(po uprzednim ustaleniu terminu w sekretariacie)<\/strong><\/p>\n\n\n\n<div style=\"height:20px\" aria-hidden=\"true\" class=\"wp-block-spacer\"><\/div>\n\n\n\n<h3 class=\"has-text-align-center wp-block-heading\"><strong>Konta bankowe:<\/strong><\/h3>\n\n\n\n<p>konto nr&nbsp;<strong>26 8436 0003 0000 0026 8046 0001<\/strong><\/p>\n\n\n\n<p>wp\u0142aty:<\/p>\n\n\n\n<ul class=\"wp-block-list\"><li>odp\u0142atno\u015b\u0107 za us\u0142ugi DPS,<\/li><li>odp\u0142atno\u015b\u0107 za us\u0142ugi opieku\u0144cze,<\/li><li>nienale\u017cnie pobrane \u015bwiadczenia z funduszu alimentacyjnego, \u015bwiadcze\u0144 rodzinnych oraz \u015bwiadcze\u0144 z pomocy spo\u0142ecznej wraz z odsetkami.<\/li><\/ul>\n\n\n\n<p>konto nr <strong>42 8436 0003 0000 0026 8046 0004<\/strong><\/p>\n\n\n\n<p>wp\u0142aty:<\/p>\n\n\n\n<ul class=\"wp-block-list\"><li>wp\u0142aty d\u0142u\u017cnik\u00f3w alimentacyjnych (komornicy s\u0105dowi oraz wp\u0142aty w\u0142asne d\u0142u\u017cnik\u00f3w)<\/li><\/ul>\n\n\n\n<div style=\"height:20px\" aria-hidden=\"true\" class=\"wp-block-spacer\"><\/div>\n\n\n\n<p>W tytule przelewu prosimy o wpisanie:<\/p>\n\n\n\n<ul class=\"wp-block-list\"><li>danych osoby wp\u0142acaj\u0105cej,<\/li><li>numeru decyzji,<\/li><li>sprecyzowanie p\u0142atno\u015bci np. zwrot nale\u017cno\u015bci z tyt. \u015bwiadcze\u0144 rodzinnych lub funduszu alimentacyjnego.<\/li><\/ul>\n\n\n\n<div style=\"height:20px\" aria-hidden=\"true\" class=\"wp-block-spacer\"><\/div>\n\n\n\n<h3 class=\"has-text-align-center wp-block-heading\"><strong>Lokalizacja na mapie:<\/strong><\/h3>\n\n\n\n<figure><iframe loading=\"lazy\" style=\"border: 0;\" src=\"https:\/\/www.google.com\/maps\/embed?pb=!1m14!1m8!1m3!1d2562.2954093172075!2d18.4891688!3d50.0432972!3m2!1i1024!2i768!4f13.1!3m3!1m2!1s0x0000000000000000%3A0x267a1d781c987dbe!2sO%C5%9Brodek+Pomocy+Spo%C5%82ecznej+w+Radlinie!5e0!3m2!1spl!2spl!4v1496310701715\" allowfullscreen=\"allowfullscreen\" width=\"700\" height=\"500\" frameborder=\"0\"><\/iframe><\/figure>\n","protected":false},"excerpt":{"rendered":"<p>Godziny urz\u0119dowania: Przyj\u0119cia Stron przez Dyrektora: Czwartek w godzinach 9:00-12:00 (po uprzednim ustaleniu terminu w sekretariacie) Konta bankowe: konto nr&nbsp;26 8436 0003 0000 0026 8046 0001 wp\u0142aty: odp\u0142atno\u015b\u0107 za us\u0142ugi DPS, odp\u0142atno\u015b\u0107 za us\u0142ugi opieku\u0144cze, nienale\u017cnie pobrane \u015bwiadczenia z funduszu alimentacyjnego, \u015bwiadcze\u0144 rodzinnych oraz \u015bwiadcze\u0144 z pomocy spo\u0142ecznej wraz z odsetkami. konto nr 42 8436&hellip; <a class=\"continue\" href=\"https:\/\/ops.radlin.pl\/ops\/kontakt\/\"><strong>Czytaj wi\u0119cej:<\/strong><span> Kontakt<\/span><\/a><\/p>\n","protected":false},"author":1,"featured_media":0,"parent":0,"menu_order":0,"comment_status":"closed","ping_status":"closed","template":"","meta":{"footnotes":""},"class_list":["post-693","page","type-page","status-publish","czr-hentry"],"aioseo_notices":[],"_links":{"self":[{"href":"https:\/\/ops.radlin.pl\/ops\/wp-json\/wp\/v2\/pages\/693","targetHints":{"allow":["GET"]}}],"collection":[{"href":"https:\/\/ops.radlin.pl\/ops\/wp-json\/wp\/v2\/pages"}],"about":[{"href":"https:\/\/ops.radlin.pl\/ops\/wp-json\/wp\/v2\/types\/page"}],"author":[{"embeddable":true,"href":"https:\/\/ops.radlin.pl\/ops\/wp-json\/wp\/v2\/users\/1"}],"replies":[{"embeddable":true,"href":"https:\/\/ops.radlin.pl\/ops\/wp-json\/wp\/v2\/comments?post=693"}],"version-history":[{"count":49,"href":"https:\/\/ops.radlin.pl\/ops\/wp-json\/wp\/v2\/pages\/693\/revisions"}],"predecessor-version":[{"id":4278,"href":"https:\/\/ops.radlin.pl\/ops\/wp-json\/wp\/v2\/pages\/693\/revisions\/4278"}],"wp:attachment":[{"href":"https:\/\/ops.radlin.pl\/ops\/wp-json\/wp\/v2\/media?parent=693"}],"curies":[{"name":"wp","href":"https:\/\/api.w.org\/{rel}","templated":true}]}}