{"id":7548,"date":"2024-10-23T09:04:58","date_gmt":"2024-10-23T07:04:58","guid":{"rendered":"https:\/\/ops.radlin.pl\/ops\/?page_id=7548"},"modified":"2025-03-25T08:57:53","modified_gmt":"2025-03-25T07:57:53","slug":"projekt-radlinskie-zielone-serce","status":"publish","type":"page","link":"https:\/\/ops.radlin.pl\/ops\/projekt-radlinskie-zielone-serce\/","title":{"rendered":"Projekt \u201eRadli\u0144skie zielone serce\u201d"},"content":{"rendered":"<div class=\"wp-block-image\">\n<figure class=\"aligncenter size-large\"><img loading=\"lazy\" decoding=\"async\" width=\"1920\" height=\"203\" src=\"https:\/\/ops.radlin.pl\/ops\/wp-content\/uploads\/2024\/10\/FESL-kolor-1920x203.jpg\" alt=\"Logo projekt\" class=\"wp-image-7546\" srcset=\"https:\/\/ops.radlin.pl\/ops\/wp-content\/uploads\/2024\/10\/FESL-kolor-1920x203.jpg 1920w, https:\/\/ops.radlin.pl\/ops\/wp-content\/uploads\/2024\/10\/FESL-kolor-300x32.jpg 300w, https:\/\/ops.radlin.pl\/ops\/wp-content\/uploads\/2024\/10\/FESL-kolor-768x81.jpg 768w, https:\/\/ops.radlin.pl\/ops\/wp-content\/uploads\/2024\/10\/FESL-kolor-1536x162.jpg 1536w, https:\/\/ops.radlin.pl\/ops\/wp-content\/uploads\/2024\/10\/FESL-kolor.jpg 2015w\" sizes=\"auto, (max-width: 1920px) 100vw, 1920px\" \/><\/figure>\n<\/div>\n\n\n<div style=\"height:40px\" aria-hidden=\"true\" class=\"wp-block-spacer\"><\/div>\n\n\n\n<h3 class=\"wp-block-heading has-text-align-center\">Projekt \u201eRadli\u0144skie zielone serce\u201d<\/h3>\n\n\n\n<p class=\"has-text-align-center\">jest wsp\u00f3\u0142finansowany przez Uni\u0119 Europejsk\u0105 w ramach programu Fundusze Europejskie dla \u015al\u0105skiego 2021-2027 (Fundusz na rzecz Sprawiedliwej Transformacji), dla Priorytetu: FESL.10.24-Fundusze Europejskie na transformacj\u0119, dla Dzia\u0142ania: FESL.10.24 W\u0142\u0105czenie spo\u0142eczne &#8211; wzmocnienie procesu sprawiedliwej transformacji.<\/p>\n\n\n\n<div style=\"height:25px\" aria-hidden=\"true\" class=\"wp-block-spacer\"><\/div>\n\n\n\n<h4 class=\"wp-block-heading has-text-align-center\">Realizacja:<\/h4>\n\n\n\n<p class=\"has-text-align-center\">od 1 lipca 2024 do 30 czerwca 2026<\/p>\n\n\n\n<h4 class=\"wp-block-heading has-text-align-center\">Ca\u0142kowita warto\u015b\u0107 projektu:<\/h4>\n\n\n\n<p class=\"has-text-align-center\">2.368.689,50 z\u0142<\/p>\n\n\n\n<h4 class=\"wp-block-heading has-text-align-center\">\u015arodki Funduszy Europejskich:<\/h4>\n\n\n\n<p class=\"has-text-align-center\">2.131.820,55 z\u0142<\/p>\n\n\n\n<h4 class=\"wp-block-heading has-text-align-center\">Beneficjent i lider projektu:<\/h4>\n\n\n\n<p class=\"has-text-align-center\">Miasto Radlin<\/p>\n\n\n\n<h4 class=\"wp-block-heading has-text-align-center\">Realizatorzy i partnerzy:<\/h4>\n\n\n\n<p class=\"has-text-align-center\">O\u015brodek Pomocy Spo\u0142ecznej<br>Stowarzyszenie Centrum Rozwoju Inicjatyw Spo\u0142ecznych CRIS<br>Fundacja EDUARTE<\/p>\n\n\n\n<div style=\"height:40px\" aria-hidden=\"true\" class=\"wp-block-spacer\"><\/div>\n\n\n<div class=\"wp-block-image\">\n<figure class=\"aligncenter size-large\"><img loading=\"lazy\" decoding=\"async\" width=\"1920\" height=\"203\" src=\"https:\/\/ops.radlin.pl\/ops\/wp-content\/uploads\/2024\/10\/loga-1920x203.png\" alt=\"\" class=\"wp-image-7551\" srcset=\"https:\/\/ops.radlin.pl\/ops\/wp-content\/uploads\/2024\/10\/loga-1920x203.png 1920w, https:\/\/ops.radlin.pl\/ops\/wp-content\/uploads\/2024\/10\/loga-300x32.png 300w, https:\/\/ops.radlin.pl\/ops\/wp-content\/uploads\/2024\/10\/loga-768x81.png 768w, https:\/\/ops.radlin.pl\/ops\/wp-content\/uploads\/2024\/10\/loga-1536x162.png 1536w, https:\/\/ops.radlin.pl\/ops\/wp-content\/uploads\/2024\/10\/loga.png 2015w\" sizes=\"auto, (max-width: 1920px) 100vw, 1920px\" \/><\/figure>\n<\/div>\n\n\n<div style=\"height:40px\" aria-hidden=\"true\" class=\"wp-block-spacer\"><\/div>\n\n\n\n<p class=\"has-text-align-left\"><strong>Grupy docelowe:<\/strong><\/p>\n\n\n\n<p class=\"has-text-align-left\">Minimum <strong>150 os\u00f3b<\/strong> zamieszkuj\u0105cych, ucz\u0105cych si\u0119 lub pracuj\u0105cych na obszarze miasta Radlin.<\/p>\n\n\n\n<p class=\"has-text-align-left\"><strong>Cel projektu:<\/strong><\/p>\n\n\n\n<p class=\"has-text-align-left\">Kompleksowe wsparcie mieszka\u0144c\u00f3w Radlina w wyzwaniu, jakie stanowi transformacja regionu i zmiany jakie nadchodz\u0105 w zwi\u0105zku z procesem porzucania szkodliwych dla ludzko\u015bci i klimatu technologii, na rzecz rozwoju zr\u00f3wnowa\u017conych metod pozyskiwania i wytwarzania energii. Projekt aktywnie w\u0142\u0105czy mieszka\u0144c\u00f3w w procesy tworzenia tej zmiany, zwi\u0119kszy \u015bwiadomo\u015b\u0107, wiedz\u0119, kompetencje i umiej\u0119tno\u015bci, kt\u00f3re b\u0119d\u0105 przydatne w transformacji regionu, w partycypacji w tworzeniu zmiany, jak i jej zaakceptowaniu. Dba\u0142o\u015b\u0107 o otoczenie, \u015brodowisko oraz zachowywanie dziedzictwa kulturowego odbywa\u0107 si\u0119 b\u0119dzie w spos\u00f3b zr\u00f3wnowa\u017cony, z my\u015bl\u0105 o przysz\u0142o\u015bci i konsekwencjach dla kolejnych pokole\u0144. Projekt wydob\u0119dzie potencja\u0142 miasta i jego mieszka\u0144c\u00f3w, kt\u00f3ry b\u0119dzie stanowi\u0142 szans\u0119 na pozytywne zmiany w prze\u0142omowym momencie transformacji. Przygotuje mieszka\u0144c\u00f3w do tego wyzwania.<\/p>\n\n\n\n<p class=\"has-text-align-left\">Wsparcie obejmowa\u0107 b\u0119dzie:<\/p>\n\n\n\n<ul class=\"wp-block-list\">\n<li>wspieranie lider\u00f3w lokalnych w kszta\u0142towaniu zmiany w dobie transformacji poprzez poszerzanie ich \u015bwiadomo\u015bci, kompetencji, wiedzy, umiej\u0119tno\u015bci i wskazuj\u0105c pozytywne przyk\u0142ady zmian, kt\u00f3re mo\u017cna implementowa\u0107 w mie\u015bcie,<\/li>\n\n\n\n<li>edukacj\u0119 i animacj\u0119 \u015brodowisk lokalnych w zakresie zmiany spo\u0142ecznej, \u015brodowiskowej, gospodarczej, zwi\u0119kszanie \u015bwiadomo\u015bci, kompetencji, wiedzy i umiej\u0119tno\u015bci, i wskazuj\u0105c pozytywne przyk\u0142ady zmian, kt\u00f3re mo\u017cna implementowa\u0107 w mie\u015bcie,<\/li>\n\n\n\n<li>realizacj\u0119 oddolnych inicjatyw mieszka\u0144c\u00f3w, odpowiadaj\u0105cych na wyzwanie transformacji, problemy ekologiczne, spo\u0142eczne, wspieraj\u0105ce dziedzictwo kulturowe,<\/li>\n\n\n\n<li>stworzenie kampanii spo\u0142ecznej &#8222;przez mieszka\u0144c\u00f3w dla mieszka\u0144c\u00f3w&#8221; informuj\u0105cej o zmianach spo\u0142ecznych, \u015brodowiskowych, gospodarczych i promuj\u0105cej pozytywne dzia\u0142ania, pomys\u0142y i umiej\u0119tno\u015bci.<\/li>\n<\/ul>\n\n\n\n<p class=\"has-text-align-left\">Zadania:<\/p>\n\n\n\n<ol class=\"wp-block-list\">\n<li>Zielone kompetencje \u2013 Edukacja\/Integracja\/Inicjatywa<br>Zadanie b\u0119dzie realizowa\u0142o szeroko zakrojon\u0105 edukacj\u0119 ekologiczn\u0105 dla mieszka\u0144c\u00f3w, os\u00f3b ucz\u0105cych si\u0119 oraz pracuj\u0105cych w mie\u015bcie Radlin.<\/li>\n\n\n\n<li>Kampania spo\u0142eczna \u2013 Dziedzictwo\/Ekologia\/Transformacja<br>Zadanie ma na celu wytworzenia narz\u0119dzi dla mieszka\u0144c\u00f3w, os\u00f3b ucz\u0105cych si\u0119 oraz pracuj\u0105cych w Radlinie, do komunikacji cyfrowej ze sob\u0105 nawzajem, modelowaniu polityki ekologicznej, utrwalaniu dziedzictwa i rozwoju nowych medi\u00f3w w mie\u015bcie.<\/li>\n\n\n\n<li>Grywalizacja z zielonym sercem<br>Celem zadania jest edukacja i aktywizacja lokalnej spo\u0142eczno\u015bci w proces zmian zwi\u0105zanych z transformacj\u0105 naszego regionu przez wykorzystanie element\u00f3w gier i technik projektowania gier.<\/li>\n\n\n\n<li>Projekt EMMA. Energia Miasta Mierzona Aktywno\u015bci\u0105.<br>Projekt Energia Miasta Mierzona Aktywno\u015bci\u0105 to zaproszenie do dyskusji o \u015al\u0105sku i Radlinie. To zaanga\u017cowanie spo\u0142eczno\u015bci do odkrywania warto\u015bci p\u0142yn\u0105cych z historii miejsc oraz ludzi, kt\u00f3rzy byli tutaj przed nami i zastanowienia si\u0119, co zostawimy przysz\u0142ym pokoleniom.<\/li>\n\n\n\n<li>Akademia Lider\u00f3w Zielonej Transformacji<br>Dzia\u0142anie b\u0119dzie nakierowane na utworzenie grup liderskich podejmuj\u0105cych inicjatywy w 3 obszarach kluczowych dla procesu sprawiedliwej transformacji w Radlinie.<\/li>\n\n\n\n<li>Konkurs na mikroinicjatywy<br>Narz\u0119dziem aktywizuj\u0105cym spo\u0142eczno\u015bci lokalne b\u0119d\u0105 konkursy tematyczne na lokalne mikroinicjatywy.<\/li>\n\n\n\n<li>Pula rozwojowa na rzecz Stowarzyszenia CRIS<\/li>\n\n\n\n<li>Pula rozwojowa na rzecz Fundacji Eduarte.<\/li>\n<\/ol>\n\n\n\n<p class=\"has-text-align-left\">Efekty\/Rezultaty:<\/p>\n\n\n\n<ul class=\"wp-block-list\">\n<li>150 os\u00f3b obj\u0119tych wsparciem,<\/li>\n\n\n\n<li>150 os\u00f3b obj\u0119tych dzia\u0142aniami edukacyjnymi i \u015bwiadomo\u015bciowymi zwi\u0105zanymi z transformacj\u0105,<\/li>\n\n\n\n<li>60 os\u00f3b w wieku 15-29 lat obj\u0119tych wsparciem w programie,<\/li>\n\n\n\n<li>8 inicjatyw lokalnych,<\/li>\n\n\n\n<li>8 wizyt studyjnych oraz pozosta\u0142ych form wyjazdowych,<\/li>\n\n\n\n<li>Wsparcie 2 podmiot\u00f3w III sektora dzia\u0142aj\u0105cych na obszarze i na rzecz transformacji,<\/li>\n\n\n\n<li>2 inwestycje infrastrukturalne,<\/li>\n\n\n\n<li>1 obiekt dostosowany do potrzeb os\u00f3b z niepe\u0142nosprawno\u015bciami,<\/li>\n\n\n\n<li>40 warsztat\u00f3w zielonych kompetencji,<\/li>\n\n\n\n<li>10 wydarze\u0144 integracyjno-ekologicznych,<\/li>\n\n\n\n<li>stworzenie 10 ogrod\u00f3w spo\u0142ecznych,<\/li>\n\n\n\n<li>5 warsztat\u00f3w z kompetencji cyfrowych,<\/li>\n\n\n\n<li>wsparcie specjalist\u00f3w ekologicznych i cyfrowych,<\/li>\n\n\n\n<li>opracowanie i produkcja Ekologicznej Gry Wielkoformatowej wraz z rozgrywkami,<\/li>\n\n\n\n<li>organizacja kursu projektowania scenariuszy do gier RPG,<\/li>\n\n\n\n<li>organizacja Dnia \u015al\u0105skich RPG,<\/li>\n\n\n\n<li>30 warsztat\u00f3w kulinarnych, muzycznych, artystycznych, fotograficznych wraz z trzema imprezami podsumowuj\u0105cymi,<\/li>\n\n\n\n<li>9 spotka\u0144 z ciekawymi lud\u017ami,<\/li>\n\n\n\n<li>2 autorskie wystawy prac artystycznych wraz z koncertem,<\/li>\n\n\n\n<li>publikacja artystycznej ksi\u0105\u017cki fotograficznej,<\/li>\n\n\n\n<li>diagnoza stanu wiedzy ekologicznej mieszka\u0144c\u00f3w,<\/li>\n\n\n\n<li>8 kawiarenek obywatelskich,<\/li>\n\n\n\n<li>opracowanie i wdro\u017cenie zielonych rekomendacji dla Radlina,<\/li>\n\n\n\n<li>8 spotka\u0144 edukacyjnych dla lokalnych lider\u00f3w,<\/li>\n\n\n\n<li>doradztwo indywidualne\/grupowe dla lider\u00f3w,<\/li>\n\n\n\n<li>24 spotkania z coachem,<\/li>\n\n\n\n<li>2 cykle szkole\u0144 dla liderek.<\/li>\n<\/ul>\n\n\n\n<div style=\"height:40px\" aria-hidden=\"true\" class=\"wp-block-spacer\"><\/div>\n\n\n\n\n<table id=\"tablepress-181\" class=\"tablepress tablepress-id-181\">\n<thead>\n<tr class=\"row-1\">\n\t<td class=\"column-1\"><\/td><th class=\"column-2\"><strong>Pliki do pobrania<\/strong><\/th>\n<\/tr>\n<\/thead>\n<tbody class=\"row-striping row-hover\">\n<tr class=\"row-2\">\n\t<td class=\"column-1\">1.<\/td><td class=\"column-2\"><a href=\"https:\/\/ops.radlin.pl\/ops\/pliki\/inne\/RZS\/Formularz-zgloszeniowy.pdf\">Formularz zg\u0142oszeniowy [.pdf]<\/a><\/td>\n<\/tr>\n<tr class=\"row-3\">\n\t<td class=\"column-1\">2.<\/td><td class=\"column-2\"><a href=\"https:\/\/ops.radlin.pl\/ops\/pliki\/inne\/RZS\/Regulamin-uczestnictwa.pdf\">Regulamin uczestnictwa [.pdf]<\/a><\/td>\n<\/tr>\n<tr class=\"row-4\">\n\t<td class=\"column-1\">3.<\/td><td class=\"column-2\"><a href=\"https:\/\/ops.radlin.pl\/ops\/pliki\/inne\/RZS\/Klauzule-informacyjne-kolor.pdf\">Klauzula informacyjna [.pdf]<\/a><\/td>\n<\/tr>\n<\/tbody>\n<\/table>\n<!-- #tablepress-181 from cache -->\n\n\n\n<div style=\"height:40px\" aria-hidden=\"true\" class=\"wp-block-spacer\"><\/div>\n\n\n\n<h1 class=\"wp-block-heading has-text-align-center\">#FunduszeUE #FunduszeEuropejskie<\/h1>\n\n\n\n<p><\/p>\n","protected":false},"excerpt":{"rendered":"<p>Projekt \u201eRadli\u0144skie zielone serce\u201d jest wsp\u00f3\u0142finansowany przez Uni\u0119 Europejsk\u0105 w ramach programu Fundusze Europejskie dla \u015al\u0105skiego 2021-2027 (Fundusz na rzecz Sprawiedliwej Transformacji), dla Priorytetu: FESL.10.24-Fundusze Europejskie na transformacj\u0119, dla Dzia\u0142ania: FESL.10.24 W\u0142\u0105czenie spo\u0142eczne &#8211; wzmocnienie procesu sprawiedliwej transformacji. Realizacja: od 1 lipca 2024 do 30 czerwca 2026 Ca\u0142kowita warto\u015b\u0107 projektu: 2.368.689,50 z\u0142 \u015arodki Funduszy Europejskich:&hellip; <a class=\"continue\" href=\"https:\/\/ops.radlin.pl\/ops\/projekt-radlinskie-zielone-serce\/\"><strong>Czytaj wi\u0119cej:<\/strong><span> Projekt \u201eRadli\u0144skie zielone serce\u201d<\/span><\/a><\/p>\n","protected":false},"author":1,"featured_media":0,"parent":0,"menu_order":0,"comment_status":"closed","ping_status":"closed","template":"","meta":{"footnotes":""},"class_list":["post-7548","page","type-page","status-publish","czr-hentry"],"aioseo_notices":[],"_links":{"self":[{"href":"https:\/\/ops.radlin.pl\/ops\/wp-json\/wp\/v2\/pages\/7548","targetHints":{"allow":["GET"]}}],"collection":[{"href":"https:\/\/ops.radlin.pl\/ops\/wp-json\/wp\/v2\/pages"}],"about":[{"href":"https:\/\/ops.radlin.pl\/ops\/wp-json\/wp\/v2\/types\/page"}],"author":[{"embeddable":true,"href":"https:\/\/ops.radlin.pl\/ops\/wp-json\/wp\/v2\/users\/1"}],"replies":[{"embeddable":true,"href":"https:\/\/ops.radlin.pl\/ops\/wp-json\/wp\/v2\/comments?post=7548"}],"version-history":[{"count":5,"href":"https:\/\/ops.radlin.pl\/ops\/wp-json\/wp\/v2\/pages\/7548\/revisions"}],"predecessor-version":[{"id":7847,"href":"https:\/\/ops.radlin.pl\/ops\/wp-json\/wp\/v2\/pages\/7548\/revisions\/7847"}],"wp:attachment":[{"href":"https:\/\/ops.radlin.pl\/ops\/wp-json\/wp\/v2\/media?parent=7548"}],"curies":[{"name":"wp","href":"https:\/\/api.w.org\/{rel}","templated":true}]}}