{"id":8081,"date":"2025-09-30T12:34:00","date_gmt":"2025-09-30T10:34:00","guid":{"rendered":"https:\/\/ops.radlin.pl\/ops\/?page_id=8081"},"modified":"2025-09-30T12:34:01","modified_gmt":"2025-09-30T10:34:01","slug":"skargi-i-wnioski","status":"publish","type":"page","link":"https:\/\/ops.radlin.pl\/ops\/skargi-i-wnioski\/","title":{"rendered":"Skargi i wnioski"},"content":{"rendered":"\n<p class=\"has-text-align-left\"><strong>Burmistrz Radlina<\/strong> oraz <strong>Zast\u0119pca Burmistrza<\/strong> przyjmuje interesant\u00f3w w sprawie skarg i wniosk\u00f3w w ka\u017cdy wtorek w godzinach 15.30 do 16.30 oraz w ka\u017cd\u0105 \u015brod\u0119 w godzinach 9.00 do 11.00 i od 13.00 do 15.00<\/p>\n\n\n\n<div style=\"height:30px\" aria-hidden=\"true\" class=\"wp-block-spacer\"><\/div>\n\n\n\n<p class=\"has-text-align-left\"><strong>Kierownicy Kom\u00f3rek organizacyjnych Urz\u0119du Miasta Radlin<\/strong> przyjmuj\u0105 interesant\u00f3w w ramach skarg i wniosk\u00f3w w godzinach pracy Urz\u0119du Miasta Radlin tj. codziennie od godziny 7.30 do 15.30 za wyj\u0105tkiem wtorku (we wtorki do godziny 17.00) i pi\u0105tku (w pi\u0105tki do godziny 14.00).<\/p>\n\n\n\n<div style=\"height:30px\" aria-hidden=\"true\" class=\"wp-block-spacer\"><\/div>\n\n\n\n<p class=\"has-text-align-left\"><strong>Przewodnicz\u0105ca Rady Miejskiej w Radlinie<\/strong> przyjmuje interesant\u00f3w w ramach skarg i wniosk\u00f3w w ka\u017cdy poniedzia\u0142ek w godzinach od 12.00 do 14.00. Wiceprzewodnicz\u0105cy Rady Miejskiej w Radlinie przyjmuje interesant\u00f3w w ramach skarg i wniosk\u00f3w w ka\u017cd\u0105 \u015brod\u0119 w godzinach w godzinach 8.00 do 10.00.<\/p>\n\n\n\n<div style=\"height:30px\" aria-hidden=\"true\" class=\"wp-block-spacer\"><\/div>\n\n\n\n<p><strong>Dyrektor O\u015brodka Pomocy Spo\u0142ecznej w Radlinie<\/strong> przyjmuje interesant\u00f3w w sprawie skarg i wniosk\u00f3w w ka\u017cdy czwartek w godzinach 9:00-12:00 (po uprzednim ustaleniu terminu w sekretariacie).<\/p>\n\n\n\n<p><\/p>\n","protected":false},"excerpt":{"rendered":"<p>Burmistrz Radlina oraz Zast\u0119pca Burmistrza przyjmuje interesant\u00f3w w sprawie skarg i wniosk\u00f3w w ka\u017cdy wtorek w godzinach 15.30 do 16.30 oraz w ka\u017cd\u0105 \u015brod\u0119 w godzinach 9.00 do 11.00 i od 13.00 do 15.00 Kierownicy Kom\u00f3rek organizacyjnych Urz\u0119du Miasta Radlin przyjmuj\u0105 interesant\u00f3w w ramach skarg i wniosk\u00f3w w godzinach pracy Urz\u0119du Miasta Radlin tj. codziennie&hellip; <a class=\"continue\" href=\"https:\/\/ops.radlin.pl\/ops\/skargi-i-wnioski\/\"><strong>Czytaj wi\u0119cej:<\/strong><span> Skargi i wnioski<\/span><\/a><\/p>\n","protected":false},"author":1,"featured_media":0,"parent":0,"menu_order":0,"comment_status":"closed","ping_status":"closed","template":"","meta":{"footnotes":""},"class_list":["post-8081","page","type-page","status-publish","czr-hentry"],"aioseo_notices":[],"_links":{"self":[{"href":"https:\/\/ops.radlin.pl\/ops\/wp-json\/wp\/v2\/pages\/8081","targetHints":{"allow":["GET"]}}],"collection":[{"href":"https:\/\/ops.radlin.pl\/ops\/wp-json\/wp\/v2\/pages"}],"about":[{"href":"https:\/\/ops.radlin.pl\/ops\/wp-json\/wp\/v2\/types\/page"}],"author":[{"embeddable":true,"href":"https:\/\/ops.radlin.pl\/ops\/wp-json\/wp\/v2\/users\/1"}],"replies":[{"embeddable":true,"href":"https:\/\/ops.radlin.pl\/ops\/wp-json\/wp\/v2\/comments?post=8081"}],"version-history":[{"count":3,"href":"https:\/\/ops.radlin.pl\/ops\/wp-json\/wp\/v2\/pages\/8081\/revisions"}],"predecessor-version":[{"id":8086,"href":"https:\/\/ops.radlin.pl\/ops\/wp-json\/wp\/v2\/pages\/8081\/revisions\/8086"}],"wp:attachment":[{"href":"https:\/\/ops.radlin.pl\/ops\/wp-json\/wp\/v2\/media?parent=8081"}],"curies":[{"name":"wp","href":"https:\/\/api.w.org\/{rel}","templated":true}]}}

<p class="has-text-align-left"><strong>Burmistrz Radlina</strong> oraz <strong>Zastępca Burmistrza</strong> przyjmuje interesantów w sprawie skarg i wniosków w każdy wtorek w godzinach 15.30 do 16.30 oraz w każdą środę w godzinach 9.00 do 11.00 i od 13.00 do 15.00</p>



<div style="height:30px" aria-hidden="true" class="wp-block-spacer"></div>



<p class="has-text-align-left"><strong>Kierownicy Komórek organizacyjnych Urzędu Miasta Radlin</strong> przyjmują interesantów w ramach skarg i wniosków w godzinach pracy Urzędu Miasta Radlin tj. codziennie od godziny 7.30 do 15.30 za wyjątkiem wtorku (we wtorki do godziny 17.00) i piątku (w piątki do godziny 14.00).</p>



<div style="height:30px" aria-hidden="true" class="wp-block-spacer"></div>



<p class="has-text-align-left"><strong>Przewodnicząca Rady Miejskiej w Radlinie</strong> przyjmuje interesantów w ramach skarg i wniosków w każdy poniedziałek w godzinach od 12.00 do 14.00. Wiceprzewodniczący Rady Miejskiej w Radlinie przyjmuje interesantów w ramach skarg i wniosków w każdą środę w godzinach w godzinach 8.00 do 10.00.</p>



<div style="height:30px" aria-hidden="true" class="wp-block-spacer"></div>



<p><strong>Dyrektor Ośrodka Pomocy Społecznej w Radlinie</strong> przyjmuje interesantów w sprawie skarg i wniosków w każdy czwartek w godzinach 9:00-12:00 (po uprzednim ustaleniu terminu w sekretariacie).</p>



<p></p>

<p>Burmistrz Radlina oraz Zastępca Burmistrza przyjmuje interesantów w sprawie skarg i wniosków w każdy wtorek w godzinach 15.30 do 16.30 oraz w każdą środę w godzinach 9.00 do 11.00 i od 13.00 do 15.00 Kierownicy Komórek organizacyjnych Urzędu Miasta Radlin przyjmują interesantów w ramach skarg i wniosków w godzinach pracy Urzędu Miasta Radlin tj. codziennie&hellip; <a class="continue" href="https://ops.radlin.pl/ops/skargi-i-wnioski/"><strong>Czytaj więcej:</strong><span> Skargi i wnioski</span></a></p>
