{"id":914,"date":"2017-05-31T10:00:35","date_gmt":"2017-05-31T08:00:35","guid":{"rendered":"http:\/\/ops.radlin.pl\/ops\/?page_id=914"},"modified":"2024-02-06T10:48:59","modified_gmt":"2024-02-06T09:48:59","slug":"o-nas","status":"publish","type":"page","link":"https:\/\/ops.radlin.pl\/ops\/o-nas\/","title":{"rendered":"Informacje o O\u015brodku"},"content":{"rendered":"<p style=\"text-align: left;\"><img loading=\"lazy\" decoding=\"async\" id=\"longdesc-return-1171\" class=\"aligncenter size-full wp-image-1171\" tabindex=\"-1\" src=\"http:\/\/ops.radlin.pl\/ops\/wp-content\/uploads\/2017\/06\/logo_850x250.png\" alt=\"\" width=\"850\" height=\"250\" longdesc=\"http:\/\/ops.radlin.pl\/ops?longdesc=1171&amp;referrer=1287\" srcset=\"https:\/\/ops.radlin.pl\/ops\/wp-content\/uploads\/2017\/06\/logo_850x250.png 850w, https:\/\/ops.radlin.pl\/ops\/wp-content\/uploads\/2017\/06\/logo_850x250-300x88.png 300w, https:\/\/ops.radlin.pl\/ops\/wp-content\/uploads\/2017\/06\/logo_850x250-768x226.png 768w\" sizes=\"auto, (max-width: 850px) 100vw, 850px\" \/><\/p>\n<p style=\"text-align: left;\">O\u015brodek Pomocy Spo\u0142ecznej w Radlinie zosta\u0142 utworzony na mocy uchwa\u0142y Nr I\/9\/97 Rady Miejskiej Radlina z dnia 22 marca 1997 roku.<\/p>\n<p style=\"text-align: left;\">Prac\u0105 O\u015brodka zarz\u0105dza Dyrektor &#8211; <strong>Beata Lasok<\/strong>.<\/p>\n<p style=\"text-align: left;\">Podstawowym celem O\u015brodka jest wspieranie os\u00f3b i rodzin w wysi\u0142kach zmierzaj\u0105cych do zaspokojenia niezb\u0119dnych potrzeb i umo\u017cliwienie im \u017cycia w warunkach odpowiadaj\u0105cych godno\u015bci cz\u0142owieka.<\/p>\n<p style=\"text-align: left;\"><strong>O\u015brodek realizuje zadania wynikaj\u0105ce z:<\/strong><\/p>\n<ul>\n<li>ustawy o pomocy spo\u0142ecznej,<\/li>\n<li>ustawy o wspieraniu rodziny i systemie pieczy zast\u0119pczej,<\/li>\n<li>ustawy o przeciwdzia\u0142aniu przemocy w rodzinie,<\/li>\n<li>ustawy o wspieraniu kobiet w ci\u0105\u017cy i rodzin \u201eZa \u017cyciem\u201d,<\/li>\n<li>ustawy o \u015bwiadczeniach rodzinnych,<\/li>\n<li>ustawy o\u00a0ustaleniu i wyp\u0142acie zasi\u0142k\u00f3w dla opiekun\u00f3w,<\/li>\n<li>ustawy o pomocy pa\u0144stwa w wychowywaniu dzieci,<\/li>\n<li>ustawy o pomocy osobom uprawnionym do aliment\u00f3w.<\/li>\n<\/ul>\n<p style=\"text-align: left;\"><strong>O\u015brodek Pomocy Spo\u0142ecznej w Radlinie:<\/strong><\/p>\n<ul>\n<li>regularnie bierze udzia\u0142 w Programie Operacyjnym Pomoc \u017bywno\u015bciowa 2014-2020 wsp\u00f3\u0142finansowanym z Europejskiego Funduszu Pomocy Najbardziej Potrzebuj\u0105cym,<\/li>\n<\/ul>\n<p style=\"text-align: left;\"><img loading=\"lazy\" decoding=\"async\" id=\"longdesc-return-1595\" class=\"aligncenter size-full wp-image-1595\" tabindex=\"-1\" src=\"http:\/\/ops.radlin.pl\/ops\/wp-content\/uploads\/2017\/07\/popz.png\" alt=\"\" width=\"850\" height=\"200\" longdesc=\"http:\/\/ops.radlin.pl\/ops?longdesc=1595&amp;referrer=1594\" srcset=\"https:\/\/ops.radlin.pl\/ops\/wp-content\/uploads\/2017\/07\/popz.png 850w, https:\/\/ops.radlin.pl\/ops\/wp-content\/uploads\/2017\/07\/popz-300x71.png 300w, https:\/\/ops.radlin.pl\/ops\/wp-content\/uploads\/2017\/07\/popz-768x181.png 768w\" sizes=\"auto, (max-width: 850px) 100vw, 850px\" \/><\/p>\n<ul>\n<li>jest cz\u0142onkiem Og\u00f3lnopolskiego Forum Organizator\u00f3w Spo\u0142eczno\u015bci Lokalnej i posiada swojego reprezentanta w Zarz\u0105dzie,<\/li>\n<\/ul>\n<p style=\"text-align: left;\"><img loading=\"lazy\" decoding=\"async\" id=\"longdesc-return-2020\" class=\"aligncenter size-full wp-image-2020\" tabindex=\"-1\" src=\"http:\/\/ops.radlin.pl\/ops\/wp-content\/uploads\/2017\/05\/ofosl.png\" alt=\"\" width=\"850\" height=\"250\" longdesc=\"http:\/\/ops.radlin.pl\/ops?longdesc=2020&amp;referrer=914\" srcset=\"https:\/\/ops.radlin.pl\/ops\/wp-content\/uploads\/2017\/05\/ofosl.png 850w, https:\/\/ops.radlin.pl\/ops\/wp-content\/uploads\/2017\/05\/ofosl-300x88.png 300w, https:\/\/ops.radlin.pl\/ops\/wp-content\/uploads\/2017\/05\/ofosl-768x226.png 768w\" sizes=\"auto, (max-width: 850px) 100vw, 850px\" \/><\/p>\n<ul>\n<li>jest cz\u0142onkiem Og\u00f3lnopolskiego Porozumienia Os\u00f3b i Instytucji Pomagaj\u0105cych Ofiarom Przemocy Niebieska Linia,<\/li>\n<\/ul>\n<p style=\"text-align: left;\"><img loading=\"lazy\" decoding=\"async\" id=\"longdesc-return-467\" class=\"aligncenter size-full wp-image-467\" tabindex=\"-1\" src=\"http:\/\/ops.radlin.pl\/ops\/wp-content\/uploads\/2017\/01\/niebiskalinia.png\" alt=\"\" width=\"850\" height=\"250\" longdesc=\"http:\/\/ops.radlin.pl\/ops?longdesc=467&amp;referrer=326\" srcset=\"https:\/\/ops.radlin.pl\/ops\/wp-content\/uploads\/2017\/01\/niebiskalinia.png 850w, https:\/\/ops.radlin.pl\/ops\/wp-content\/uploads\/2017\/01\/niebiskalinia-300x88.png 300w, https:\/\/ops.radlin.pl\/ops\/wp-content\/uploads\/2017\/01\/niebiskalinia-768x226.png 768w\" sizes=\"auto, (max-width: 850px) 100vw, 850px\" \/><\/p>\n<ul>\n<li>od stycznia 2016 r. realizuje projekt partnerski &#8222;Lepsze Jutro&#8221; wsp\u00f3\u0142finansowany ze \u017ar\u00f3de\u0142 Europejskiego Funduszu Spo\u0142ecznego.<\/li>\n<\/ul>\n<p style=\"text-align: left;\"><img loading=\"lazy\" decoding=\"async\" id=\"longdesc-return-1795\" class=\"aligncenter size-full wp-image-1795\" tabindex=\"-1\" src=\"http:\/\/ops.radlin.pl\/ops\/wp-content\/uploads\/2017\/09\/logotyp-EFS-slaskie.png\" alt=\"\" width=\"850\" height=\"200\" longdesc=\"http:\/\/ops.radlin.pl\/ops?longdesc=1795&amp;referrer=1846\" srcset=\"https:\/\/ops.radlin.pl\/ops\/wp-content\/uploads\/2017\/09\/logotyp-EFS-slaskie.png 850w, https:\/\/ops.radlin.pl\/ops\/wp-content\/uploads\/2017\/09\/logotyp-EFS-slaskie-300x71.png 300w, https:\/\/ops.radlin.pl\/ops\/wp-content\/uploads\/2017\/09\/logotyp-EFS-slaskie-768x181.png 768w\" sizes=\"auto, (max-width: 850px) 100vw, 850px\" \/><\/p>\n<p style=\"text-align: left;\"><strong>Ponadto:<\/strong><\/p>\n<ul>\n<li>w 2011 roku otrzyma\u0142 certyfikat jako\u015bci Centrum Aktywno\u015bci Lokalnej wytyczaj\u0105c tym samym nowe standardy pracy na rzecz \u015brodowiska lokalnego,<\/li>\n<li>w latach 2008-2015 realizowa\u0142 projekt systemowy &#8222;Nowe Horyzonty Aktywna integracja spo\u0142eczno\u015bci Radlina&#8221; wsp\u00f3\u0142finansowany ze \u017ar\u00f3de\u0142 Europejskiego Funduszu Spo\u0142ecznego w ramach Programu Operacyjnego Kapita\u0142 Ludzki,<\/li>\n<li>bra\u0142 udzia\u0142 w powiatowej kampanii na rzecz walki z ub\u00f3stwem Razem Przeciw Ub\u00f3stwu,<\/li>\n<li>bra\u0142 udzia\u0142 w kampanii \u201eDzieci\u0144stwo bez przemocy&#8221;,<\/li>\n<li>przy\u0142\u0105czy\u0142 si\u0119 do kampanii \u201eZ\u0142y dotyk&#8221;.<\/li>\n<\/ul>\n","protected":false},"excerpt":{"rendered":"<p>O\u015brodek Pomocy Spo\u0142ecznej w Radlinie zosta\u0142 utworzony na mocy uchwa\u0142y Nr I\/9\/97 Rady Miejskiej Radlina z dnia 22 marca 1997 roku. Prac\u0105 O\u015brodka zarz\u0105dza Dyrektor &#8211; Beata Lasok. Podstawowym celem O\u015brodka jest wspieranie os\u00f3b i rodzin w wysi\u0142kach zmierzaj\u0105cych do zaspokojenia niezb\u0119dnych potrzeb i umo\u017cliwienie im \u017cycia w warunkach odpowiadaj\u0105cych godno\u015bci cz\u0142owieka. O\u015brodek realizuje zadania&hellip; <a class=\"continue\" href=\"https:\/\/ops.radlin.pl\/ops\/o-nas\/\"><strong>Czytaj wi\u0119cej:<\/strong><span> Informacje o O\u015brodku<\/span><\/a><\/p>\n","protected":false},"author":1,"featured_media":0,"parent":0,"menu_order":0,"comment_status":"closed","ping_status":"closed","template":"","meta":{"footnotes":""},"class_list":["post-914","page","type-page","status-publish","czr-hentry"],"aioseo_notices":[],"_links":{"self":[{"href":"https:\/\/ops.radlin.pl\/ops\/wp-json\/wp\/v2\/pages\/914","targetHints":{"allow":["GET"]}}],"collection":[{"href":"https:\/\/ops.radlin.pl\/ops\/wp-json\/wp\/v2\/pages"}],"about":[{"href":"https:\/\/ops.radlin.pl\/ops\/wp-json\/wp\/v2\/types\/page"}],"author":[{"embeddable":true,"href":"https:\/\/ops.radlin.pl\/ops\/wp-json\/wp\/v2\/users\/1"}],"replies":[{"embeddable":true,"href":"https:\/\/ops.radlin.pl\/ops\/wp-json\/wp\/v2\/comments?post=914"}],"version-history":[{"count":20,"href":"https:\/\/ops.radlin.pl\/ops\/wp-json\/wp\/v2\/pages\/914\/revisions"}],"predecessor-version":[{"id":6804,"href":"https:\/\/ops.radlin.pl\/ops\/wp-json\/wp\/v2\/pages\/914\/revisions\/6804"}],"wp:attachment":[{"href":"https:\/\/ops.radlin.pl\/ops\/wp-json\/wp\/v2\/media?parent=914"}],"curies":[{"name":"wp","href":"https:\/\/api.w.org\/{rel}","templated":true}]}}

Informacje o Ośrodku

<p style="text-align: left;"><img loading="lazy" decoding="async" id="longdesc-return-1171" class="aligncenter size-full wp-image-1171" tabindex="-1" src="http://ops.radlin.pl/ops/wp-content/uploads/2017/06/logo_850x250.png" alt="" width="850" height="250" longdesc="http://ops.radlin.pl/ops?longdesc=1171&amp;referrer=1287" srcset="https://ops.radlin.pl/ops/wp-content/uploads/2017/06/logo_850x250.png 850w, https://ops.radlin.pl/ops/wp-content/uploads/2017/06/logo_850x250-300x88.png 300w, https://ops.radlin.pl/ops/wp-content/uploads/2017/06/logo_850x250-768x226.png 768w" sizes="auto, (max-width: 850px) 100vw, 850px" /></p>
<p style="text-align: left;">Ośrodek Pomocy Społecznej w Radlinie został utworzony na mocy uchwały Nr I/9/97 Rady Miejskiej Radlina z dnia 22 marca 1997 roku.</p>
<p style="text-align: left;">Pracą Ośrodka zarządza Dyrektor &#8211; <strong>Beata Lasok</strong>.</p>
<p style="text-align: left;">Podstawowym celem Ośrodka jest wspieranie osób i rodzin w wysiłkach zmierzających do zaspokojenia niezbędnych potrzeb i umożliwienie im życia w warunkach odpowiadających godności człowieka.</p>
<p style="text-align: left;"><strong>Ośrodek realizuje zadania wynikające z:</strong></p>
<ul>
<li>ustawy o pomocy społecznej,</li>
<li>ustawy o wspieraniu rodziny i systemie pieczy zastępczej,</li>
<li>ustawy o przeciwdziałaniu przemocy w rodzinie,</li>
<li>ustawy o wspieraniu kobiet w ciąży i rodzin „Za życiem”,</li>
<li>ustawy o świadczeniach rodzinnych,</li>
<li>ustawy o ustaleniu i wypłacie zasiłków dla opiekunów,</li>
<li>ustawy o pomocy państwa w wychowywaniu dzieci,</li>
<li>ustawy o pomocy osobom uprawnionym do alimentów.</li>
</ul>
<p style="text-align: left;"><strong>Ośrodek Pomocy Społecznej w Radlinie:</strong></p>
<ul>
<li>regularnie bierze udział w Programie Operacyjnym Pomoc Żywnościowa 2014-2020 współfinansowanym z Europejskiego Funduszu Pomocy Najbardziej Potrzebującym,</li>
</ul>
<p style="text-align: left;"><img loading="lazy" decoding="async" id="longdesc-return-1595" class="aligncenter size-full wp-image-1595" tabindex="-1" src="http://ops.radlin.pl/ops/wp-content/uploads/2017/07/popz.png" alt="" width="850" height="200" longdesc="http://ops.radlin.pl/ops?longdesc=1595&amp;referrer=1594" srcset="https://ops.radlin.pl/ops/wp-content/uploads/2017/07/popz.png 850w, https://ops.radlin.pl/ops/wp-content/uploads/2017/07/popz-300x71.png 300w, https://ops.radlin.pl/ops/wp-content/uploads/2017/07/popz-768x181.png 768w" sizes="auto, (max-width: 850px) 100vw, 850px" /></p>
<ul>
<li>jest członkiem Ogólnopolskiego Forum Organizatorów Społeczności Lokalnej i posiada swojego reprezentanta w Zarządzie,</li>
</ul>
<p style="text-align: left;"><img loading="lazy" decoding="async" id="longdesc-return-2020" class="aligncenter size-full wp-image-2020" tabindex="-1" src="http://ops.radlin.pl/ops/wp-content/uploads/2017/05/ofosl.png" alt="" width="850" height="250" longdesc="http://ops.radlin.pl/ops?longdesc=2020&amp;referrer=914" srcset="https://ops.radlin.pl/ops/wp-content/uploads/2017/05/ofosl.png 850w, https://ops.radlin.pl/ops/wp-content/uploads/2017/05/ofosl-300x88.png 300w, https://ops.radlin.pl/ops/wp-content/uploads/2017/05/ofosl-768x226.png 768w" sizes="auto, (max-width: 850px) 100vw, 850px" /></p>
<ul>
<li>jest członkiem Ogólnopolskiego Porozumienia Osób i Instytucji Pomagających Ofiarom Przemocy Niebieska Linia,</li>
</ul>
<p style="text-align: left;"><img loading="lazy" decoding="async" id="longdesc-return-467" class="aligncenter size-full wp-image-467" tabindex="-1" src="http://ops.radlin.pl/ops/wp-content/uploads/2017/01/niebiskalinia.png" alt="" width="850" height="250" longdesc="http://ops.radlin.pl/ops?longdesc=467&amp;referrer=326" srcset="https://ops.radlin.pl/ops/wp-content/uploads/2017/01/niebiskalinia.png 850w, https://ops.radlin.pl/ops/wp-content/uploads/2017/01/niebiskalinia-300x88.png 300w, https://ops.radlin.pl/ops/wp-content/uploads/2017/01/niebiskalinia-768x226.png 768w" sizes="auto, (max-width: 850px) 100vw, 850px" /></p>
<ul>
<li>od stycznia 2016 r. realizuje projekt partnerski &#8222;Lepsze Jutro&#8221; współfinansowany ze źródeł Europejskiego Funduszu Społecznego.</li>
</ul>
<p style="text-align: left;"><img loading="lazy" decoding="async" id="longdesc-return-1795" class="aligncenter size-full wp-image-1795" tabindex="-1" src="http://ops.radlin.pl/ops/wp-content/uploads/2017/09/logotyp-EFS-slaskie.png" alt="" width="850" height="200" longdesc="http://ops.radlin.pl/ops?longdesc=1795&amp;referrer=1846" srcset="https://ops.radlin.pl/ops/wp-content/uploads/2017/09/logotyp-EFS-slaskie.png 850w, https://ops.radlin.pl/ops/wp-content/uploads/2017/09/logotyp-EFS-slaskie-300x71.png 300w, https://ops.radlin.pl/ops/wp-content/uploads/2017/09/logotyp-EFS-slaskie-768x181.png 768w" sizes="auto, (max-width: 850px) 100vw, 850px" /></p>
<p style="text-align: left;"><strong>Ponadto:</strong></p>
<ul>
<li>w 2011 roku otrzymał certyfikat jakości Centrum Aktywności Lokalnej wytyczając tym samym nowe standardy pracy na rzecz środowiska lokalnego,</li>
<li>w latach 2008-2015 realizował projekt systemowy &#8222;Nowe Horyzonty Aktywna integracja społeczności Radlina&#8221; współfinansowany ze źródeł Europejskiego Funduszu Społecznego w ramach Programu Operacyjnego Kapitał Ludzki,</li>
<li>brał udział w powiatowej kampanii na rzecz walki z ubóstwem Razem Przeciw Ubóstwu,</li>
<li>brał udział w kampanii „Dzieciństwo bez przemocy&#8221;,</li>
<li>przyłączył się do kampanii „Zły dotyk&#8221;.</li>
</ul>

<p>Ośrodek Pomocy Społecznej w Radlinie został utworzony na mocy uchwały Nr I/9/97 Rady Miejskiej Radlina z dnia 22 marca 1997 roku. Pracą Ośrodka zarządza Dyrektor &#8211; Beata Lasok. Podstawowym celem Ośrodka jest wspieranie osób i rodzin w wysiłkach zmierzających do zaspokojenia niezbędnych potrzeb i umożliwienie im życia w warunkach odpowiadających godności człowieka. Ośrodek realizuje zadania&hellip; <a class="continue" href="https://ops.radlin.pl/ops/o-nas/"><strong>Czytaj więcej:</strong><span> Informacje o Ośrodku</span></a></p>
