{"id":921,"date":"2017-05-31T10:01:29","date_gmt":"2017-05-31T08:01:29","guid":{"rendered":"http:\/\/ops.radlin.pl\/ops\/?page_id=921"},"modified":"2017-09-14T14:59:55","modified_gmt":"2017-09-14T12:59:55","slug":"galeria","status":"publish","type":"page","link":"https:\/\/ops.radlin.pl\/ops\/galeria\/","title":{"rendered":"Galeria zdj\u0119\u0107"},"content":{"rendered":"<p style=\"text-align: left;\">\n<table id=\"tablepress-23\" class=\"tablepress tablepress-id-23\">\n<thead>\n<tr class=\"row-1\">\n\t<td class=\"column-1\"><\/td><th class=\"column-2\">Kategoria<\/th><th class=\"column-3\">Opis galerii<\/th>\n<\/tr>\n<\/thead>\n<tbody class=\"row-striping row-hover\">\n<tr class=\"row-2\">\n\t<td class=\"column-1\"><a href=\"http:\/\/ops.radlin.pl\/ops\/galeria09\/\"><img loading=\"lazy\" decoding=\"async\" src=\"http:\/\/ops.radlin.pl\/ops\/wp-content\/uploads\/2019\/12\/DW2019mini.jpg\" alt=\"\" width=\"250\" height=\"140\" class=\"aligncenter size-full wp-image-4125\" \/><\/a><\/td><td class=\"column-2\">Rewitalizacja g\u00f3rniczego osiedla Emma w Radlinie \u2013 dzia\u0142ania integracyjne, aktywizacja spo\u0142eczna, kulturalna i zawodowa<\/td><td class=\"column-3\"><strong>Data:<\/strong><br \/>\n10.12.2019 r.<br \/>\n<strong>Opis:<\/strong><br \/>\nXIII Radli\u0144ski Dzie\u0144 Wolontariusza<\/td>\n<\/tr>\n<tr class=\"row-3\">\n\t<td class=\"column-1\"><a href=\"http:\/\/ops.radlin.pl\/ops\/galeria08\/\"><img loading=\"lazy\" decoding=\"async\" src=\"http:\/\/ops.radlin.pl\/ops\/wp-content\/uploads\/2019\/07\/gal08.jpg\" alt=\"\" width=\"250\" height=\"140\" class=\"aligncenter size-full wp-image-3881\" \/><\/a><\/td><td class=\"column-2\">Rewitalizacja g\u00f3rniczego osiedla Emma w Radlinie \u2013 dzia\u0142ania integracyjne, aktywizacja spo\u0142eczna, kulturalna i zawodowa<\/td><td class=\"column-3\"><strong>Data:<\/strong><br \/>\n24.07.2019 r.<br \/>\n<strong>Opis:<\/strong><br \/>\nDzie\u0144 Pszcz\u00f3\u0142ki Mai na Marcelu<\/td>\n<\/tr>\n<tr class=\"row-4\">\n\t<td class=\"column-1\"><a href=\"http:\/\/ops.radlin.pl\/ops\/galeria06\/\"><img loading=\"lazy\" decoding=\"async\" src=\"http:\/\/ops.radlin.pl\/ops\/wp-content\/uploads\/2018\/12\/jarmark-mini.jpg\" alt=\"2018-12-11 Jarmark we Wroc\u0142awiu\" width=\"250\" height=\"140\" class=\"aligncenter size-full wp-image-3340\" \/><\/a><\/td><td class=\"column-2\">Rewitalizacja g\u00f3rniczego osiedla Emma w Radlinie \u2013 dzia\u0142ania integracyjne, aktywizacja spo\u0142eczna, kulturalna i zawodowa<\/td><td class=\"column-3\"><strong>Data:<\/strong><br \/>\n11.12.2018 r.<br \/>\n<strong>Opis:<\/strong><br \/>\nJarmark Bo\u017conarodzeniowy we Wroc\u0142awiu<\/td>\n<\/tr>\n<tr class=\"row-5\">\n\t<td class=\"column-1\"><a href=\"http:\/\/ops.radlin.pl\/ops\/galeria07\/\"><img loading=\"lazy\" decoding=\"async\" src=\"http:\/\/ops.radlin.pl\/ops\/wp-content\/uploads\/2018\/12\/DW2018-mini.jpg\" alt=\"2018-12-07 XII Dzie\u0144 Wolontariusza\" width=\"250\" height=\"140\" class=\"aligncenter size-full wp-image-3381\" \/><\/a><\/td><td class=\"column-2\">Rewitalizacja g\u00f3rniczego osiedla Emma w Radlinie \u2013 dzia\u0142ania integracyjne, aktywizacja spo\u0142eczna, kulturalna i zawodowa<\/td><td class=\"column-3\"><strong>Data:<\/strong><br \/>\n07.12.2018 r.<br \/>\n<strong>Opis:<\/strong><br \/>\nXII Radli\u0144ski Dzie\u0144 Wolontariusza<\/td>\n<\/tr>\n<tr class=\"row-6\">\n\t<td class=\"column-1\"><a href=\"http:\/\/ops.radlin.pl\/ops\/galeria05\/\"><a href=\"http:\/\/ops.radlin.pl\/ops\/galeria05\/\"><img loading=\"lazy\" decoding=\"async\" src=\"http:\/\/ops.radlin.pl\/ops\/wp-content\/uploads\/2018\/10\/2018-10-09-Festyn_ico.jpg\" alt=\"2018-10-09 Festyn Integracyjno-Kulturalno-Edukacyjny na Marcelu\" width=\"250\" height=\"140\" class=\"aligncenter size-full wp-image-3215\" \/><\/a><\/td><td class=\"column-2\">Rewitalizacja g\u00f3rniczego osiedla Emma w Radlinie \u2013 dzia\u0142ania integracyjne, aktywizacja spo\u0142eczna, kulturalna i zawodowa<\/td><td class=\"column-3\"><strong>Data:<\/strong><br \/>\n09.10.2018 r.<br \/>\n<strong>Opis:<\/strong><br \/>\nFestyn Integracyjno-Kulturalno-Edukacyjny na Marcelu<\/td>\n<\/tr>\n<tr class=\"row-7\">\n\t<td class=\"column-1\"><a href=\"http:\/\/ops.radlin.pl\/ops\/galeria04\/\"><img loading=\"lazy\" decoding=\"async\" src=\"http:\/\/ops.radlin.pl\/ops\/wp-content\/uploads\/2017\/12\/2017-12-04-ico-dw.png\" alt=\"\" width=\"250\" height=\"140\" class=\"aligncenter size-full wp-image-2778\" \/><\/a><\/td><td class=\"column-2\">Lepsze Jutro 2017<\/td><td class=\"column-3\"><strong>Data:<\/strong><br \/>\n04.12.2017 r.<br \/>\n<strong>Opis:<\/strong><br \/>\nDzie\u0144 Wolontariusza<\/td>\n<\/tr>\n<tr class=\"row-8\">\n\t<td class=\"column-1\"><a href=\"http:\/\/ops.radlin.pl\/ops\/galeria01\"><img loading=\"lazy\" decoding=\"async\" src=\"http:\/\/ops.radlin.pl\/ops\/wp-content\/uploads\/2017\/09\/2017-07-29-ico-festyn.jpg\" alt=\"\" width=\"250\" height=\"140\" class=\"aligncenter size-full wp-image-1880\" \/><\/a><\/td><td class=\"column-2\">Lepsze Jutro 2017<\/td><td class=\"column-3\"><strong>Data:<\/strong><br \/>\n29.07.2017 r.<br \/>\n<strong>Opis:<\/strong><br \/>\nFestyn integracyjno-kulturalno-edukacyjny na Marcelu<\/td>\n<\/tr>\n<tr class=\"row-9\">\n\t<td class=\"column-1\"><a href=\"http:\/\/ops.radlin.pl\/ops\/galeria02\"><img loading=\"lazy\" decoding=\"async\" src=\"http:\/\/ops.radlin.pl\/ops\/wp-content\/uploads\/2017\/09\/2016-12-05-ico-dz-wol.jpg\" alt=\"\" width=\"250\" height=\"140\" class=\"aligncenter size-full wp-image-2055\" \/><\/a><\/td><td class=\"column-2\">Lepsze Jutro 2016<\/td><td class=\"column-3\"><strong>Data:<\/strong><br \/>\n05.12.2016 r.<br \/>\n<strong>Opis:<\/strong><br \/>\nDzie\u0144 Wolontariusza<\/td>\n<\/tr>\n<tr class=\"row-10\">\n\t<td class=\"column-1\"><a href=\"http:\/\/ops.radlin.pl\/ops\/galeria03\"><img loading=\"lazy\" decoding=\"async\" src=\"http:\/\/ops.radlin.pl\/ops\/wp-content\/uploads\/2017\/09\/2016-07-30-ico-festyn.jpg\" alt=\"\" width=\"250\" height=\"140\" class=\"aligncenter size-full wp-image-2130\" \/><\/a><\/td><td class=\"column-2\">Lepsze Jutro 2016<\/td><td class=\"column-3\"><strong>Data:<\/strong><br \/>\n30.07.2016 r.<br \/>\n<strong>Opis:<\/strong><br \/>\nFestyn integracyjno-kulturalno-edukacyjny na Marcelu<\/td>\n<\/tr>\n<\/tbody>\n<tfoot>\n<tr class=\"row-11\">\n\t<td class=\"column-1\"><\/td><td class=\"column-2\"><\/td><td class=\"column-3\"><\/td>\n<\/tr>\n<\/tfoot>\n<\/table>\n<!-- #tablepress-23 from cache -->\n","protected":false},"excerpt":{"rendered":"","protected":false},"author":1,"featured_media":0,"parent":0,"menu_order":0,"comment_status":"closed","ping_status":"closed","template":"","meta":{"footnotes":""},"class_list":["post-921","page","type-page","status-publish","czr-hentry"],"aioseo_notices":[],"_links":{"self":[{"href":"https:\/\/ops.radlin.pl\/ops\/wp-json\/wp\/v2\/pages\/921","targetHints":{"allow":["GET"]}}],"collection":[{"href":"https:\/\/ops.radlin.pl\/ops\/wp-json\/wp\/v2\/pages"}],"about":[{"href":"https:\/\/ops.radlin.pl\/ops\/wp-json\/wp\/v2\/types\/page"}],"author":[{"embeddable":true,"href":"https:\/\/ops.radlin.pl\/ops\/wp-json\/wp\/v2\/users\/1"}],"replies":[{"embeddable":true,"href":"https:\/\/ops.radlin.pl\/ops\/wp-json\/wp\/v2\/comments?post=921"}],"version-history":[{"count":30,"href":"https:\/\/ops.radlin.pl\/ops\/wp-json\/wp\/v2\/pages\/921\/revisions"}],"predecessor-version":[{"id":1961,"href":"https:\/\/ops.radlin.pl\/ops\/wp-json\/wp\/v2\/pages\/921\/revisions\/1961"}],"wp:attachment":[{"href":"https:\/\/ops.radlin.pl\/ops\/wp-json\/wp\/v2\/media?parent=921"}],"curies":[{"name":"wp","href":"https:\/\/api.w.org\/{rel}","templated":true}]}}