{"id":957,"date":"2017-05-31T14:07:30","date_gmt":"2017-05-31T12:07:30","guid":{"rendered":"http:\/\/ops.radlin.pl\/ops\/?page_id=957"},"modified":"2017-06-05T14:52:23","modified_gmt":"2017-06-05T12:52:23","slug":"pomoc-na-ekonomiczne-usamodzielnienie","status":"publish","type":"page","link":"https:\/\/ops.radlin.pl\/ops\/pomoc-na-ekonomiczne-usamodzielnienie\/","title":{"rendered":"Pomoc na ekonomiczne usamodzielnienie"},"content":{"rendered":"<p>\u015awiadczenie fakultatywne, przys\u0142uguj\u0105ce na mocy art. 43 ustawy o pomocy spo\u0142ecznej \u2013 mo\u017ce by\u0107 przyznawane:<\/p>\n<ul>\n<li>w formie pieni\u0119\u017cnej \u2013 w formie jednorazowego zasi\u0142ku celowego lub nieoprocentowanej po\u017cyczki. Po\u017cyczka mo\u017ce by\u0107 umorzona w ca\u0142o\u015bci lub w cz\u0119\u015bci, je\u017celi przyczyni si\u0119 do szybszego osi\u0105gni\u0119cia cel\u00f3w pomocy spo\u0142ecznej;<\/li>\n<li>w formie rzeczowej &#8211; polega na udost\u0119pnieniu maszyn i narz\u0119dzi pracy stwarzaj\u0105cych mo\u017cliwo\u015b\u0107 zorganizowania w\u0142asnego warsztatu pracy oraz urz\u0105dze\u0144 u\u0142atwiaj\u0105cych niepe\u0142nosprawnym prac\u0119. Przedmioty te i urz\u0105dzenia s\u0105 udost\u0119pniane na podstawie umowy u\u017cyczenia.<\/li>\n<\/ul>\n<p>Rada gminy, w drodze uchwa\u0142y, okre\u015bla wysoko\u015b\u0107 oraz szczeg\u00f3\u0142owe warunki i tryb przyznawania i zwrotu zasi\u0142ku celowego na ekonomiczne usamodzielnienie.<\/p>\n","protected":false},"excerpt":{"rendered":"<p>\u015awiadczenie fakultatywne, przys\u0142uguj\u0105ce na mocy art. 43 ustawy o pomocy spo\u0142ecznej \u2013 mo\u017ce by\u0107 przyznawane: w formie pieni\u0119\u017cnej \u2013 w formie jednorazowego zasi\u0142ku celowego lub nieoprocentowanej po\u017cyczki. Po\u017cyczka mo\u017ce by\u0107 umorzona w ca\u0142o\u015bci lub w cz\u0119\u015bci, je\u017celi przyczyni si\u0119 do szybszego osi\u0105gni\u0119cia cel\u00f3w pomocy spo\u0142ecznej; w formie rzeczowej &#8211; polega na udost\u0119pnieniu maszyn i narz\u0119dzi&hellip; <a class=\"continue\" href=\"https:\/\/ops.radlin.pl\/ops\/pomoc-na-ekonomiczne-usamodzielnienie\/\"><strong>Czytaj wi\u0119cej:<\/strong><span> Pomoc na ekonomiczne usamodzielnienie<\/span><\/a><\/p>\n","protected":false},"author":1,"featured_media":0,"parent":0,"menu_order":0,"comment_status":"closed","ping_status":"closed","template":"","meta":{"footnotes":""},"class_list":["post-957","page","type-page","status-publish","czr-hentry"],"aioseo_notices":[],"_links":{"self":[{"href":"https:\/\/ops.radlin.pl\/ops\/wp-json\/wp\/v2\/pages\/957","targetHints":{"allow":["GET"]}}],"collection":[{"href":"https:\/\/ops.radlin.pl\/ops\/wp-json\/wp\/v2\/pages"}],"about":[{"href":"https:\/\/ops.radlin.pl\/ops\/wp-json\/wp\/v2\/types\/page"}],"author":[{"embeddable":true,"href":"https:\/\/ops.radlin.pl\/ops\/wp-json\/wp\/v2\/users\/1"}],"replies":[{"embeddable":true,"href":"https:\/\/ops.radlin.pl\/ops\/wp-json\/wp\/v2\/comments?post=957"}],"version-history":[{"count":2,"href":"https:\/\/ops.radlin.pl\/ops\/wp-json\/wp\/v2\/pages\/957\/revisions"}],"predecessor-version":[{"id":1408,"href":"https:\/\/ops.radlin.pl\/ops\/wp-json\/wp\/v2\/pages\/957\/revisions\/1408"}],"wp:attachment":[{"href":"https:\/\/ops.radlin.pl\/ops\/wp-json\/wp\/v2\/media?parent=957"}],"curies":[{"name":"wp","href":"https:\/\/api.w.org\/{rel}","templated":true}]}}

<p>Świadczenie fakultatywne, przysługujące na mocy art. 43 ustawy o pomocy społecznej – może być przyznawane:</p>
<ul>
<li>w formie pieniężnej – w formie jednorazowego zasiłku celowego lub nieoprocentowanej pożyczki. Pożyczka może być umorzona w całości lub w części, jeżeli przyczyni się do szybszego osiągnięcia celów pomocy społecznej;</li>
<li>w formie rzeczowej &#8211; polega na udostępnieniu maszyn i narzędzi pracy stwarzających możliwość zorganizowania własnego warsztatu pracy oraz urządzeń ułatwiających niepełnosprawnym pracę. Przedmioty te i urządzenia są udostępniane na podstawie umowy użyczenia.</li>
</ul>
<p>Rada gminy, w drodze uchwały, określa wysokość oraz szczegółowe warunki i tryb przyznawania i zwrotu zasiłku celowego na ekonomiczne usamodzielnienie.</p>

<p>Świadczenie fakultatywne, przysługujące na mocy art. 43 ustawy o pomocy społecznej – może być przyznawane: w formie pieniężnej – w formie jednorazowego zasiłku celowego lub nieoprocentowanej pożyczki. Pożyczka może być umorzona w całości lub w części, jeżeli przyczyni się do szybszego osiągnięcia celów pomocy społecznej; w formie rzeczowej &#8211; polega na udostępnieniu maszyn i narzędzi&hellip; <a class="continue" href="https://ops.radlin.pl/ops/pomoc-na-ekonomiczne-usamodzielnienie/"><strong>Czytaj więcej:</strong><span> Pomoc na ekonomiczne usamodzielnienie</span></a></p>
